{"id":9927,"date":"2019-09-27T12:21:03","date_gmt":"2019-09-27T10:21:03","guid":{"rendered":"https:\/\/www.rgequip.com\/?post_type=product&#038;p=9927"},"modified":"2019-10-17T16:16:58","modified_gmt":"2019-10-17T14:16:58","slug":"destructeur-dinsectes-etanche-2","status":"publish","type":"product","link":"https:\/\/www.rgequip.com\/?product=destructeur-dinsectes-etanche-2","title":{"rendered":"DESTRUCTEUR D\u00b4INSECTES \u00c9TANCHE"},"content":{"rendered":"<p>En ABS plastique ignifuge pour une haute s\u00e9curit\u00e9.<br \/>\n\u00c9lectrocute des insectes \u00e0 2000 V.<br \/>\nDe m\u00eame, gr\u00e2ce \u00e0 son\u00a0 \u00c9tanch\u00e9it\u00e9 IPX4, s&#8217;utilis\u00e9 \u00e0 l&#8217;int\u00e9rieur comme \u00e0 l&#8217;ext\u00e9rieur.<br \/>\nBac de r\u00e9cup\u00e9ration amovible, se nettoie facilement.<br \/>\nMontage avec cha\u00eene<\/p>\n","protected":false},"excerpt":{"rendered":"<p>En ABS plastique ignifuge pour une haute s\u00e9curit\u00e9. \u00c9lectrocute des insectes \u00e0 2000 V. De m\u00eame, gr\u00e2ce \u00e0 son\u00a0 \u00c9tanch\u00e9it\u00e9<\/p>\n","protected":false},"featured_media":11344,"comment_status":"open","ping_status":"closed","template":"","meta":[],"product_brand":[],"product_cat":[392,402,395],"product_tag":[],"class_list":{"0":"post-9927","1":"product","2":"type-product","3":"status-publish","4":"has-post-thumbnail","6":"product_cat-laverie-hygiene","7":"product_cat-destructeur-dinsectes","8":"product_cat-hygiene","10":"first","11":"instock","12":"shipping-taxable","13":"product-type-simple"},"_links":{"self":[{"href":"https:\/\/www.rgequip.com\/index.php?rest_route=\/wp\/v2\/product\/9927","targetHints":{"allow":["GET"]}}],"collection":[{"href":"https:\/\/www.rgequip.com\/index.php?rest_route=\/wp\/v2\/product"}],"about":[{"href":"https:\/\/www.rgequip.com\/index.php?rest_route=\/wp\/v2\/types\/product"}],"replies":[{"embeddable":true,"href":"https:\/\/www.rgequip.com\/index.php?rest_route=%2Fwp%2Fv2%2Fcomments&post=9927"}],"version-history":[{"count":1,"href":"https:\/\/www.rgequip.com\/index.php?rest_route=\/wp\/v2\/product\/9927\/revisions"}],"predecessor-version":[{"id":9935,"href":"https:\/\/www.rgequip.com\/index.php?rest_route=\/wp\/v2\/product\/9927\/revisions\/9935"}],"wp:featuredmedia":[{"embeddable":true,"href":"https:\/\/www.rgequip.com\/index.php?rest_route=\/wp\/v2\/media\/11344"}],"wp:attachment":[{"href":"https:\/\/www.rgequip.com\/index.php?rest_route=%2Fwp%2Fv2%2Fmedia&parent=9927"}],"wp:term":[{"taxonomy":"product_brand","embeddable":true,"href":"https:\/\/www.rgequip.com\/index.php?rest_route=%2Fwp%2Fv2%2Fproduct_brand&post=9927"},{"taxonomy":"product_cat","embeddable":true,"href":"https:\/\/www.rgequip.com\/index.php?rest_route=%2Fwp%2Fv2%2Fproduct_cat&post=9927"},{"taxonomy":"product_tag","embeddable":true,"href":"https:\/\/www.rgequip.com\/index.php?rest_route=%2Fwp%2Fv2%2Fproduct_tag&post=9927"}],"curies":[{"name":"wp","href":"https:\/\/api.w.org\/{rel}","templated":true}]}}