{"id":9904,"date":"2019-09-27T12:01:33","date_gmt":"2019-09-27T10:01:33","guid":{"rendered":"https:\/\/www.rgequip.com\/?post_type=product&#038;p=9904"},"modified":"2020-09-11T15:02:29","modified_gmt":"2020-09-11T13:02:29","slug":"cuiseur-a-riz","status":"publish","type":"product","link":"https:\/\/www.rgequip.com\/?product=cuiseur-a-riz","title":{"rendered":"CUISEUR \u00c0 RIZ"},"content":{"rendered":"<p>Convient pour la pr\u00e9paration de 30 portions de riz (1 portion = 180 ml)<br \/>\nCuit le riz et le garde automatiquement au chaud<br \/>\nLivr\u00e9 avec mesure, cuill\u00e8re \u00e0 riz et tapis en silicone antiadh\u00e9sive<br \/>\nDes parois\u00a0 chauff\u00e9s pour un maintien de la temp\u00e9rature optimale.<\/p>\n","protected":false},"excerpt":{"rendered":"<p>Convient pour la pr\u00e9paration de 30 portions de riz (1 portion = 180 ml) Cuit le riz et le garde<\/p>\n","protected":false},"featured_media":9908,"comment_status":"open","ping_status":"closed","template":"","meta":[],"product_brand":[],"product_cat":[226,236,265],"product_tag":[],"class_list":{"0":"post-9904","1":"product","2":"type-product","3":"status-publish","4":"has-post-thumbnail","6":"product_cat-cuisson","7":"product_cat-cuiseurs","8":"product_cat-cuiseurs-a-vapeur","10":"first","11":"instock","12":"shipping-taxable","13":"product-type-simple"},"_links":{"self":[{"href":"https:\/\/www.rgequip.com\/index.php?rest_route=\/wp\/v2\/product\/9904","targetHints":{"allow":["GET"]}}],"collection":[{"href":"https:\/\/www.rgequip.com\/index.php?rest_route=\/wp\/v2\/product"}],"about":[{"href":"https:\/\/www.rgequip.com\/index.php?rest_route=\/wp\/v2\/types\/product"}],"replies":[{"embeddable":true,"href":"https:\/\/www.rgequip.com\/index.php?rest_route=%2Fwp%2Fv2%2Fcomments&post=9904"}],"version-history":[{"count":0,"href":"https:\/\/www.rgequip.com\/index.php?rest_route=\/wp\/v2\/product\/9904\/revisions"}],"wp:featuredmedia":[{"embeddable":true,"href":"https:\/\/www.rgequip.com\/index.php?rest_route=\/wp\/v2\/media\/9908"}],"wp:attachment":[{"href":"https:\/\/www.rgequip.com\/index.php?rest_route=%2Fwp%2Fv2%2Fmedia&parent=9904"}],"wp:term":[{"taxonomy":"product_brand","embeddable":true,"href":"https:\/\/www.rgequip.com\/index.php?rest_route=%2Fwp%2Fv2%2Fproduct_brand&post=9904"},{"taxonomy":"product_cat","embeddable":true,"href":"https:\/\/www.rgequip.com\/index.php?rest_route=%2Fwp%2Fv2%2Fproduct_cat&post=9904"},{"taxonomy":"product_tag","embeddable":true,"href":"https:\/\/www.rgequip.com\/index.php?rest_route=%2Fwp%2Fv2%2Fproduct_tag&post=9904"}],"curies":[{"name":"wp","href":"https:\/\/api.w.org\/{rel}","templated":true}]}}