{"id":9877,"date":"2019-09-27T11:37:00","date_gmt":"2019-09-27T09:37:00","guid":{"rendered":"https:\/\/www.rgequip.com\/?post_type=product&#038;p=9877"},"modified":"2019-09-27T11:37:00","modified_gmt":"2019-09-27T09:37:00","slug":"porte-sac-poubelle-en-acier-inox","status":"publish","type":"product","link":"https:\/\/www.rgequip.com\/?product=porte-sac-poubelle-en-acier-inox","title":{"rendered":"PORTE-SAC POUBELLE EN ACIER INOX"},"content":{"rendered":"<p>Poubelle en acier inoxydable pour sacs \u00e0 d\u00e9chets grands, fermeture ronde, avec couvercle ouvrable par p\u00e9dale.<\/p>\n","protected":false},"excerpt":{"rendered":"<p>Poubelle en acier inoxydable pour sacs \u00e0 d\u00e9chets grands, fermeture ronde, avec couvercle ouvrable par p\u00e9dale.<\/p>\n","protected":false},"featured_media":9879,"comment_status":"open","ping_status":"closed","template":"","meta":[],"product_brand":[],"product_cat":[392,395,405],"product_tag":[],"class_list":{"0":"post-9877","1":"product","2":"type-product","3":"status-publish","4":"has-post-thumbnail","6":"product_cat-laverie-hygiene","7":"product_cat-hygiene","8":"product_cat-poubelles","10":"first","11":"instock","12":"shipping-taxable","13":"product-type-simple"},"_links":{"self":[{"href":"https:\/\/www.rgequip.com\/index.php?rest_route=\/wp\/v2\/product\/9877","targetHints":{"allow":["GET"]}}],"collection":[{"href":"https:\/\/www.rgequip.com\/index.php?rest_route=\/wp\/v2\/product"}],"about":[{"href":"https:\/\/www.rgequip.com\/index.php?rest_route=\/wp\/v2\/types\/product"}],"replies":[{"embeddable":true,"href":"https:\/\/www.rgequip.com\/index.php?rest_route=%2Fwp%2Fv2%2Fcomments&post=9877"}],"version-history":[{"count":0,"href":"https:\/\/www.rgequip.com\/index.php?rest_route=\/wp\/v2\/product\/9877\/revisions"}],"wp:featuredmedia":[{"embeddable":true,"href":"https:\/\/www.rgequip.com\/index.php?rest_route=\/wp\/v2\/media\/9879"}],"wp:attachment":[{"href":"https:\/\/www.rgequip.com\/index.php?rest_route=%2Fwp%2Fv2%2Fmedia&parent=9877"}],"wp:term":[{"taxonomy":"product_brand","embeddable":true,"href":"https:\/\/www.rgequip.com\/index.php?rest_route=%2Fwp%2Fv2%2Fproduct_brand&post=9877"},{"taxonomy":"product_cat","embeddable":true,"href":"https:\/\/www.rgequip.com\/index.php?rest_route=%2Fwp%2Fv2%2Fproduct_cat&post=9877"},{"taxonomy":"product_tag","embeddable":true,"href":"https:\/\/www.rgequip.com\/index.php?rest_route=%2Fwp%2Fv2%2Fproduct_tag&post=9877"}],"curies":[{"name":"wp","href":"https:\/\/api.w.org\/{rel}","templated":true}]}}