{"id":9866,"date":"2019-09-27T11:05:26","date_gmt":"2019-09-27T09:05:26","guid":{"rendered":"https:\/\/www.rgequip.com\/?post_type=product&#038;p=9866"},"modified":"2019-09-27T11:07:59","modified_gmt":"2019-09-27T09:07:59","slug":"crepiere-en-aluminium-antiadhesive-32-cm","status":"publish","type":"product","link":"https:\/\/www.rgequip.com\/?product=crepiere-en-aluminium-antiadhesive-32-cm","title":{"rendered":"Crepi\u00e8re en aluminium antiadhesive 32 cm"},"content":{"rendered":"<ul class=\"a-unordered-list a-vertical a-spacing-none\">\n<li><span class=\"a-list-item\">Grande po\u00eale \u00e0 cr\u00eape diam\u00e8tre 32 cm<\/span><\/li>\n<li><span class=\"a-list-item\">Convient \u00e0 la cuisson sur cuisini\u00e8re : \u00c0 induction, \u00e9lectrique, gaz, vitroc\u00e9ramique et halog\u00e8ne. Va au four jusqu&#8217;\u00e0 180\u00b0C et va au lave-vaisselle. Poids de l&#8217;article : 1160 g<\/span><\/li>\n<li><span class=\"a-list-item\">De m\u00eame,fabriqu\u00e9e \u00e0 partir d&#8217;une robuste plaque en aluminium et compatible avec les plaque induction, base inox permettant une distribution homog\u00e8ne de la chaleur. Rev\u00eatement effet inox antiadh\u00e9sif triple couche RGE Granite 5 \u00c9toiles garanti sans PFOA<\/span><\/li>\n<li><span class=\"a-list-item\">Enfin, notre gamme d&#8217;articles de cuisine RGE Granite est robuste, \u00e9l\u00e9gante et antiadh\u00e9sive, en plus d&#8217;\u00eatre dot\u00e9e de manches ergonomiques en t\u00e9flon. Tous les articles vont au four jusqu&#8217;\u00e0 180 \u00b0C et vont au lave-vaisselle<\/span><\/li>\n<\/ul>\n","protected":false},"excerpt":{"rendered":"<p>Grande po\u00eale \u00e0 cr\u00eape diam\u00e8tre 32 cm Convient \u00e0 la cuisson sur cuisini\u00e8re : \u00c0 induction, \u00e9lectrique, gaz, vitroc\u00e9ramique et<\/p>\n","protected":false},"featured_media":9863,"comment_status":"open","ping_status":"closed","template":"","meta":[],"product_brand":[],"product_cat":[234,257,226],"product_tag":[],"class_list":{"0":"post-9866","1":"product","2":"type-product","3":"status-publish","4":"has-post-thumbnail","6":"product_cat-fun-food","7":"product_cat-crepiere","8":"product_cat-cuisson","10":"first","11":"instock","12":"shipping-taxable","13":"product-type-simple"},"_links":{"self":[{"href":"https:\/\/www.rgequip.com\/index.php?rest_route=\/wp\/v2\/product\/9866","targetHints":{"allow":["GET"]}}],"collection":[{"href":"https:\/\/www.rgequip.com\/index.php?rest_route=\/wp\/v2\/product"}],"about":[{"href":"https:\/\/www.rgequip.com\/index.php?rest_route=\/wp\/v2\/types\/product"}],"replies":[{"embeddable":true,"href":"https:\/\/www.rgequip.com\/index.php?rest_route=%2Fwp%2Fv2%2Fcomments&post=9866"}],"version-history":[{"count":0,"href":"https:\/\/www.rgequip.com\/index.php?rest_route=\/wp\/v2\/product\/9866\/revisions"}],"wp:featuredmedia":[{"embeddable":true,"href":"https:\/\/www.rgequip.com\/index.php?rest_route=\/wp\/v2\/media\/9863"}],"wp:attachment":[{"href":"https:\/\/www.rgequip.com\/index.php?rest_route=%2Fwp%2Fv2%2Fmedia&parent=9866"}],"wp:term":[{"taxonomy":"product_brand","embeddable":true,"href":"https:\/\/www.rgequip.com\/index.php?rest_route=%2Fwp%2Fv2%2Fproduct_brand&post=9866"},{"taxonomy":"product_cat","embeddable":true,"href":"https:\/\/www.rgequip.com\/index.php?rest_route=%2Fwp%2Fv2%2Fproduct_cat&post=9866"},{"taxonomy":"product_tag","embeddable":true,"href":"https:\/\/www.rgequip.com\/index.php?rest_route=%2Fwp%2Fv2%2Fproduct_tag&post=9866"}],"curies":[{"name":"wp","href":"https:\/\/api.w.org\/{rel}","templated":true}]}}