{"id":9825,"date":"2019-09-26T19:16:37","date_gmt":"2019-09-26T17:16:37","guid":{"rendered":"https:\/\/www.rgequip.com\/?post_type=product&#038;p=9825"},"modified":"2019-09-26T19:16:38","modified_gmt":"2019-09-26T17:16:38","slug":"vitrine-chauffees-3-etages","status":"publish","type":"product","link":"https:\/\/www.rgequip.com\/?product=vitrine-chauffees-3-etages","title":{"rendered":"Vitrine Chauff\u00e9es 3 Etages"},"content":{"rendered":"<p>Construction en acier inox. Cot\u00e9s et portes sur les deux facades en plexiglass transparent. Chauffage par r\u00e9sistance bind\u00e9e avec thermostat de r\u00e9glage +30\u00b0 +90\u00b0 C et lampe t\u00e9moin. Interrupteur on\/off. Cable avec prise. Humidificateur.<br \/>\nVitrine chauffant en acier inox &#8211; 3 \u00e9tage<\/p>\n","protected":false},"excerpt":{"rendered":"<p>Construction en acier inox. Cot\u00e9s et portes sur les deux facades en plexiglass transparent. Chauffage par r\u00e9sistance bind\u00e9e avec thermostat<\/p>\n","protected":false},"featured_media":9826,"comment_status":"open","ping_status":"closed","template":"","meta":[],"product_brand":[],"product_cat":[313,311,300,312],"product_tag":[],"class_list":{"0":"post-9825","1":"product","2":"type-product","3":"status-publish","4":"has-post-thumbnail","6":"product_cat-maintien-chaud","7":"product_cat-chauffes-assietes","8":"product_cat-chauffes-assietes-et-plats","9":"product_cat-chauffes-plats","11":"first","12":"instock","13":"shipping-taxable","14":"product-type-simple"},"_links":{"self":[{"href":"https:\/\/www.rgequip.com\/index.php?rest_route=\/wp\/v2\/product\/9825","targetHints":{"allow":["GET"]}}],"collection":[{"href":"https:\/\/www.rgequip.com\/index.php?rest_route=\/wp\/v2\/product"}],"about":[{"href":"https:\/\/www.rgequip.com\/index.php?rest_route=\/wp\/v2\/types\/product"}],"replies":[{"embeddable":true,"href":"https:\/\/www.rgequip.com\/index.php?rest_route=%2Fwp%2Fv2%2Fcomments&post=9825"}],"version-history":[{"count":0,"href":"https:\/\/www.rgequip.com\/index.php?rest_route=\/wp\/v2\/product\/9825\/revisions"}],"wp:featuredmedia":[{"embeddable":true,"href":"https:\/\/www.rgequip.com\/index.php?rest_route=\/wp\/v2\/media\/9826"}],"wp:attachment":[{"href":"https:\/\/www.rgequip.com\/index.php?rest_route=%2Fwp%2Fv2%2Fmedia&parent=9825"}],"wp:term":[{"taxonomy":"product_brand","embeddable":true,"href":"https:\/\/www.rgequip.com\/index.php?rest_route=%2Fwp%2Fv2%2Fproduct_brand&post=9825"},{"taxonomy":"product_cat","embeddable":true,"href":"https:\/\/www.rgequip.com\/index.php?rest_route=%2Fwp%2Fv2%2Fproduct_cat&post=9825"},{"taxonomy":"product_tag","embeddable":true,"href":"https:\/\/www.rgequip.com\/index.php?rest_route=%2Fwp%2Fv2%2Fproduct_tag&post=9825"}],"curies":[{"name":"wp","href":"https:\/\/api.w.org\/{rel}","templated":true}]}}