{"id":9738,"date":"2019-09-26T16:01:00","date_gmt":"2019-09-26T14:01:00","guid":{"rendered":"https:\/\/www.rgequip.com\/?post_type=product&#038;p=9738"},"modified":"2019-09-26T16:01:01","modified_gmt":"2019-09-26T14:01:01","slug":"plonge-1-cuve-avec-egouttoir","status":"publish","type":"product","link":"https:\/\/www.rgequip.com\/?product=plonge-1-cuve-avec-egouttoir","title":{"rendered":"Plonge 1 Cuve Avec \u00c9gouttoir"},"content":{"rendered":"<p>Plonge en acier\u00a0inoxydable avec 1 cuve \u00e0 gauche\u00a0et une surface de\u00a0rangement \u00e0\u00a0gauche avec rebord relev\u00e9 et \u00e9tag\u00e8re en bas.<\/p>\n<p>Capacit\u00e9 de charge tr\u00e8s \u00e9lev\u00e9e, armatures montables s\u00e9par\u00e9ment.<\/p>\n<p>Les pieds carr\u00e9s r\u00e9glables en hauteur sont en inox.\u00a0Plan de travail en acier inoxydable double paroi.<\/p>\n<p>Fabrication conforme aux normes d&#8217;hygi\u00e8ne et de s\u00e9curit\u00e9 (CE).<\/p>\n","protected":false},"excerpt":{"rendered":"<p>Plonge en acier\u00a0inoxydable avec 1 cuve \u00e0 gauche\u00a0et une surface de\u00a0rangement \u00e0\u00a0gauche avec rebord relev\u00e9 et \u00e9tag\u00e8re en bas. Capacit\u00e9<\/p>\n","protected":false},"featured_media":9740,"comment_status":"open","ping_status":"closed","template":"","meta":[],"product_brand":[],"product_cat":[392,400,393,394],"product_tag":[],"class_list":{"0":"post-9738","1":"product","2":"type-product","3":"status-publish","4":"has-post-thumbnail","6":"product_cat-laverie-hygiene","7":"product_cat-avec-egouttoir","8":"product_cat-lavage","9":"product_cat-plonge","11":"first","12":"instock","13":"shipping-taxable","14":"product-type-simple"},"_links":{"self":[{"href":"https:\/\/www.rgequip.com\/index.php?rest_route=\/wp\/v2\/product\/9738","targetHints":{"allow":["GET"]}}],"collection":[{"href":"https:\/\/www.rgequip.com\/index.php?rest_route=\/wp\/v2\/product"}],"about":[{"href":"https:\/\/www.rgequip.com\/index.php?rest_route=\/wp\/v2\/types\/product"}],"replies":[{"embeddable":true,"href":"https:\/\/www.rgequip.com\/index.php?rest_route=%2Fwp%2Fv2%2Fcomments&post=9738"}],"version-history":[{"count":0,"href":"https:\/\/www.rgequip.com\/index.php?rest_route=\/wp\/v2\/product\/9738\/revisions"}],"wp:featuredmedia":[{"embeddable":true,"href":"https:\/\/www.rgequip.com\/index.php?rest_route=\/wp\/v2\/media\/9740"}],"wp:attachment":[{"href":"https:\/\/www.rgequip.com\/index.php?rest_route=%2Fwp%2Fv2%2Fmedia&parent=9738"}],"wp:term":[{"taxonomy":"product_brand","embeddable":true,"href":"https:\/\/www.rgequip.com\/index.php?rest_route=%2Fwp%2Fv2%2Fproduct_brand&post=9738"},{"taxonomy":"product_cat","embeddable":true,"href":"https:\/\/www.rgequip.com\/index.php?rest_route=%2Fwp%2Fv2%2Fproduct_cat&post=9738"},{"taxonomy":"product_tag","embeddable":true,"href":"https:\/\/www.rgequip.com\/index.php?rest_route=%2Fwp%2Fv2%2Fproduct_tag&post=9738"}],"curies":[{"name":"wp","href":"https:\/\/api.w.org\/{rel}","templated":true}]}}