{"id":9638,"date":"2019-09-25T18:51:35","date_gmt":"2019-09-25T16:51:35","guid":{"rendered":"https:\/\/www.rgequip.com\/?post_type=product&#038;p=9638"},"modified":"2019-09-25T18:51:35","modified_gmt":"2019-09-25T16:51:35","slug":"presse-puree-inox","status":"publish","type":"product","link":"https:\/\/www.rgequip.com\/?product=presse-puree-inox","title":{"rendered":"Presse Pur\u00e9e inox"},"content":{"rendered":"<p>Indispensable dans une cuisine,<br \/>\nDe plus, En fonte d&#8217;aluminium recouvert d&#8217;un rev\u00eatement tr\u00e8s r\u00e9sistant<br \/>\nenfin id\u00e9al pour\u00a0 le lave-vaisselle.<\/p>\n","protected":false},"excerpt":{"rendered":"<p>Indispensable dans une cuisine, De plus, En fonte d&#8217;aluminium recouvert d&#8217;un rev\u00eatement tr\u00e8s r\u00e9sistant enfin id\u00e9al pour\u00a0 le lave-vaisselle.<\/p>\n","protected":false},"featured_media":9639,"comment_status":"open","ping_status":"closed","template":"","meta":[],"product_brand":[],"product_cat":[337,340,355],"product_tag":[],"class_list":{"0":"post-9638","1":"product","2":"type-product","3":"status-publish","4":"has-post-thumbnail","6":"product_cat-preparation","7":"product_cat-accessoires-preparation","8":"product_cat-ustensils","10":"first","11":"instock","12":"shipping-taxable","13":"product-type-simple"},"_links":{"self":[{"href":"https:\/\/www.rgequip.com\/index.php?rest_route=\/wp\/v2\/product\/9638","targetHints":{"allow":["GET"]}}],"collection":[{"href":"https:\/\/www.rgequip.com\/index.php?rest_route=\/wp\/v2\/product"}],"about":[{"href":"https:\/\/www.rgequip.com\/index.php?rest_route=\/wp\/v2\/types\/product"}],"replies":[{"embeddable":true,"href":"https:\/\/www.rgequip.com\/index.php?rest_route=%2Fwp%2Fv2%2Fcomments&post=9638"}],"version-history":[{"count":0,"href":"https:\/\/www.rgequip.com\/index.php?rest_route=\/wp\/v2\/product\/9638\/revisions"}],"wp:featuredmedia":[{"embeddable":true,"href":"https:\/\/www.rgequip.com\/index.php?rest_route=\/wp\/v2\/media\/9639"}],"wp:attachment":[{"href":"https:\/\/www.rgequip.com\/index.php?rest_route=%2Fwp%2Fv2%2Fmedia&parent=9638"}],"wp:term":[{"taxonomy":"product_brand","embeddable":true,"href":"https:\/\/www.rgequip.com\/index.php?rest_route=%2Fwp%2Fv2%2Fproduct_brand&post=9638"},{"taxonomy":"product_cat","embeddable":true,"href":"https:\/\/www.rgequip.com\/index.php?rest_route=%2Fwp%2Fv2%2Fproduct_cat&post=9638"},{"taxonomy":"product_tag","embeddable":true,"href":"https:\/\/www.rgequip.com\/index.php?rest_route=%2Fwp%2Fv2%2Fproduct_tag&post=9638"}],"curies":[{"name":"wp","href":"https:\/\/api.w.org\/{rel}","templated":true}]}}