{"id":9534,"date":"2019-09-25T11:10:49","date_gmt":"2019-09-25T09:10:49","guid":{"rendered":"https:\/\/www.rgequip.com\/?post_type=product&#038;p=9534"},"modified":"2019-09-25T11:10:49","modified_gmt":"2019-09-25T09:10:49","slug":"congelateur-tensai-700l","status":"publish","type":"product","link":"https:\/\/www.rgequip.com\/?product=congelateur-tensai-700l","title":{"rendered":"Cong\u00e9lateur  TENSAI 700L"},"content":{"rendered":"<p>Cong\u00e9lateur bahut professionnel ext\u00e9rieur acier peint \u00a0laqu\u00e9 blanc d&#8217;une capacit\u00e9 de 664 litres, couvercle avec poign\u00e9e, fermeture \u00e0 cl\u00e9 et lumi\u00e8re int\u00e9rieure \u00e0 l&#8217;ouverture.<br \/>\nTemp\u00e9rature r\u00e9glable par thermostat m\u00e9canique de -14\u00b0 \u00e0 -24\u00b0C, d\u00e9givrage automatique et thermom\u00e8tre de contr\u00f4le en fa\u00e7ade.<br \/>\nDe plus,Produit aux normes CE adapt\u00e9 pour la cong\u00e9lation des produits surgel\u00e9s.<br \/>\nDe m\u00eame , il convient \u00e0 un usage professionnel intensif<br \/>\nEnfin, Id\u00e9al pour les m\u00e9tiers de bouche, restaurant, traiteur, h\u00f4tel, pizzeria&#8230;<\/p>\n","protected":false},"excerpt":{"rendered":"<p>Cong\u00e9lateur bahut professionnel ext\u00e9rieur acier peint \u00a0laqu\u00e9 blanc d&#8217;une capacit\u00e9 de 664 litres, couvercle avec poign\u00e9e, fermeture \u00e0 cl\u00e9 et<\/p>\n","protected":false},"featured_media":9572,"comment_status":"open","ping_status":"closed","template":"","meta":[],"product_brand":[],"product_cat":[268,273],"product_tag":[],"class_list":{"0":"post-9534","1":"product","2":"type-product","3":"status-publish","4":"has-post-thumbnail","6":"product_cat-froids","7":"product_cat-congelateurs","9":"first","10":"instock","11":"shipping-taxable","12":"product-type-simple"},"_links":{"self":[{"href":"https:\/\/www.rgequip.com\/index.php?rest_route=\/wp\/v2\/product\/9534","targetHints":{"allow":["GET"]}}],"collection":[{"href":"https:\/\/www.rgequip.com\/index.php?rest_route=\/wp\/v2\/product"}],"about":[{"href":"https:\/\/www.rgequip.com\/index.php?rest_route=\/wp\/v2\/types\/product"}],"replies":[{"embeddable":true,"href":"https:\/\/www.rgequip.com\/index.php?rest_route=%2Fwp%2Fv2%2Fcomments&post=9534"}],"version-history":[{"count":1,"href":"https:\/\/www.rgequip.com\/index.php?rest_route=\/wp\/v2\/product\/9534\/revisions"}],"predecessor-version":[{"id":9573,"href":"https:\/\/www.rgequip.com\/index.php?rest_route=\/wp\/v2\/product\/9534\/revisions\/9573"}],"wp:featuredmedia":[{"embeddable":true,"href":"https:\/\/www.rgequip.com\/index.php?rest_route=\/wp\/v2\/media\/9572"}],"wp:attachment":[{"href":"https:\/\/www.rgequip.com\/index.php?rest_route=%2Fwp%2Fv2%2Fmedia&parent=9534"}],"wp:term":[{"taxonomy":"product_brand","embeddable":true,"href":"https:\/\/www.rgequip.com\/index.php?rest_route=%2Fwp%2Fv2%2Fproduct_brand&post=9534"},{"taxonomy":"product_cat","embeddable":true,"href":"https:\/\/www.rgequip.com\/index.php?rest_route=%2Fwp%2Fv2%2Fproduct_cat&post=9534"},{"taxonomy":"product_tag","embeddable":true,"href":"https:\/\/www.rgequip.com\/index.php?rest_route=%2Fwp%2Fv2%2Fproduct_tag&post=9534"}],"curies":[{"name":"wp","href":"https:\/\/api.w.org\/{rel}","templated":true}]}}