{"id":9488,"date":"2019-09-24T14:38:18","date_gmt":"2019-09-24T12:38:18","guid":{"rendered":"https:\/\/www.rgequip.com\/?post_type=product&#038;p=9488"},"modified":"2019-09-24T14:38:19","modified_gmt":"2019-09-24T12:38:19","slug":"meuble-arriere-bar-vitre-2-portes-coulissantes","status":"publish","type":"product","link":"https:\/\/www.rgequip.com\/?product=meuble-arriere-bar-vitre-2-portes-coulissantes","title":{"rendered":"Meuble Arri\u00e8re Bar Vitr\u00e9 2 Portes coulissantes"},"content":{"rendered":"<p>Pr\u00e9sentoir r\u00e9frig\u00e9r\u00e9\u00a0 pour boissons.<br \/>\nExt\u00e9rieure peint en noir avec int\u00e9rieur en aluminium.<br \/>\nil fourni une r\u00e9frig\u00e9ration ventil\u00e9e, d\u00e9givrage automatique.<br \/>\nDe plus, il poss\u00e8de un Thermostat \u00e9lectronique de r\u00e9gulation de la temp\u00e9rature avec des Portes coulissantes.<\/p>\n","protected":false},"excerpt":{"rendered":"<p>Pr\u00e9sentoir r\u00e9frig\u00e9r\u00e9\u00a0 pour boissons. Ext\u00e9rieure peint en noir avec int\u00e9rieur en aluminium. il fourni une r\u00e9frig\u00e9ration ventil\u00e9e, d\u00e9givrage automatique. De<\/p>\n","protected":false},"featured_media":9491,"comment_status":"open","ping_status":"closed","template":"","meta":[],"product_brand":[],"product_cat":[268,284,271],"product_tag":[],"class_list":{"0":"post-9488","1":"product","2":"type-product","3":"status-publish","4":"has-post-thumbnail","6":"product_cat-froids","7":"product_cat-arrieres-bars","8":"product_cat-boissons","10":"first","11":"instock","12":"shipping-taxable","13":"product-type-simple"},"_links":{"self":[{"href":"https:\/\/www.rgequip.com\/index.php?rest_route=\/wp\/v2\/product\/9488","targetHints":{"allow":["GET"]}}],"collection":[{"href":"https:\/\/www.rgequip.com\/index.php?rest_route=\/wp\/v2\/product"}],"about":[{"href":"https:\/\/www.rgequip.com\/index.php?rest_route=\/wp\/v2\/types\/product"}],"replies":[{"embeddable":true,"href":"https:\/\/www.rgequip.com\/index.php?rest_route=%2Fwp%2Fv2%2Fcomments&post=9488"}],"version-history":[{"count":0,"href":"https:\/\/www.rgequip.com\/index.php?rest_route=\/wp\/v2\/product\/9488\/revisions"}],"wp:featuredmedia":[{"embeddable":true,"href":"https:\/\/www.rgequip.com\/index.php?rest_route=\/wp\/v2\/media\/9491"}],"wp:attachment":[{"href":"https:\/\/www.rgequip.com\/index.php?rest_route=%2Fwp%2Fv2%2Fmedia&parent=9488"}],"wp:term":[{"taxonomy":"product_brand","embeddable":true,"href":"https:\/\/www.rgequip.com\/index.php?rest_route=%2Fwp%2Fv2%2Fproduct_brand&post=9488"},{"taxonomy":"product_cat","embeddable":true,"href":"https:\/\/www.rgequip.com\/index.php?rest_route=%2Fwp%2Fv2%2Fproduct_cat&post=9488"},{"taxonomy":"product_tag","embeddable":true,"href":"https:\/\/www.rgequip.com\/index.php?rest_route=%2Fwp%2Fv2%2Fproduct_tag&post=9488"}],"curies":[{"name":"wp","href":"https:\/\/api.w.org\/{rel}","templated":true}]}}