{"id":9417,"date":"2019-09-24T11:04:52","date_gmt":"2019-09-24T09:04:52","guid":{"rendered":"https:\/\/www.rgequip.com\/?post_type=product&#038;p=9417"},"modified":"2019-09-24T11:04:52","modified_gmt":"2019-09-24T09:04:52","slug":"aplatisseur-a-viande-professionnel-en-polyethylene-35x10-cm","status":"publish","type":"product","link":"https:\/\/www.rgequip.com\/?product=aplatisseur-a-viande-professionnel-en-polyethylene-35x10-cm","title":{"rendered":"Aplatisseur \u00e0 viande professionnel en poly\u00e9thyl\u00e8ne 35&#215;10 cm"},"content":{"rendered":"<h2>Attendrisseur \u00e0 viande professionnel de type aplatisseur en polypropyl\u00e8ne alimentaire, pour la boucherie charcuterie.<\/h2>\n<p>&nbsp;<\/p>\n<h3>Avantages de l&#8217;aplatisseur \u00e0 viande :<\/h3>\n<p>&#8211; Aplatisseur \u00e0 viande forme marteau<\/p>\n<p>&#8211; Fabrication en polypropyl\u00e8ne blanc alimentaire<\/p>\n<p>&#8211; Double face \u00e0 picots<\/p>\n<p>&#8211; Possibilit\u00e9 de l&#8217;utiliser sur les deux faces plates<\/p>\n<p>&#8211; 25 picots pyramide par face<\/p>\n<p>&#8211; L\u00e9ger et tr\u00e8s maniable<\/p>\n<p>&#8211; Passe au lave vaisselle<\/p>\n<p>&nbsp;<\/p>\n<h3>Dimensions de l&#8217;attendrisseur :<\/h3>\n<p>&#8211; Longueur totale : 35 cm<\/p>\n<p>&#8211; Longueur du manche : 27,5 cm<\/p>\n<p>&#8211; Diam\u00e8tre du manche : 7 cm<\/p>\n<p>&#8211; Face de : 6&#215;6 cm<\/p>\n<p>&#8211; Poids : 490 grammes<\/p>\n","protected":false},"excerpt":{"rendered":"<p>Attendrisseur \u00e0 viande professionnel de type aplatisseur en polypropyl\u00e8ne alimentaire, pour la boucherie charcuterie. &nbsp; Avantages de l&#8217;aplatisseur \u00e0 viande<\/p>\n","protected":false},"featured_media":9419,"comment_status":"open","ping_status":"closed","template":"","meta":[],"product_brand":[],"product_cat":[337,340,355],"product_tag":[],"class_list":{"0":"post-9417","1":"product","2":"type-product","3":"status-publish","4":"has-post-thumbnail","6":"product_cat-preparation","7":"product_cat-accessoires-preparation","8":"product_cat-ustensils","10":"first","11":"instock","12":"shipping-taxable","13":"product-type-simple"},"_links":{"self":[{"href":"https:\/\/www.rgequip.com\/index.php?rest_route=\/wp\/v2\/product\/9417","targetHints":{"allow":["GET"]}}],"collection":[{"href":"https:\/\/www.rgequip.com\/index.php?rest_route=\/wp\/v2\/product"}],"about":[{"href":"https:\/\/www.rgequip.com\/index.php?rest_route=\/wp\/v2\/types\/product"}],"replies":[{"embeddable":true,"href":"https:\/\/www.rgequip.com\/index.php?rest_route=%2Fwp%2Fv2%2Fcomments&post=9417"}],"version-history":[{"count":0,"href":"https:\/\/www.rgequip.com\/index.php?rest_route=\/wp\/v2\/product\/9417\/revisions"}],"wp:featuredmedia":[{"embeddable":true,"href":"https:\/\/www.rgequip.com\/index.php?rest_route=\/wp\/v2\/media\/9419"}],"wp:attachment":[{"href":"https:\/\/www.rgequip.com\/index.php?rest_route=%2Fwp%2Fv2%2Fmedia&parent=9417"}],"wp:term":[{"taxonomy":"product_brand","embeddable":true,"href":"https:\/\/www.rgequip.com\/index.php?rest_route=%2Fwp%2Fv2%2Fproduct_brand&post=9417"},{"taxonomy":"product_cat","embeddable":true,"href":"https:\/\/www.rgequip.com\/index.php?rest_route=%2Fwp%2Fv2%2Fproduct_cat&post=9417"},{"taxonomy":"product_tag","embeddable":true,"href":"https:\/\/www.rgequip.com\/index.php?rest_route=%2Fwp%2Fv2%2Fproduct_tag&post=9417"}],"curies":[{"name":"wp","href":"https:\/\/api.w.org\/{rel}","templated":true}]}}