{"id":9400,"date":"2019-09-24T05:43:56","date_gmt":"2019-09-24T03:43:56","guid":{"rendered":"https:\/\/www.rgequip.com\/?post_type=product&#038;p=9400"},"modified":"2019-09-24T05:44:36","modified_gmt":"2019-09-24T03:44:36","slug":"spatule-en-polyethylene-35cm","status":"publish","type":"product","link":"https:\/\/www.rgequip.com\/?product=spatule-en-polyethylene-35cm","title":{"rendered":"Spatule en poly\u00e9thyl\u00e8ne 35cm"},"content":{"rendered":"<h2>Spatule professionnelle grande longueur en poly\u00e9thyl\u00e8ne monobloc. Aussi, recommand\u00e9e pour les collectivit\u00e9 et charcuterie.<\/h2>\n<p>&nbsp;<\/p>\n<h3>Avantages de la spatule g\u00e9ante :<\/h3>\n<p>&#8211; Fabrication en poly\u00e9thyl\u00e8ne\u00a0 alimentaire blanc<\/p>\n<p>-Aussi, il est monobloc : 100% hygi\u00e8ne<\/p>\n<p>&#8211; De m\u00eame, une prise en main agr\u00e9able.<\/p>\n<p>-Et enfin, spatule recommand\u00e9e pour un usage en collectivit\u00e9, charcuterie et p\u00e2tisserie<\/p>\n","protected":false},"excerpt":{"rendered":"<p>Spatule professionnelle grande longueur en poly\u00e9thyl\u00e8ne monobloc. Aussi, recommand\u00e9e pour les collectivit\u00e9 et charcuterie. &nbsp; Avantages de la spatule g\u00e9ante<\/p>\n","protected":false},"featured_media":9399,"comment_status":"open","ping_status":"closed","template":"","meta":[],"product_brand":[],"product_cat":[337,340,355],"product_tag":[],"class_list":{"0":"post-9400","1":"product","2":"type-product","3":"status-publish","4":"has-post-thumbnail","6":"product_cat-preparation","7":"product_cat-accessoires-preparation","8":"product_cat-ustensils","10":"first","11":"instock","12":"shipping-taxable","13":"product-type-simple"},"_links":{"self":[{"href":"https:\/\/www.rgequip.com\/index.php?rest_route=\/wp\/v2\/product\/9400","targetHints":{"allow":["GET"]}}],"collection":[{"href":"https:\/\/www.rgequip.com\/index.php?rest_route=\/wp\/v2\/product"}],"about":[{"href":"https:\/\/www.rgequip.com\/index.php?rest_route=\/wp\/v2\/types\/product"}],"replies":[{"embeddable":true,"href":"https:\/\/www.rgequip.com\/index.php?rest_route=%2Fwp%2Fv2%2Fcomments&post=9400"}],"version-history":[{"count":0,"href":"https:\/\/www.rgequip.com\/index.php?rest_route=\/wp\/v2\/product\/9400\/revisions"}],"wp:featuredmedia":[{"embeddable":true,"href":"https:\/\/www.rgequip.com\/index.php?rest_route=\/wp\/v2\/media\/9399"}],"wp:attachment":[{"href":"https:\/\/www.rgequip.com\/index.php?rest_route=%2Fwp%2Fv2%2Fmedia&parent=9400"}],"wp:term":[{"taxonomy":"product_brand","embeddable":true,"href":"https:\/\/www.rgequip.com\/index.php?rest_route=%2Fwp%2Fv2%2Fproduct_brand&post=9400"},{"taxonomy":"product_cat","embeddable":true,"href":"https:\/\/www.rgequip.com\/index.php?rest_route=%2Fwp%2Fv2%2Fproduct_cat&post=9400"},{"taxonomy":"product_tag","embeddable":true,"href":"https:\/\/www.rgequip.com\/index.php?rest_route=%2Fwp%2Fv2%2Fproduct_tag&post=9400"}],"curies":[{"name":"wp","href":"https:\/\/api.w.org\/{rel}","templated":true}]}}