{"id":9379,"date":"2019-09-23T23:36:07","date_gmt":"2019-09-23T21:36:07","guid":{"rendered":"https:\/\/www.rgequip.com\/?post_type=product&#038;p=9379"},"modified":"2019-09-23T23:36:08","modified_gmt":"2019-09-23T21:36:08","slug":"seau-a-glace-avec-couvercle-thermos-304-chrome","status":"publish","type":"product","link":"https:\/\/www.rgequip.com\/?product=seau-a-glace-avec-couvercle-thermos-304-chrome","title":{"rendered":"Seau \u00c0 Glace Avec Couvercle Thermos 304 Chrome"},"content":{"rendered":"<ul>\n<li><span>Seau \u00e0 glace avec couvercle thermos<\/span><\/li>\n<li><span>Dimensions du produit: 10 cm Q: diam\u00e8tre de 13,2 cm<\/span><\/li>\n<li><span>Poss\u00e8de des manches<\/span><\/li>\n<li><span>Thermos 304 En chrome.<\/span><\/li>\n<\/ul>\n","protected":false},"excerpt":{"rendered":"<p>Seau \u00e0 glace avec couvercle thermos Dimensions du produit: 10 cm Q: diam\u00e8tre de 13,2 cm Poss\u00e8de des manches Thermos<\/p>\n","protected":false},"featured_media":9380,"comment_status":"open","ping_status":"closed","template":"","meta":[],"product_brand":[],"product_cat":[337,340,355],"product_tag":[],"class_list":{"0":"post-9379","1":"product","2":"type-product","3":"status-publish","4":"has-post-thumbnail","6":"product_cat-preparation","7":"product_cat-accessoires-preparation","8":"product_cat-ustensils","10":"first","11":"instock","12":"shipping-taxable","13":"product-type-simple"},"_links":{"self":[{"href":"https:\/\/www.rgequip.com\/index.php?rest_route=\/wp\/v2\/product\/9379","targetHints":{"allow":["GET"]}}],"collection":[{"href":"https:\/\/www.rgequip.com\/index.php?rest_route=\/wp\/v2\/product"}],"about":[{"href":"https:\/\/www.rgequip.com\/index.php?rest_route=\/wp\/v2\/types\/product"}],"replies":[{"embeddable":true,"href":"https:\/\/www.rgequip.com\/index.php?rest_route=%2Fwp%2Fv2%2Fcomments&post=9379"}],"version-history":[{"count":0,"href":"https:\/\/www.rgequip.com\/index.php?rest_route=\/wp\/v2\/product\/9379\/revisions"}],"wp:featuredmedia":[{"embeddable":true,"href":"https:\/\/www.rgequip.com\/index.php?rest_route=\/wp\/v2\/media\/9380"}],"wp:attachment":[{"href":"https:\/\/www.rgequip.com\/index.php?rest_route=%2Fwp%2Fv2%2Fmedia&parent=9379"}],"wp:term":[{"taxonomy":"product_brand","embeddable":true,"href":"https:\/\/www.rgequip.com\/index.php?rest_route=%2Fwp%2Fv2%2Fproduct_brand&post=9379"},{"taxonomy":"product_cat","embeddable":true,"href":"https:\/\/www.rgequip.com\/index.php?rest_route=%2Fwp%2Fv2%2Fproduct_cat&post=9379"},{"taxonomy":"product_tag","embeddable":true,"href":"https:\/\/www.rgequip.com\/index.php?rest_route=%2Fwp%2Fv2%2Fproduct_tag&post=9379"}],"curies":[{"name":"wp","href":"https:\/\/api.w.org\/{rel}","templated":true}]}}