{"id":9331,"date":"2019-09-23T18:13:32","date_gmt":"2019-09-23T16:13:32","guid":{"rendered":"https:\/\/www.rgequip.com\/?post_type=product&#038;p=9331"},"modified":"2019-09-23T18:19:36","modified_gmt":"2019-09-23T16:19:36","slug":"percolateur-10l","status":"publish","type":"product","link":"https:\/\/www.rgequip.com\/?product=percolateur-10l","title":{"rendered":"PERCOLATEUR 10L"},"content":{"rendered":"<p>En inox \u2013 simple paroi.<br \/>\nLe filtre int\u00e9gr\u00e9 convient au caf\u00e9 moulu standard, il n\u2019y a pas besoin d\u2019utiliser du papier filtre.<br \/>\nLe percolateur maintient le caf\u00e9 \u00e0 la temp\u00e9rature de service apr\u00e8s brassage.<br \/>\nAvec indicateur de niveau en verre, robinet anti-goutte et une r\u00e9initialisation automatique.<br \/>\nUn voyant indique la fin du brassage et aussi s\u2019il y a besoin de d\u00e9tartrage.<\/p>\n","protected":false},"excerpt":{"rendered":"<p>En inox \u2013 simple paroi. Le filtre int\u00e9gr\u00e9 convient au caf\u00e9 moulu standard, il n\u2019y a pas besoin d\u2019utiliser du<\/p>\n","protected":false},"featured_media":9337,"comment_status":"open","ping_status":"closed","template":"","meta":[],"product_brand":[],"product_cat":[314,315,318],"product_tag":[],"class_list":{"0":"post-9331","1":"product","2":"type-product","3":"status-publish","4":"has-post-thumbnail","6":"product_cat-cafe-bar","7":"product_cat-cafe","8":"product_cat-percolateur-a-cafe","10":"first","11":"instock","12":"shipping-taxable","13":"product-type-simple"},"_links":{"self":[{"href":"https:\/\/www.rgequip.com\/index.php?rest_route=\/wp\/v2\/product\/9331","targetHints":{"allow":["GET"]}}],"collection":[{"href":"https:\/\/www.rgequip.com\/index.php?rest_route=\/wp\/v2\/product"}],"about":[{"href":"https:\/\/www.rgequip.com\/index.php?rest_route=\/wp\/v2\/types\/product"}],"replies":[{"embeddable":true,"href":"https:\/\/www.rgequip.com\/index.php?rest_route=%2Fwp%2Fv2%2Fcomments&post=9331"}],"version-history":[{"count":0,"href":"https:\/\/www.rgequip.com\/index.php?rest_route=\/wp\/v2\/product\/9331\/revisions"}],"wp:featuredmedia":[{"embeddable":true,"href":"https:\/\/www.rgequip.com\/index.php?rest_route=\/wp\/v2\/media\/9337"}],"wp:attachment":[{"href":"https:\/\/www.rgequip.com\/index.php?rest_route=%2Fwp%2Fv2%2Fmedia&parent=9331"}],"wp:term":[{"taxonomy":"product_brand","embeddable":true,"href":"https:\/\/www.rgequip.com\/index.php?rest_route=%2Fwp%2Fv2%2Fproduct_brand&post=9331"},{"taxonomy":"product_cat","embeddable":true,"href":"https:\/\/www.rgequip.com\/index.php?rest_route=%2Fwp%2Fv2%2Fproduct_cat&post=9331"},{"taxonomy":"product_tag","embeddable":true,"href":"https:\/\/www.rgequip.com\/index.php?rest_route=%2Fwp%2Fv2%2Fproduct_tag&post=9331"}],"curies":[{"name":"wp","href":"https:\/\/api.w.org\/{rel}","templated":true}]}}