{"id":8914,"date":"2019-09-16T19:45:42","date_gmt":"2019-09-16T17:45:42","guid":{"rendered":"https:\/\/www.rgequip.com\/?post_type=product&#038;p=8914"},"modified":"2019-09-17T11:05:41","modified_gmt":"2019-09-17T09:05:41","slug":"machine-a-saucisse-3l","status":"publish","type":"product","link":"https:\/\/www.rgequip.com\/?product=machine-a-saucisse-3l","title":{"rendered":"Machine A Saucisse 3L"},"content":{"rendered":"<p>B\u00e2ti, cylindre et piston fait en inox<br \/>\nEquip\u00e9 d&#8217;un syst\u00e8me de remplissage \u00e0 deux vitesse qui facile \u00e0 utiliser<br \/>\nLe piston S&#8217;enl\u00e8ve facilement\u00a0 pour le remplissage et le nettoyage<br \/>\nEquip\u00e9 d&#8217;un roulement et d&#8217;une roue dent\u00e9e en acier tremp\u00e9, r\u00e9sistant au pression<br \/>\nAvec un set de quatre entonnoirs en inox, diam\u00e8tres: 16\/22\/32\/38 mm<\/p>\n","protected":false},"excerpt":{"rendered":"<p>B\u00e2ti, cylindre et piston fait en inox Equip\u00e9 d&#8217;un syst\u00e8me de remplissage \u00e0 deux vitesse qui facile \u00e0 utiliser Le<\/p>\n","protected":false},"featured_media":8947,"comment_status":"open","ping_status":"closed","template":"","meta":[],"product_brand":[],"product_cat":[337,359,342],"product_tag":[],"class_list":{"0":"post-8914","1":"product","2":"type-product","3":"status-publish","4":"has-post-thumbnail","6":"product_cat-preparation","7":"product_cat-hachoir-a-viande","8":"product_cat-travail-de-la-viande","10":"first","11":"instock","12":"shipping-taxable","13":"product-type-simple"},"_links":{"self":[{"href":"https:\/\/www.rgequip.com\/index.php?rest_route=\/wp\/v2\/product\/8914","targetHints":{"allow":["GET"]}}],"collection":[{"href":"https:\/\/www.rgequip.com\/index.php?rest_route=\/wp\/v2\/product"}],"about":[{"href":"https:\/\/www.rgequip.com\/index.php?rest_route=\/wp\/v2\/types\/product"}],"replies":[{"embeddable":true,"href":"https:\/\/www.rgequip.com\/index.php?rest_route=%2Fwp%2Fv2%2Fcomments&post=8914"}],"version-history":[{"count":0,"href":"https:\/\/www.rgequip.com\/index.php?rest_route=\/wp\/v2\/product\/8914\/revisions"}],"wp:featuredmedia":[{"embeddable":true,"href":"https:\/\/www.rgequip.com\/index.php?rest_route=\/wp\/v2\/media\/8947"}],"wp:attachment":[{"href":"https:\/\/www.rgequip.com\/index.php?rest_route=%2Fwp%2Fv2%2Fmedia&parent=8914"}],"wp:term":[{"taxonomy":"product_brand","embeddable":true,"href":"https:\/\/www.rgequip.com\/index.php?rest_route=%2Fwp%2Fv2%2Fproduct_brand&post=8914"},{"taxonomy":"product_cat","embeddable":true,"href":"https:\/\/www.rgequip.com\/index.php?rest_route=%2Fwp%2Fv2%2Fproduct_cat&post=8914"},{"taxonomy":"product_tag","embeddable":true,"href":"https:\/\/www.rgequip.com\/index.php?rest_route=%2Fwp%2Fv2%2Fproduct_tag&post=8914"}],"curies":[{"name":"wp","href":"https:\/\/api.w.org\/{rel}","templated":true}]}}