{"id":8904,"date":"2019-09-16T19:31:32","date_gmt":"2019-09-16T17:31:32","guid":{"rendered":"https:\/\/www.rgequip.com\/?post_type=product&#038;p=8904"},"modified":"2019-09-16T19:31:32","modified_gmt":"2019-09-16T17:31:32","slug":"hache-viande-198kg","status":"publish","type":"product","link":"https:\/\/www.rgequip.com\/?product=hache-viande-198kg","title":{"rendered":"HACHE-VIANDE 198KG"},"content":{"rendered":"<p>Id\u00e9al pour des petites quantit\u00e9s et pour faire des saucisses. Ne convient pas pour un usage professionnelle.<br \/>\nB\u00e2ti en aluminium.<br \/>\nTr\u00e9mie en fonte avec plat \u00e0 viande et protection poussi\u00e8re.<br \/>\nPoussoir fait en plastique.<br \/>\nVis sans fin en aluminium et couteau en inox.<br \/>\nLivr\u00e9 avec 2 disques \u00e0 hacher, \u00f8 65,8 mm avec trous de 4 et 7 mm et plat pour steak tartare.<br \/>\n3 tubes \u00e0 farce de saucisse: \u00d8 12, 15 et 20 mm.<br \/>\nInterrupteur on\/off\/inverser<br \/>\nNe pas utiliser en continu<\/p>\n","protected":false},"excerpt":{"rendered":"<p>Id\u00e9al pour des petites quantit\u00e9s et pour faire des saucisses. Ne convient pas pour un usage professionnelle. B\u00e2ti en aluminium.<\/p>\n","protected":false},"featured_media":8905,"comment_status":"open","ping_status":"closed","template":"","meta":[],"product_brand":[],"product_cat":[337,359,342],"product_tag":[],"class_list":{"0":"post-8904","1":"product","2":"type-product","3":"status-publish","4":"has-post-thumbnail","6":"product_cat-preparation","7":"product_cat-hachoir-a-viande","8":"product_cat-travail-de-la-viande","10":"first","11":"instock","12":"shipping-taxable","13":"product-type-simple"},"_links":{"self":[{"href":"https:\/\/www.rgequip.com\/index.php?rest_route=\/wp\/v2\/product\/8904","targetHints":{"allow":["GET"]}}],"collection":[{"href":"https:\/\/www.rgequip.com\/index.php?rest_route=\/wp\/v2\/product"}],"about":[{"href":"https:\/\/www.rgequip.com\/index.php?rest_route=\/wp\/v2\/types\/product"}],"replies":[{"embeddable":true,"href":"https:\/\/www.rgequip.com\/index.php?rest_route=%2Fwp%2Fv2%2Fcomments&post=8904"}],"version-history":[{"count":0,"href":"https:\/\/www.rgequip.com\/index.php?rest_route=\/wp\/v2\/product\/8904\/revisions"}],"wp:featuredmedia":[{"embeddable":true,"href":"https:\/\/www.rgequip.com\/index.php?rest_route=\/wp\/v2\/media\/8905"}],"wp:attachment":[{"href":"https:\/\/www.rgequip.com\/index.php?rest_route=%2Fwp%2Fv2%2Fmedia&parent=8904"}],"wp:term":[{"taxonomy":"product_brand","embeddable":true,"href":"https:\/\/www.rgequip.com\/index.php?rest_route=%2Fwp%2Fv2%2Fproduct_brand&post=8904"},{"taxonomy":"product_cat","embeddable":true,"href":"https:\/\/www.rgequip.com\/index.php?rest_route=%2Fwp%2Fv2%2Fproduct_cat&post=8904"},{"taxonomy":"product_tag","embeddable":true,"href":"https:\/\/www.rgequip.com\/index.php?rest_route=%2Fwp%2Fv2%2Fproduct_tag&post=8904"}],"curies":[{"name":"wp","href":"https:\/\/api.w.org\/{rel}","templated":true}]}}