{"id":8883,"date":"2019-09-16T16:53:13","date_gmt":"2019-09-16T14:53:13","guid":{"rendered":"https:\/\/www.rgequip.com\/?post_type=product&#038;p=8883"},"modified":"2019-09-16T16:58:06","modified_gmt":"2019-09-16T14:58:06","slug":"mixeur-plongeant-mini-mp-240v-v","status":"publish","type":"product","link":"https:\/\/www.rgequip.com\/?product=mixeur-plongeant-mini-mp-240v-v","title":{"rendered":"Mixeur Plongeant Mini MP 240V.V"},"content":{"rendered":"<p>Avec notre Mixeur de la gamme Mini MP 240 V.V, vous aurez une combinaison parfaite entre\u00a0taille Mini et performance Maxi\u00a0!<br \/>\nIl est robuste,\u00a0performant\u00a0et\u00a0hygi\u00e9nique.<br \/>\nCe mod\u00e8le dispose d&#8217;un syst\u00e8me exclusif de cloche d\u00e9montable brevet\u00e9. Longueur (tube, cloche et couteau) 24 cm.<\/p>\n","protected":false},"excerpt":{"rendered":"<p>Avec notre Mixeur de la gamme Mini MP 240 V.V, vous aurez une combinaison parfaite entre\u00a0taille Mini et performance Maxi\u00a0!<\/p>\n","protected":false},"featured_media":8878,"comment_status":"open","ping_status":"closed","template":"","meta":[],"product_brand":[],"product_cat":[337,351,339],"product_tag":[],"class_list":{"0":"post-8883","1":"product","2":"type-product","3":"status-publish","4":"has-post-thumbnail","6":"product_cat-preparation","7":"product_cat-mixer-plongeant","8":"product_cat-robots-coupe","10":"first","11":"instock","12":"shipping-taxable","13":"product-type-simple"},"_links":{"self":[{"href":"https:\/\/www.rgequip.com\/index.php?rest_route=\/wp\/v2\/product\/8883","targetHints":{"allow":["GET"]}}],"collection":[{"href":"https:\/\/www.rgequip.com\/index.php?rest_route=\/wp\/v2\/product"}],"about":[{"href":"https:\/\/www.rgequip.com\/index.php?rest_route=\/wp\/v2\/types\/product"}],"replies":[{"embeddable":true,"href":"https:\/\/www.rgequip.com\/index.php?rest_route=%2Fwp%2Fv2%2Fcomments&post=8883"}],"version-history":[{"count":0,"href":"https:\/\/www.rgequip.com\/index.php?rest_route=\/wp\/v2\/product\/8883\/revisions"}],"wp:featuredmedia":[{"embeddable":true,"href":"https:\/\/www.rgequip.com\/index.php?rest_route=\/wp\/v2\/media\/8878"}],"wp:attachment":[{"href":"https:\/\/www.rgequip.com\/index.php?rest_route=%2Fwp%2Fv2%2Fmedia&parent=8883"}],"wp:term":[{"taxonomy":"product_brand","embeddable":true,"href":"https:\/\/www.rgequip.com\/index.php?rest_route=%2Fwp%2Fv2%2Fproduct_brand&post=8883"},{"taxonomy":"product_cat","embeddable":true,"href":"https:\/\/www.rgequip.com\/index.php?rest_route=%2Fwp%2Fv2%2Fproduct_cat&post=8883"},{"taxonomy":"product_tag","embeddable":true,"href":"https:\/\/www.rgequip.com\/index.php?rest_route=%2Fwp%2Fv2%2Fproduct_tag&post=8883"}],"curies":[{"name":"wp","href":"https:\/\/api.w.org\/{rel}","templated":true}]}}