{"id":8634,"date":"2019-09-12T13:41:58","date_gmt":"2019-09-12T11:41:58","guid":{"rendered":"https:\/\/www.rgequip.com\/?post_type=product&#038;p=8634"},"modified":"2019-09-12T13:43:22","modified_gmt":"2019-09-12T11:43:22","slug":"coupe-legumes","status":"publish","type":"product","link":"https:\/\/www.rgequip.com\/?product=coupe-legumes","title":{"rendered":"COUPE-L\u00c9GUMES"},"content":{"rendered":"<p>Coupez facilement de grandes quantit\u00e9s de l\u00e9gumes<br \/>\nAvec 5 couteaux inclus pour divers r\u00e9sultats de coupe<br \/>\n2 disques \u00e0 trancher de 2 et 4 mm et 3 disques \u00e0 r\u00e2per de 3,5 et 7 mm<br \/>\nGrande ouverture avec levier pour introduire des gros morceaux.<br \/>\nPetite ouverture pour introduire des petits morceaux.<br \/>\nConstruction aluminium.<br \/>\n2 syst\u00e8mes de s\u00e9curit\u00e9: D&#8217;abord, un vis ferme le couvercle et en plus un sensor \u00e9lectromagn\u00e9tique d\u00e9tecte l&#8217;ouverture du couvercle et arr\u00eate automatiquement l&#8217;appareil.<br \/>\nVitesse: 295 rpm.<\/p>\n","protected":false},"excerpt":{"rendered":"<p>Coupez facilement de grandes quantit\u00e9s de l\u00e9gumes Avec 5 couteaux inclus pour divers r\u00e9sultats de coupe 2 disques \u00e0 trancher<\/p>\n","protected":false},"featured_media":8635,"comment_status":"open","ping_status":"closed","template":"","meta":[],"product_brand":[],"product_cat":[337,349,339],"product_tag":[],"class_list":{"0":"post-8634","1":"product","2":"type-product","3":"status-publish","4":"has-post-thumbnail","6":"product_cat-preparation","7":"product_cat-coupe-legumes","8":"product_cat-robots-coupe","10":"first","11":"instock","12":"shipping-taxable","13":"product-type-simple"},"_links":{"self":[{"href":"https:\/\/www.rgequip.com\/index.php?rest_route=\/wp\/v2\/product\/8634","targetHints":{"allow":["GET"]}}],"collection":[{"href":"https:\/\/www.rgequip.com\/index.php?rest_route=\/wp\/v2\/product"}],"about":[{"href":"https:\/\/www.rgequip.com\/index.php?rest_route=\/wp\/v2\/types\/product"}],"replies":[{"embeddable":true,"href":"https:\/\/www.rgequip.com\/index.php?rest_route=%2Fwp%2Fv2%2Fcomments&post=8634"}],"version-history":[{"count":0,"href":"https:\/\/www.rgequip.com\/index.php?rest_route=\/wp\/v2\/product\/8634\/revisions"}],"wp:featuredmedia":[{"embeddable":true,"href":"https:\/\/www.rgequip.com\/index.php?rest_route=\/wp\/v2\/media\/8635"}],"wp:attachment":[{"href":"https:\/\/www.rgequip.com\/index.php?rest_route=%2Fwp%2Fv2%2Fmedia&parent=8634"}],"wp:term":[{"taxonomy":"product_brand","embeddable":true,"href":"https:\/\/www.rgequip.com\/index.php?rest_route=%2Fwp%2Fv2%2Fproduct_brand&post=8634"},{"taxonomy":"product_cat","embeddable":true,"href":"https:\/\/www.rgequip.com\/index.php?rest_route=%2Fwp%2Fv2%2Fproduct_cat&post=8634"},{"taxonomy":"product_tag","embeddable":true,"href":"https:\/\/www.rgequip.com\/index.php?rest_route=%2Fwp%2Fv2%2Fproduct_tag&post=8634"}],"curies":[{"name":"wp","href":"https:\/\/api.w.org\/{rel}","templated":true}]}}