{"id":8513,"date":"2019-09-10T18:50:46","date_gmt":"2019-09-10T16:50:46","guid":{"rendered":"https:\/\/www.rgequip.com\/?post_type=product&#038;p=8513"},"modified":"2019-09-10T18:50:47","modified_gmt":"2019-09-10T16:50:47","slug":"fourneau-a-gaz-sur-four-electrique","status":"publish","type":"product","link":"https:\/\/www.rgequip.com\/?product=fourneau-a-gaz-sur-four-electrique","title":{"rendered":"Fourneau \u00e0 Gaz Sur Four Electrique"},"content":{"rendered":"<p>construits en fonte nickel\u00e9e avec veilleuse.<br \/>\nDes feux command\u00e9s par des robinets de s\u00e9curit\u00e9 avec thermocouple et r\u00e9glage progressif de la puissance.<br \/>\nFour statique \u00e9lectrique avec dimensions Gastronorm 1\/1.<br \/>\nCommandes four pour cuissons diff\u00e9renci\u00e9es sole, voute ou les deux en m\u00eame temps. Grilles sup\u00e9rieures en fonte vitrifi\u00e9e.<br \/>\nConstruction en acier inox.<\/p>\n","protected":false},"excerpt":{"rendered":"<p>construits en fonte nickel\u00e9e avec veilleuse. Des feux command\u00e9s par des robinets de s\u00e9curit\u00e9 avec thermocouple et r\u00e9glage progressif de<\/p>\n","protected":false},"featured_media":8514,"comment_status":"open","ping_status":"closed","template":"","meta":[],"product_brand":[],"product_cat":[226,227,237],"product_tag":[],"class_list":{"0":"post-8513","1":"product","2":"type-product","3":"status-publish","4":"has-post-thumbnail","6":"product_cat-cuisson","7":"product_cat-fourneaux","8":"product_cat-series-700-900","10":"first","11":"instock","12":"shipping-taxable","13":"product-type-simple"},"_links":{"self":[{"href":"https:\/\/www.rgequip.com\/index.php?rest_route=\/wp\/v2\/product\/8513","targetHints":{"allow":["GET"]}}],"collection":[{"href":"https:\/\/www.rgequip.com\/index.php?rest_route=\/wp\/v2\/product"}],"about":[{"href":"https:\/\/www.rgequip.com\/index.php?rest_route=\/wp\/v2\/types\/product"}],"replies":[{"embeddable":true,"href":"https:\/\/www.rgequip.com\/index.php?rest_route=%2Fwp%2Fv2%2Fcomments&post=8513"}],"version-history":[{"count":1,"href":"https:\/\/www.rgequip.com\/index.php?rest_route=\/wp\/v2\/product\/8513\/revisions"}],"predecessor-version":[{"id":8515,"href":"https:\/\/www.rgequip.com\/index.php?rest_route=\/wp\/v2\/product\/8513\/revisions\/8515"}],"wp:featuredmedia":[{"embeddable":true,"href":"https:\/\/www.rgequip.com\/index.php?rest_route=\/wp\/v2\/media\/8514"}],"wp:attachment":[{"href":"https:\/\/www.rgequip.com\/index.php?rest_route=%2Fwp%2Fv2%2Fmedia&parent=8513"}],"wp:term":[{"taxonomy":"product_brand","embeddable":true,"href":"https:\/\/www.rgequip.com\/index.php?rest_route=%2Fwp%2Fv2%2Fproduct_brand&post=8513"},{"taxonomy":"product_cat","embeddable":true,"href":"https:\/\/www.rgequip.com\/index.php?rest_route=%2Fwp%2Fv2%2Fproduct_cat&post=8513"},{"taxonomy":"product_tag","embeddable":true,"href":"https:\/\/www.rgequip.com\/index.php?rest_route=%2Fwp%2Fv2%2Fproduct_tag&post=8513"}],"curies":[{"name":"wp","href":"https:\/\/api.w.org\/{rel}","templated":true}]}}