{"id":8504,"date":"2019-09-10T18:06:37","date_gmt":"2019-09-10T16:06:37","guid":{"rendered":"https:\/\/www.rgequip.com\/?post_type=product&#038;p=8504"},"modified":"2019-09-10T18:06:38","modified_gmt":"2019-09-10T16:06:38","slug":"char-grill-gaz-a-poser","status":"publish","type":"product","link":"https:\/\/www.rgequip.com\/?product=char-grill-gaz-a-poser","title":{"rendered":"Char-grill Gaz \u00e0 Poser"},"content":{"rendered":"<p><span>La temp\u00e9rature de surface r\u00e9glable\u00a0au niveau souhait\u00e9 au moyen de vannes \u00e0 gaz command\u00e9es s\u00e9par\u00e9ment sous la surface de cuisson.<\/span><br \/>\n<span>Les grilles en fonte sur la surface de cuisson facilement amovibles. Cette fonctionnalit\u00e9 facilite le nettoyage et la maintenance <\/span><span>130 mm.<br \/>\nLes grilles en fonte con\u00e7ues sur mesure en largeur conviennent \u00e0 une utilisation des deux c\u00f4t\u00e9s.\u00a0<\/span><br \/>\n<span>Plaque de protection en acier inoxydable facile \u00e0 retirer et convient au lavage en lave-vaisselle. <\/span><br \/>\n<span>Les huiles usag\u00e9es et les particules r\u00e9sultant de la cuisson sont collect\u00e9es dans le r\u00e9servoir.<br \/>\nL&#8217;huile us\u00e9e se retire facilement\u00a0 de l&#8217;avant.<\/span><br \/>\n<span>Des coupe-flammes faits de pi\u00e8ces moul\u00e9es robustes sont disponibles sur chaque br\u00fbleur.<\/span><br \/>\n<span>Exc\u00e8s d&#8217;huile s&#8217;\u00e9coulant \u00e0 travers la grille de cuisson dans la chambre \u00e0 huile. Cela emp\u00eache l&#8217;huile de prendre feu.<\/span><\/p>\n","protected":false},"excerpt":{"rendered":"<p>La temp\u00e9rature de surface r\u00e9glable\u00a0au niveau souhait\u00e9 au moyen de vannes \u00e0 gaz command\u00e9es s\u00e9par\u00e9ment sous la surface de cuisson.<\/p>\n","protected":false},"featured_media":8505,"comment_status":"open","ping_status":"closed","template":"","meta":[],"product_brand":[],"product_cat":[226,259,235],"product_tag":[],"class_list":{"0":"post-8504","1":"product","2":"type-product","3":"status-publish","4":"has-post-thumbnail","6":"product_cat-cuisson","7":"product_cat-grill-panini","8":"product_cat-snacking","10":"first","11":"instock","12":"shipping-taxable","13":"product-type-simple"},"_links":{"self":[{"href":"https:\/\/www.rgequip.com\/index.php?rest_route=\/wp\/v2\/product\/8504","targetHints":{"allow":["GET"]}}],"collection":[{"href":"https:\/\/www.rgequip.com\/index.php?rest_route=\/wp\/v2\/product"}],"about":[{"href":"https:\/\/www.rgequip.com\/index.php?rest_route=\/wp\/v2\/types\/product"}],"replies":[{"embeddable":true,"href":"https:\/\/www.rgequip.com\/index.php?rest_route=%2Fwp%2Fv2%2Fcomments&post=8504"}],"version-history":[{"count":0,"href":"https:\/\/www.rgequip.com\/index.php?rest_route=\/wp\/v2\/product\/8504\/revisions"}],"wp:featuredmedia":[{"embeddable":true,"href":"https:\/\/www.rgequip.com\/index.php?rest_route=\/wp\/v2\/media\/8505"}],"wp:attachment":[{"href":"https:\/\/www.rgequip.com\/index.php?rest_route=%2Fwp%2Fv2%2Fmedia&parent=8504"}],"wp:term":[{"taxonomy":"product_brand","embeddable":true,"href":"https:\/\/www.rgequip.com\/index.php?rest_route=%2Fwp%2Fv2%2Fproduct_brand&post=8504"},{"taxonomy":"product_cat","embeddable":true,"href":"https:\/\/www.rgequip.com\/index.php?rest_route=%2Fwp%2Fv2%2Fproduct_cat&post=8504"},{"taxonomy":"product_tag","embeddable":true,"href":"https:\/\/www.rgequip.com\/index.php?rest_route=%2Fwp%2Fv2%2Fproduct_tag&post=8504"}],"curies":[{"name":"wp","href":"https:\/\/api.w.org\/{rel}","templated":true}]}}