{"id":8480,"date":"2019-09-10T14:05:46","date_gmt":"2019-09-10T12:05:46","guid":{"rendered":"https:\/\/www.rgequip.com\/?post_type=product&#038;p=8480"},"modified":"2019-09-10T14:57:42","modified_gmt":"2019-09-10T12:57:42","slug":"friteuse-electrique-avec-placard-ferme-36-kw","status":"publish","type":"product","link":"https:\/\/www.rgequip.com\/?product=friteuse-electrique-avec-placard-ferme-36-kw","title":{"rendered":"Friteuse Electrique avec Placard 36 KW"},"content":{"rendered":"<p>La capacit\u00e9 de la tr\u00e9mie est de 22 litres.<br \/>\nLa chambre de la friteuse soud\u00e9e \u00e0 la table sup\u00e9rieure avec une machine \u00e0 souder fait qu&#8217;aucune trace de soudure ne soit visible.<br \/>\nCorps en acier inoxydable \u00e0 longue dur\u00e9e de vie et structure durable.<br \/>\nLa temp\u00e9rature de l&#8217;huile dans la piscine s&#8217;ajuste jusqu&#8217;\u00e0 190 \u00b0 C \u00e0 l&#8217;aide du thermostat<br \/>\nLa vanne de vidange plac\u00e9e sous la piscine d&#8217;huile permet une vidange d&#8217;huile simple et s\u00fbre .<br \/>\nGr\u00e2ce \u00e0 des chauffages en acier inoxydable et \u00e0 faible densit\u00e9 de puissance, l&#8217;huile servira ainsi pendant une longue p\u00e9riode<br \/>\nLes robinets de s\u00e9curit\u00e9 servent \u00e0 augmenter la s\u00e9curit\u00e9 et les thermocouples servent \u00e0 la surveillance de la flamme.<\/p>\n","protected":false},"excerpt":{"rendered":"<p>La capacit\u00e9 de la tr\u00e9mie est de 22 litres. La chambre de la friteuse soud\u00e9e \u00e0 la table sup\u00e9rieure avec<\/p>\n","protected":false},"featured_media":8481,"comment_status":"open","ping_status":"closed","template":"","meta":[],"product_brand":[],"product_cat":[226,256,233],"product_tag":[],"class_list":{"0":"post-8480","1":"product","2":"type-product","3":"status-publish","4":"has-post-thumbnail","6":"product_cat-cuisson","7":"product_cat-f-electrique","8":"product_cat-friteuses","10":"first","11":"instock","12":"shipping-taxable","13":"product-type-simple"},"_links":{"self":[{"href":"https:\/\/www.rgequip.com\/index.php?rest_route=\/wp\/v2\/product\/8480","targetHints":{"allow":["GET"]}}],"collection":[{"href":"https:\/\/www.rgequip.com\/index.php?rest_route=\/wp\/v2\/product"}],"about":[{"href":"https:\/\/www.rgequip.com\/index.php?rest_route=\/wp\/v2\/types\/product"}],"replies":[{"embeddable":true,"href":"https:\/\/www.rgequip.com\/index.php?rest_route=%2Fwp%2Fv2%2Fcomments&post=8480"}],"version-history":[{"count":1,"href":"https:\/\/www.rgequip.com\/index.php?rest_route=\/wp\/v2\/product\/8480\/revisions"}],"predecessor-version":[{"id":8488,"href":"https:\/\/www.rgequip.com\/index.php?rest_route=\/wp\/v2\/product\/8480\/revisions\/8488"}],"wp:featuredmedia":[{"embeddable":true,"href":"https:\/\/www.rgequip.com\/index.php?rest_route=\/wp\/v2\/media\/8481"}],"wp:attachment":[{"href":"https:\/\/www.rgequip.com\/index.php?rest_route=%2Fwp%2Fv2%2Fmedia&parent=8480"}],"wp:term":[{"taxonomy":"product_brand","embeddable":true,"href":"https:\/\/www.rgequip.com\/index.php?rest_route=%2Fwp%2Fv2%2Fproduct_brand&post=8480"},{"taxonomy":"product_cat","embeddable":true,"href":"https:\/\/www.rgequip.com\/index.php?rest_route=%2Fwp%2Fv2%2Fproduct_cat&post=8480"},{"taxonomy":"product_tag","embeddable":true,"href":"https:\/\/www.rgequip.com\/index.php?rest_route=%2Fwp%2Fv2%2Fproduct_tag&post=8480"}],"curies":[{"name":"wp","href":"https:\/\/api.w.org\/{rel}","templated":true}]}}