{"id":8469,"date":"2019-09-10T12:26:23","date_gmt":"2019-09-10T10:26:23","guid":{"rendered":"https:\/\/www.rgequip.com\/?post_type=product&#038;p=8469"},"modified":"2019-09-10T12:26:24","modified_gmt":"2019-09-10T10:26:24","slug":"marmite-electrique-150-l","status":"publish","type":"product","link":"https:\/\/www.rgequip.com\/?product=marmite-electrique-150-l","title":{"rendered":"Marmite Electrique 150 L"},"content":{"rendered":"<p><span>Les pots \u00e0 \u00e9bullition avec bols ronds ou rectangulaires permettent de pr\u00e9parer de nombreux plats, soupes et sauces.<\/span><br \/>\n<span>La structure de la chaudi\u00e8re monobloc,augmente la durabilit\u00e9 des produits et la facilite le nettoyage.<\/span><br \/>\n<span>La couverture \u00e0 double paroi augmente le niveau d&#8217;isolation.<br \/>\nLe m\u00e9canisme de levage du couvercle \u00e0 ressort r\u00e9glable facilite l&#8217;ouverture et la fermeture du couvercle.<\/span><br \/>\n<span>Vous \u00e9conomisez de l\u2019\u00e9nergie et du temps en fermant correctement le couvercle.<br \/>\n<\/span><span>Les br\u00fbleurs \u00e0 micro-trous en acier inoxydable offrent une efficacit\u00e9 maximale dans les mod\u00e8les \u00e0 gaz.<br \/>\nLe robinet de gaz avec dispositif de s\u00e9curit\u00e9 augmente la s\u00e9curit\u00e9 avec un thermocouple pour la surveillance de la flamme.<\/span><br \/>\n<span>Un mat\u00e9riel isolant pour r\u00e9duire la consommation d&#8217;\u00e9nergie recouvre la chaudi\u00e8re.<\/span><br \/>\n<span>La puissance de l&#8217;appareil peut \u00eatre r\u00e9gl\u00e9e \u00e0 l&#8217;aide du bouton situ\u00e9 sur le panneau avant.<\/span><br \/>\n<span>Possibilit\u00e9 de d\u00e9charge rapide avec une grande vanne de vidange compatible avec la sortie.<\/span><\/p>\n","protected":false},"excerpt":{"rendered":"<p>Les pots \u00e0 \u00e9bullition avec bols ronds ou rectangulaires permettent de pr\u00e9parer de nombreux plats, soupes et sauces. La structure<\/p>\n","protected":false},"featured_media":8470,"comment_status":"open","ping_status":"closed","template":"","meta":[],"product_brand":[],"product_cat":[226,227,237],"product_tag":[],"class_list":{"0":"post-8469","1":"product","2":"type-product","3":"status-publish","4":"has-post-thumbnail","6":"product_cat-cuisson","7":"product_cat-fourneaux","8":"product_cat-series-700-900","10":"first","11":"instock","12":"shipping-taxable","13":"product-type-simple"},"_links":{"self":[{"href":"https:\/\/www.rgequip.com\/index.php?rest_route=\/wp\/v2\/product\/8469","targetHints":{"allow":["GET"]}}],"collection":[{"href":"https:\/\/www.rgequip.com\/index.php?rest_route=\/wp\/v2\/product"}],"about":[{"href":"https:\/\/www.rgequip.com\/index.php?rest_route=\/wp\/v2\/types\/product"}],"replies":[{"embeddable":true,"href":"https:\/\/www.rgequip.com\/index.php?rest_route=%2Fwp%2Fv2%2Fcomments&post=8469"}],"version-history":[{"count":1,"href":"https:\/\/www.rgequip.com\/index.php?rest_route=\/wp\/v2\/product\/8469\/revisions"}],"predecessor-version":[{"id":8475,"href":"https:\/\/www.rgequip.com\/index.php?rest_route=\/wp\/v2\/product\/8469\/revisions\/8475"}],"wp:featuredmedia":[{"embeddable":true,"href":"https:\/\/www.rgequip.com\/index.php?rest_route=\/wp\/v2\/media\/8470"}],"wp:attachment":[{"href":"https:\/\/www.rgequip.com\/index.php?rest_route=%2Fwp%2Fv2%2Fmedia&parent=8469"}],"wp:term":[{"taxonomy":"product_brand","embeddable":true,"href":"https:\/\/www.rgequip.com\/index.php?rest_route=%2Fwp%2Fv2%2Fproduct_brand&post=8469"},{"taxonomy":"product_cat","embeddable":true,"href":"https:\/\/www.rgequip.com\/index.php?rest_route=%2Fwp%2Fv2%2Fproduct_cat&post=8469"},{"taxonomy":"product_tag","embeddable":true,"href":"https:\/\/www.rgequip.com\/index.php?rest_route=%2Fwp%2Fv2%2Fproduct_tag&post=8469"}],"curies":[{"name":"wp","href":"https:\/\/api.w.org\/{rel}","templated":true}]}}