{"id":8418,"date":"2019-09-09T19:19:17","date_gmt":"2019-09-09T17:19:17","guid":{"rendered":"https:\/\/www.rgequip.com\/?post_type=product&#038;p=8418"},"modified":"2019-09-09T19:19:18","modified_gmt":"2019-09-09T17:19:18","slug":"coupe-frites","status":"publish","type":"product","link":"https:\/\/www.rgequip.com\/?product=coupe-frites","title":{"rendered":"Coupe Frites"},"content":{"rendered":"<p class=\"artikelgroupLink\">Avec ce coupe-frites vous pouvez faire des frites \u00e0 4 mani\u00e8res diff\u00e9rentes.<br \/>\nR\u00e9alis\u00e9 en aluminium.<br \/>\nAdaptable au mur ou sur le plan de travail de votre cuisine.<br \/>\nAppropri\u00e9 pour ins\u00e9rer des pommes de terre enti\u00e8res et les-couper facilement.<\/p>\n","protected":false},"excerpt":{"rendered":"<p>Avec ce coupe-frites vous pouvez faire des frites \u00e0 4 mani\u00e8res diff\u00e9rentes. R\u00e9alis\u00e9 en aluminium. Adaptable au mur ou sur<\/p>\n","protected":false},"featured_media":8419,"comment_status":"open","ping_status":"closed","template":"","meta":[],"product_brand":[],"product_cat":[337,339,344],"product_tag":[],"class_list":{"0":"post-8418","1":"product","2":"type-product","3":"status-publish","4":"has-post-thumbnail","6":"product_cat-preparation","7":"product_cat-robots-coupe","8":"product_cat-travail-des-legumes","10":"first","11":"instock","12":"shipping-taxable","13":"product-type-simple"},"_links":{"self":[{"href":"https:\/\/www.rgequip.com\/index.php?rest_route=\/wp\/v2\/product\/8418","targetHints":{"allow":["GET"]}}],"collection":[{"href":"https:\/\/www.rgequip.com\/index.php?rest_route=\/wp\/v2\/product"}],"about":[{"href":"https:\/\/www.rgequip.com\/index.php?rest_route=\/wp\/v2\/types\/product"}],"replies":[{"embeddable":true,"href":"https:\/\/www.rgequip.com\/index.php?rest_route=%2Fwp%2Fv2%2Fcomments&post=8418"}],"version-history":[{"count":0,"href":"https:\/\/www.rgequip.com\/index.php?rest_route=\/wp\/v2\/product\/8418\/revisions"}],"wp:featuredmedia":[{"embeddable":true,"href":"https:\/\/www.rgequip.com\/index.php?rest_route=\/wp\/v2\/media\/8419"}],"wp:attachment":[{"href":"https:\/\/www.rgequip.com\/index.php?rest_route=%2Fwp%2Fv2%2Fmedia&parent=8418"}],"wp:term":[{"taxonomy":"product_brand","embeddable":true,"href":"https:\/\/www.rgequip.com\/index.php?rest_route=%2Fwp%2Fv2%2Fproduct_brand&post=8418"},{"taxonomy":"product_cat","embeddable":true,"href":"https:\/\/www.rgequip.com\/index.php?rest_route=%2Fwp%2Fv2%2Fproduct_cat&post=8418"},{"taxonomy":"product_tag","embeddable":true,"href":"https:\/\/www.rgequip.com\/index.php?rest_route=%2Fwp%2Fv2%2Fproduct_tag&post=8418"}],"curies":[{"name":"wp","href":"https:\/\/api.w.org\/{rel}","templated":true}]}}