{"id":8406,"date":"2019-09-09T18:21:43","date_gmt":"2019-09-09T16:21:43","guid":{"rendered":"https:\/\/www.rgequip.com\/?post_type=product&#038;p=8406"},"modified":"2019-09-09T18:21:45","modified_gmt":"2019-09-09T16:21:45","slug":"haut-fourneau-a-gaz","status":"publish","type":"product","link":"https:\/\/www.rgequip.com\/?product=haut-fourneau-a-gaz","title":{"rendered":"Haut Fourneau \u00e0 Gaz"},"content":{"rendered":"<p>Br\u00fbleurs haute puissance \u00e0 fonte couvrant de plus grands expectations de la chaleur.<br \/>\nFonte durable et forte faisant cuire l&#8217;anneau con\u00e7u pour rencontrer la charge lourde.<br \/>\nL&#8217;anneau \u00e0 cuire d\u00e9montable assure un nettoyage plus facile sur le dessus.<br \/>\nle plateau d&#8217;\u00e9gouttement sous les br\u00fbleurs S&#8217;enl\u00e8ve facilement de la partie ant\u00e9rieure.<br \/>\nLe dispositif pilote de flamme et d&#8217;\u00e9chec de flamme est disponible pour la s\u00e9curit\u00e9 suppl\u00e9mentaire.<\/p>\n","protected":false},"excerpt":{"rendered":"<p>Br\u00fbleurs haute puissance \u00e0 fonte couvrant de plus grands expectations de la chaleur. Fonte durable et forte faisant cuire l&#8217;anneau<\/p>\n","protected":false},"featured_media":8407,"comment_status":"open","ping_status":"closed","template":"","meta":[],"product_brand":[],"product_cat":[226,227,238],"product_tag":[],"class_list":{"0":"post-8406","1":"product","2":"type-product","3":"status-publish","4":"has-post-thumbnail","6":"product_cat-cuisson","7":"product_cat-fourneaux","8":"product_cat-series-600-650","10":"first","11":"instock","12":"shipping-taxable","13":"product-type-simple"},"_links":{"self":[{"href":"https:\/\/www.rgequip.com\/index.php?rest_route=\/wp\/v2\/product\/8406","targetHints":{"allow":["GET"]}}],"collection":[{"href":"https:\/\/www.rgequip.com\/index.php?rest_route=\/wp\/v2\/product"}],"about":[{"href":"https:\/\/www.rgequip.com\/index.php?rest_route=\/wp\/v2\/types\/product"}],"replies":[{"embeddable":true,"href":"https:\/\/www.rgequip.com\/index.php?rest_route=%2Fwp%2Fv2%2Fcomments&post=8406"}],"version-history":[{"count":0,"href":"https:\/\/www.rgequip.com\/index.php?rest_route=\/wp\/v2\/product\/8406\/revisions"}],"wp:featuredmedia":[{"embeddable":true,"href":"https:\/\/www.rgequip.com\/index.php?rest_route=\/wp\/v2\/media\/8407"}],"wp:attachment":[{"href":"https:\/\/www.rgequip.com\/index.php?rest_route=%2Fwp%2Fv2%2Fmedia&parent=8406"}],"wp:term":[{"taxonomy":"product_brand","embeddable":true,"href":"https:\/\/www.rgequip.com\/index.php?rest_route=%2Fwp%2Fv2%2Fproduct_brand&post=8406"},{"taxonomy":"product_cat","embeddable":true,"href":"https:\/\/www.rgequip.com\/index.php?rest_route=%2Fwp%2Fv2%2Fproduct_cat&post=8406"},{"taxonomy":"product_tag","embeddable":true,"href":"https:\/\/www.rgequip.com\/index.php?rest_route=%2Fwp%2Fv2%2Fproduct_tag&post=8406"}],"curies":[{"name":"wp","href":"https:\/\/api.w.org\/{rel}","templated":true}]}}