{"id":8111,"date":"2019-09-05T19:07:47","date_gmt":"2019-09-05T17:07:47","guid":{"rendered":"https:\/\/www.rgequip.com\/?post_type=product&#038;p=8111"},"modified":"2019-09-06T04:11:16","modified_gmt":"2019-09-06T02:11:16","slug":"sterilisateur-de-couteau","status":"publish","type":"product","link":"https:\/\/www.rgequip.com\/?product=sterilisateur-de-couteau","title":{"rendered":"St\u00e9rilisateur de Couteau"},"content":{"rendered":"<p>Corps en acier inoxydable<br \/>\nFiltre color\u00e9 pour rayons ultraviolets, plexiglas, couvercle verrouillable<br \/>\nMinuterie (0-90 min.)<br \/>\nEn plus, son interrupteur de s\u00e9curit\u00e9 permet d\u2019arr\u00eater l&#8217;activit\u00e9 de l&#8217;\u00e9quipement en cas d&#8217;ouverture du couvercle.<br \/>\nEnfin, Sa Structure appropri\u00e9e \u00e0 accrocher au mur.<\/p>\n","protected":false},"excerpt":{"rendered":"<p>Corps en acier inoxydable Filtre color\u00e9 pour rayons ultraviolets, plexiglas, couvercle verrouillable Minuterie (0-90 min.) En plus, son interrupteur de<\/p>\n","protected":false},"featured_media":8131,"comment_status":"open","ping_status":"closed","template":"","meta":[],"product_brand":[],"product_cat":[337,340,355],"product_tag":[],"class_list":{"0":"post-8111","1":"product","2":"type-product","3":"status-publish","4":"has-post-thumbnail","6":"product_cat-preparation","7":"product_cat-accessoires-preparation","8":"product_cat-ustensils","10":"first","11":"instock","12":"shipping-taxable","13":"product-type-simple"},"_links":{"self":[{"href":"https:\/\/www.rgequip.com\/index.php?rest_route=\/wp\/v2\/product\/8111","targetHints":{"allow":["GET"]}}],"collection":[{"href":"https:\/\/www.rgequip.com\/index.php?rest_route=\/wp\/v2\/product"}],"about":[{"href":"https:\/\/www.rgequip.com\/index.php?rest_route=\/wp\/v2\/types\/product"}],"replies":[{"embeddable":true,"href":"https:\/\/www.rgequip.com\/index.php?rest_route=%2Fwp%2Fv2%2Fcomments&post=8111"}],"version-history":[{"count":1,"href":"https:\/\/www.rgequip.com\/index.php?rest_route=\/wp\/v2\/product\/8111\/revisions"}],"predecessor-version":[{"id":8132,"href":"https:\/\/www.rgequip.com\/index.php?rest_route=\/wp\/v2\/product\/8111\/revisions\/8132"}],"wp:featuredmedia":[{"embeddable":true,"href":"https:\/\/www.rgequip.com\/index.php?rest_route=\/wp\/v2\/media\/8131"}],"wp:attachment":[{"href":"https:\/\/www.rgequip.com\/index.php?rest_route=%2Fwp%2Fv2%2Fmedia&parent=8111"}],"wp:term":[{"taxonomy":"product_brand","embeddable":true,"href":"https:\/\/www.rgequip.com\/index.php?rest_route=%2Fwp%2Fv2%2Fproduct_brand&post=8111"},{"taxonomy":"product_cat","embeddable":true,"href":"https:\/\/www.rgequip.com\/index.php?rest_route=%2Fwp%2Fv2%2Fproduct_cat&post=8111"},{"taxonomy":"product_tag","embeddable":true,"href":"https:\/\/www.rgequip.com\/index.php?rest_route=%2Fwp%2Fv2%2Fproduct_tag&post=8111"}],"curies":[{"name":"wp","href":"https:\/\/api.w.org\/{rel}","templated":true}]}}