{"id":8094,"date":"2019-09-05T18:11:47","date_gmt":"2019-09-05T16:11:47","guid":{"rendered":"https:\/\/www.rgequip.com\/?post_type=product&#038;p=8094"},"modified":"2019-09-06T04:08:09","modified_gmt":"2019-09-06T02:08:09","slug":"self-service-bain-marie","status":"publish","type":"product","link":"https:\/\/www.rgequip.com\/?product=self-service-bain-marie","title":{"rendered":"Self-Service Bain Marie"},"content":{"rendered":"<p>Fabriqu\u00e9 en Acier inoxydable AISI 304<br \/>\nSyst\u00e8me de chauffage indirect par r\u00e9sistances cach\u00e9es<br \/>\nR\u00e9glage et contr\u00f4le de temp\u00e9rature du bain-marie r\u00e9alis\u00e9s \u00e0 l&#8217;aide d&#8217;une commande num\u00e9rique, pour une temp\u00e9rature comprise entre +30\u00b0C\/90\u00b0C<br \/>\nLes rampes \u00e0 plateaux, les plinthes et les bacs GN NON INCLUS<\/p>\n","protected":false},"excerpt":{"rendered":"<p>Fabriqu\u00e9 en Acier inoxydable AISI 304 Syst\u00e8me de chauffage indirect par r\u00e9sistances cach\u00e9es R\u00e9glage et contr\u00f4le de temp\u00e9rature du bain-marie<\/p>\n","protected":false},"featured_media":8103,"comment_status":"open","ping_status":"closed","template":"","meta":[],"product_brand":[],"product_cat":[313,301,304,297,305],"product_tag":[],"class_list":{"0":"post-8094","1":"product","2":"type-product","3":"status-publish","4":"has-post-thumbnail","6":"product_cat-maintien-chaud","7":"product_cat-bain-marie","8":"product_cat-buffet-chaud","9":"product_cat-presentation-chaude","10":"product_cat-vitrine-chaude","12":"first","13":"instock","14":"shipping-taxable","15":"product-type-simple"},"_links":{"self":[{"href":"https:\/\/www.rgequip.com\/index.php?rest_route=\/wp\/v2\/product\/8094","targetHints":{"allow":["GET"]}}],"collection":[{"href":"https:\/\/www.rgequip.com\/index.php?rest_route=\/wp\/v2\/product"}],"about":[{"href":"https:\/\/www.rgequip.com\/index.php?rest_route=\/wp\/v2\/types\/product"}],"replies":[{"embeddable":true,"href":"https:\/\/www.rgequip.com\/index.php?rest_route=%2Fwp%2Fv2%2Fcomments&post=8094"}],"version-history":[{"count":0,"href":"https:\/\/www.rgequip.com\/index.php?rest_route=\/wp\/v2\/product\/8094\/revisions"}],"wp:featuredmedia":[{"embeddable":true,"href":"https:\/\/www.rgequip.com\/index.php?rest_route=\/wp\/v2\/media\/8103"}],"wp:attachment":[{"href":"https:\/\/www.rgequip.com\/index.php?rest_route=%2Fwp%2Fv2%2Fmedia&parent=8094"}],"wp:term":[{"taxonomy":"product_brand","embeddable":true,"href":"https:\/\/www.rgequip.com\/index.php?rest_route=%2Fwp%2Fv2%2Fproduct_brand&post=8094"},{"taxonomy":"product_cat","embeddable":true,"href":"https:\/\/www.rgequip.com\/index.php?rest_route=%2Fwp%2Fv2%2Fproduct_cat&post=8094"},{"taxonomy":"product_tag","embeddable":true,"href":"https:\/\/www.rgequip.com\/index.php?rest_route=%2Fwp%2Fv2%2Fproduct_tag&post=8094"}],"curies":[{"name":"wp","href":"https:\/\/api.w.org\/{rel}","templated":true}]}}