{"id":8007,"date":"2019-09-04T14:56:39","date_gmt":"2019-09-04T12:56:39","guid":{"rendered":"https:\/\/www.rgequip.com\/?post_type=product&#038;p=8007"},"modified":"2019-09-04T14:58:55","modified_gmt":"2019-09-04T12:58:55","slug":"armoire-refrigeree-4-portes-faces-vitrees-650800185","status":"publish","type":"product","link":"https:\/\/www.rgequip.com\/?product=armoire-refrigeree-4-portes-faces-vitrees-650800185","title":{"rendered":"Armoire R\u00e9frig\u00e9r\u00e9e 4 portes Faces Vitr\u00e9es 650*800*185"},"content":{"rendered":"<p>Vos p\u00e2tisseries et cr\u00e9ations glac\u00e9es se pr\u00e9sentent sur 5 \u00e9tag\u00e8res<br \/>\nle verre\u00a0 est d&#8217;une de dimensions 410 x 510 mm r\u00e9glables sur 6 niveaux.<br \/>\nLe syst\u00e8me de r\u00e9frig\u00e9ration ventil\u00e9e assure une temp\u00e9rature homog\u00e8ne de -5 \u00e0 -20\u00b0C .<br \/>\nLa vitrine n\u00e9gative RDN 600 est sp\u00e9cialement con\u00e7ue pour la pr\u00e9sentation des glaces et desserts glac\u00e9s dans votre restaurant ou votre boulangerie-p\u00e2tisserie.<\/p>\n<p>&nbsp;<\/p>\n","protected":false},"excerpt":{"rendered":"<p>Vos p\u00e2tisseries et cr\u00e9ations glac\u00e9es se pr\u00e9sentent sur 5 \u00e9tag\u00e8res le verre\u00a0 est d&#8217;une de dimensions 410 x 510 mm<\/p>\n","protected":false},"featured_media":8022,"comment_status":"open","ping_status":"closed","template":"","meta":[],"product_brand":[],"product_cat":[369,386],"product_tag":[],"class_list":{"0":"post-8007","1":"product","2":"type-product","3":"status-publish","4":"has-post-thumbnail","6":"product_cat-boulangerie","7":"product_cat-vitrines-espaces-de-vente","9":"first","10":"instock","11":"shipping-taxable","12":"product-type-simple"},"_links":{"self":[{"href":"https:\/\/www.rgequip.com\/index.php?rest_route=\/wp\/v2\/product\/8007","targetHints":{"allow":["GET"]}}],"collection":[{"href":"https:\/\/www.rgequip.com\/index.php?rest_route=\/wp\/v2\/product"}],"about":[{"href":"https:\/\/www.rgequip.com\/index.php?rest_route=\/wp\/v2\/types\/product"}],"replies":[{"embeddable":true,"href":"https:\/\/www.rgequip.com\/index.php?rest_route=%2Fwp%2Fv2%2Fcomments&post=8007"}],"version-history":[{"count":1,"href":"https:\/\/www.rgequip.com\/index.php?rest_route=\/wp\/v2\/product\/8007\/revisions"}],"predecessor-version":[{"id":8024,"href":"https:\/\/www.rgequip.com\/index.php?rest_route=\/wp\/v2\/product\/8007\/revisions\/8024"}],"wp:featuredmedia":[{"embeddable":true,"href":"https:\/\/www.rgequip.com\/index.php?rest_route=\/wp\/v2\/media\/8022"}],"wp:attachment":[{"href":"https:\/\/www.rgequip.com\/index.php?rest_route=%2Fwp%2Fv2%2Fmedia&parent=8007"}],"wp:term":[{"taxonomy":"product_brand","embeddable":true,"href":"https:\/\/www.rgequip.com\/index.php?rest_route=%2Fwp%2Fv2%2Fproduct_brand&post=8007"},{"taxonomy":"product_cat","embeddable":true,"href":"https:\/\/www.rgequip.com\/index.php?rest_route=%2Fwp%2Fv2%2Fproduct_cat&post=8007"},{"taxonomy":"product_tag","embeddable":true,"href":"https:\/\/www.rgequip.com\/index.php?rest_route=%2Fwp%2Fv2%2Fproduct_tag&post=8007"}],"curies":[{"name":"wp","href":"https:\/\/api.w.org\/{rel}","templated":true}]}}