{"id":7941,"date":"2019-09-03T13:45:53","date_gmt":"2019-09-03T11:45:53","guid":{"rendered":"https:\/\/www.rgequip.com\/?post_type=product&#038;p=7941"},"modified":"2019-09-03T13:45:54","modified_gmt":"2019-09-03T11:45:54","slug":"machine-a-kebab-4-feux-et-moteur-en-bas","status":"publish","type":"product","link":"https:\/\/www.rgequip.com\/?product=machine-a-kebab-4-feux-et-moteur-en-bas","title":{"rendered":"Machine A Kebab 4 Feux et Moteur en Bas"},"content":{"rendered":"<div>Hauteur totale, moteur inclus : 1120 mm<\/div>\n<div>Puissance chauffante : 14,00 \/ 11,20 kW<\/div>\n<div>Quantit\u00e9 maximale de viande : 70 kg<\/div>\n<div>Surface combustible (hauteur x largeur) : 645 x 185 mm<\/div>\n<div>Hauteur maximale de viande : 630 mm<\/div>\n<div>Br\u00fbleurs jumel\u00e9s infra-rouges avec plaques c\u00e9ramiques<\/div>\n<div>Surface sans cuve la graisse (largeur x profondeur) : 510 x 590 mm<\/div>\n<div>Surface avec cuve octogonale pour la graisse (largeur x profondeur) : 550 x 740 mm<\/div>\n<div>Fabrication en acier inoxydable (non-corrosif)<\/div>\n","protected":false},"excerpt":{"rendered":"<p>Hauteur totale, moteur inclus : 1120 mm Puissance chauffante : 14,00 \/ 11,20 kW Quantit\u00e9 maximale de viande : 70<\/p>\n","protected":false},"featured_media":7129,"comment_status":"open","ping_status":"closed","template":"","meta":[],"product_brand":[],"product_cat":[226,263,235],"product_tag":[],"class_list":{"0":"post-7941","1":"product","2":"type-product","3":"status-publish","4":"has-post-thumbnail","6":"product_cat-cuisson","7":"product_cat-kebab","8":"product_cat-snacking","10":"first","11":"instock","12":"shipping-taxable","13":"product-type-simple"},"_links":{"self":[{"href":"https:\/\/www.rgequip.com\/index.php?rest_route=\/wp\/v2\/product\/7941","targetHints":{"allow":["GET"]}}],"collection":[{"href":"https:\/\/www.rgequip.com\/index.php?rest_route=\/wp\/v2\/product"}],"about":[{"href":"https:\/\/www.rgequip.com\/index.php?rest_route=\/wp\/v2\/types\/product"}],"replies":[{"embeddable":true,"href":"https:\/\/www.rgequip.com\/index.php?rest_route=%2Fwp%2Fv2%2Fcomments&post=7941"}],"version-history":[{"count":0,"href":"https:\/\/www.rgequip.com\/index.php?rest_route=\/wp\/v2\/product\/7941\/revisions"}],"wp:featuredmedia":[{"embeddable":true,"href":"https:\/\/www.rgequip.com\/index.php?rest_route=\/wp\/v2\/media\/7129"}],"wp:attachment":[{"href":"https:\/\/www.rgequip.com\/index.php?rest_route=%2Fwp%2Fv2%2Fmedia&parent=7941"}],"wp:term":[{"taxonomy":"product_brand","embeddable":true,"href":"https:\/\/www.rgequip.com\/index.php?rest_route=%2Fwp%2Fv2%2Fproduct_brand&post=7941"},{"taxonomy":"product_cat","embeddable":true,"href":"https:\/\/www.rgequip.com\/index.php?rest_route=%2Fwp%2Fv2%2Fproduct_cat&post=7941"},{"taxonomy":"product_tag","embeddable":true,"href":"https:\/\/www.rgequip.com\/index.php?rest_route=%2Fwp%2Fv2%2Fproduct_tag&post=7941"}],"curies":[{"name":"wp","href":"https:\/\/api.w.org\/{rel}","templated":true}]}}