{"id":7850,"date":"2019-09-02T13:45:59","date_gmt":"2019-09-02T11:45:59","guid":{"rendered":"https:\/\/www.rgequip.com\/?post_type=product&#038;p=7850"},"modified":"2019-09-02T16:04:40","modified_gmt":"2019-09-02T14:04:40","slug":"plancha-double-gaz-704620","status":"publish","type":"product","link":"https:\/\/www.rgequip.com\/?product=plancha-double-gaz-704620","title":{"rendered":"Plancha Double Gaz 70*46*20"},"content":{"rendered":"<p>Cette plaque \u00e0 snacker double est dot\u00e9e d&#8217;une surface de cuisson \u00e9maill\u00e9 pour saisir la viande,le poisson, les l\u00e9gumes.<br \/>\nSa structure en inox vous apportera \u00e9galement une excellente robustesse et long\u00e9vit\u00e9 dans le temps.<br \/>\nLa r\u00e9gulation par thermostat permet un r\u00e9glage pr\u00e9cis des temp\u00e9ratures de cuisson.<br \/>\nR\u00e9alis\u00e9 sur un ch\u00e2ssis en acier inox avec pieds r\u00e9glables cela favorisent la mise \u00e0 niveau du bac de r\u00e9cup\u00e9ration des jus de cuisson.<br \/>\nCette plaque \u00e0 snacker donnera une cuisson homog\u00e8ne, saine, conservant les qualit\u00e9s organoleptiques des aliments.<br \/>\nCette plancha pro est ainsi id\u00e9ale pour les professionnels de la restauration, foodtrucks, snacks &#8230; anti-\u00e9claboussures .<br \/>\nElle vous garantira une nettoyage facile et s&#8217;adaptera \u00e0 votre cuisine.<br \/>\nCompacte et l\u00e9g\u00e8re elle sera \u00e9galement facile \u00e0 transporter.<\/p>\n","protected":false},"excerpt":{"rendered":"<p>Cette plaque \u00e0 snacker double est dot\u00e9e d&#8217;une surface de cuisson \u00e9maill\u00e9 pour saisir la viande,le poisson, les l\u00e9gumes. Sa<\/p>\n","protected":false},"featured_media":7869,"comment_status":"open","ping_status":"closed","template":"","meta":[],"product_brand":[],"product_cat":[226,261,235],"product_tag":[],"class_list":{"0":"post-7850","1":"product","2":"type-product","3":"status-publish","4":"has-post-thumbnail","6":"product_cat-cuisson","7":"product_cat-plancha","8":"product_cat-snacking","10":"first","11":"instock","12":"shipping-taxable","13":"product-type-simple"},"_links":{"self":[{"href":"https:\/\/www.rgequip.com\/index.php?rest_route=\/wp\/v2\/product\/7850","targetHints":{"allow":["GET"]}}],"collection":[{"href":"https:\/\/www.rgequip.com\/index.php?rest_route=\/wp\/v2\/product"}],"about":[{"href":"https:\/\/www.rgequip.com\/index.php?rest_route=\/wp\/v2\/types\/product"}],"replies":[{"embeddable":true,"href":"https:\/\/www.rgequip.com\/index.php?rest_route=%2Fwp%2Fv2%2Fcomments&post=7850"}],"version-history":[{"count":0,"href":"https:\/\/www.rgequip.com\/index.php?rest_route=\/wp\/v2\/product\/7850\/revisions"}],"wp:featuredmedia":[{"embeddable":true,"href":"https:\/\/www.rgequip.com\/index.php?rest_route=\/wp\/v2\/media\/7869"}],"wp:attachment":[{"href":"https:\/\/www.rgequip.com\/index.php?rest_route=%2Fwp%2Fv2%2Fmedia&parent=7850"}],"wp:term":[{"taxonomy":"product_brand","embeddable":true,"href":"https:\/\/www.rgequip.com\/index.php?rest_route=%2Fwp%2Fv2%2Fproduct_brand&post=7850"},{"taxonomy":"product_cat","embeddable":true,"href":"https:\/\/www.rgequip.com\/index.php?rest_route=%2Fwp%2Fv2%2Fproduct_cat&post=7850"},{"taxonomy":"product_tag","embeddable":true,"href":"https:\/\/www.rgequip.com\/index.php?rest_route=%2Fwp%2Fv2%2Fproduct_tag&post=7850"}],"curies":[{"name":"wp","href":"https:\/\/api.w.org\/{rel}","templated":true}]}}