{"id":7690,"date":"2019-08-31T10:41:15","date_gmt":"2019-08-31T08:41:15","guid":{"rendered":"https:\/\/www.rgequip.com\/?post_type=product&#038;p=7690"},"modified":"2019-08-31T10:41:16","modified_gmt":"2019-08-31T08:41:16","slug":"mini-toaster-8-tranches","status":"publish","type":"product","link":"https:\/\/www.rgequip.com\/?product=mini-toaster-8-tranches","title":{"rendered":"Mini Toaster 8 tranches"},"content":{"rendered":"<div class=\"bhgxx2 col-12-12\">\n<div class=\"_1y9a40\">\n<div class=\"_3cpW1u\">\n<div class=\"_3la3Fn _1zZOAc\">Ce grille-pain avec des plaques flottantes permet un r\u00e9glage en hauteur en fonction de l&#8217;\u00e9paisseur de la nourriture.<br \/>\nTout d&#8217;abord, il poss\u00e8de une poign\u00e9e en acier inoxydable au toucher froid.<br \/>\nL&#8217; autre caract\u00e9ristique importante de ce grille-pain est qu\u2019il est fourni avec une plaque anti-adh\u00e9sive. De plus, l&#8217;indicateur de cuisson est fourni.<br \/>\nC&#8217;est un appareil facile \u00e0 nettoyer et \u00e0 verrouiller avec une grande surface de cuisson.<br \/>\nComme autres caract\u00e9ristiques nous pouvons cit\u00e9 : un enrouleur de cordon avec une ouverture \u00e0 180 degr\u00e9s, un contr\u00f4le de temp\u00e9rature r\u00e9glable, une plaque de cuisson antiadh\u00e9sive et enfin une poign\u00e9e coulissante avec indicateur de puissance et pr\u00eat \u00e0 cuire, 2 tasses \u00e0 huile et 1 spatule gratuite.<\/div>\n<\/div>\n<\/div>\n<\/div>\n<div class=\"bhgxx2 col-12-12\">\n<div class=\"MocXoX\">\n<div class=\"_2GiuhO\"><\/div>\n<\/div>\n<\/div>\n","protected":false},"excerpt":{"rendered":"<p>Ce grille-pain avec des plaques flottantes permet un r\u00e9glage en hauteur en fonction de l&#8217;\u00e9paisseur de la nourriture. Tout d&#8217;abord,<\/p>\n","protected":false},"featured_media":7726,"comment_status":"open","ping_status":"closed","template":"","meta":[],"product_brand":[],"product_cat":[226,251,250,249,231],"product_tag":[],"class_list":{"0":"post-7690","1":"product","2":"type-product","3":"status-publish","4":"has-post-thumbnail","6":"product_cat-cuisson","7":"product_cat-salamandre","8":"product_cat-t-convoyer","9":"product_cat-t-professionnel","10":"product_cat-toaster","12":"first","13":"instock","14":"shipping-taxable","15":"product-type-simple"},"_links":{"self":[{"href":"https:\/\/www.rgequip.com\/index.php?rest_route=\/wp\/v2\/product\/7690","targetHints":{"allow":["GET"]}}],"collection":[{"href":"https:\/\/www.rgequip.com\/index.php?rest_route=\/wp\/v2\/product"}],"about":[{"href":"https:\/\/www.rgequip.com\/index.php?rest_route=\/wp\/v2\/types\/product"}],"replies":[{"embeddable":true,"href":"https:\/\/www.rgequip.com\/index.php?rest_route=%2Fwp%2Fv2%2Fcomments&post=7690"}],"version-history":[{"count":0,"href":"https:\/\/www.rgequip.com\/index.php?rest_route=\/wp\/v2\/product\/7690\/revisions"}],"wp:featuredmedia":[{"embeddable":true,"href":"https:\/\/www.rgequip.com\/index.php?rest_route=\/wp\/v2\/media\/7726"}],"wp:attachment":[{"href":"https:\/\/www.rgequip.com\/index.php?rest_route=%2Fwp%2Fv2%2Fmedia&parent=7690"}],"wp:term":[{"taxonomy":"product_brand","embeddable":true,"href":"https:\/\/www.rgequip.com\/index.php?rest_route=%2Fwp%2Fv2%2Fproduct_brand&post=7690"},{"taxonomy":"product_cat","embeddable":true,"href":"https:\/\/www.rgequip.com\/index.php?rest_route=%2Fwp%2Fv2%2Fproduct_cat&post=7690"},{"taxonomy":"product_tag","embeddable":true,"href":"https:\/\/www.rgequip.com\/index.php?rest_route=%2Fwp%2Fv2%2Fproduct_tag&post=7690"}],"curies":[{"name":"wp","href":"https:\/\/api.w.org\/{rel}","templated":true}]}}