{"id":7481,"date":"2019-08-27T15:11:01","date_gmt":"2019-08-27T13:11:01","guid":{"rendered":"https:\/\/www.rgequip.com\/?post_type=product&#038;p=7481"},"modified":"2019-08-27T15:19:03","modified_gmt":"2019-08-27T13:19:03","slug":"fouet-pour-mixeur-plongeant","status":"publish","type":"product","link":"https:\/\/www.rgequip.com\/?product=fouet-pour-mixeur-plongeant","title":{"rendered":"Fouet pour mixeur plongeant"},"content":{"rendered":"<p>Il est id\u00e9al pour un usage l\u00e9ger et vous permettra de r\u00e9aliser des soupes, des sauces et des \u00e9mulsions en un laps de temps.<br \/>\nIl vous s\u00e9duira de par ses fonctionnalit\u00e9s.<br \/>\nFacile d&#8217;utilisation, puissant et robuste, il r\u00e9pondra \u00e0 toutes vos attentes et vos exigences. Bo\u00eetier en polyamide renforc\u00e9 de fibres. Manche et lame en acier inoxydable. Facile \u00e0 nettoyer. Consiste en 2 fouets. Inox<br \/>\n\u00d8120&#215;320 mm<\/p>\n","protected":false},"excerpt":{"rendered":"<p>Il est id\u00e9al pour un usage l\u00e9ger et vous permettra de r\u00e9aliser des soupes, des sauces et des \u00e9mulsions en<\/p>\n","protected":false},"featured_media":7487,"comment_status":"open","ping_status":"closed","template":"","meta":[],"product_brand":[],"product_cat":[337,351,339],"product_tag":[],"class_list":{"0":"post-7481","1":"product","2":"type-product","3":"status-publish","4":"has-post-thumbnail","6":"product_cat-preparation","7":"product_cat-mixer-plongeant","8":"product_cat-robots-coupe","10":"first","11":"instock","12":"shipping-taxable","13":"product-type-simple"},"_links":{"self":[{"href":"https:\/\/www.rgequip.com\/index.php?rest_route=\/wp\/v2\/product\/7481","targetHints":{"allow":["GET"]}}],"collection":[{"href":"https:\/\/www.rgequip.com\/index.php?rest_route=\/wp\/v2\/product"}],"about":[{"href":"https:\/\/www.rgequip.com\/index.php?rest_route=\/wp\/v2\/types\/product"}],"replies":[{"embeddable":true,"href":"https:\/\/www.rgequip.com\/index.php?rest_route=%2Fwp%2Fv2%2Fcomments&post=7481"}],"version-history":[{"count":0,"href":"https:\/\/www.rgequip.com\/index.php?rest_route=\/wp\/v2\/product\/7481\/revisions"}],"wp:featuredmedia":[{"embeddable":true,"href":"https:\/\/www.rgequip.com\/index.php?rest_route=\/wp\/v2\/media\/7487"}],"wp:attachment":[{"href":"https:\/\/www.rgequip.com\/index.php?rest_route=%2Fwp%2Fv2%2Fmedia&parent=7481"}],"wp:term":[{"taxonomy":"product_brand","embeddable":true,"href":"https:\/\/www.rgequip.com\/index.php?rest_route=%2Fwp%2Fv2%2Fproduct_brand&post=7481"},{"taxonomy":"product_cat","embeddable":true,"href":"https:\/\/www.rgequip.com\/index.php?rest_route=%2Fwp%2Fv2%2Fproduct_cat&post=7481"},{"taxonomy":"product_tag","embeddable":true,"href":"https:\/\/www.rgequip.com\/index.php?rest_route=%2Fwp%2Fv2%2Fproduct_tag&post=7481"}],"curies":[{"name":"wp","href":"https:\/\/api.w.org\/{rel}","templated":true}]}}