{"id":7472,"date":"2019-08-27T14:01:59","date_gmt":"2019-08-27T12:01:59","guid":{"rendered":"https:\/\/www.rgequip.com\/?post_type=product&#038;p=7472"},"modified":"2019-08-27T14:01:59","modified_gmt":"2019-08-27T12:01:59","slug":"cuiseur-a-pates-sur-coffre","status":"publish","type":"product","link":"https:\/\/www.rgequip.com\/?product=cuiseur-a-pates-sur-coffre","title":{"rendered":"Cuiseur \u00e0 Pates sur Coffre"},"content":{"rendered":"<p><span>\u00a0La piscine est longue et facile \u00e0 nettoyer elle <\/span><span>est soud\u00e9e \u00e0 la table sup\u00e9rieure par soudage \u00e0 la molette avec u<\/span><span>ne feuille de drainage perfor\u00e9e. <\/span><br \/>\n<span>D&#8217;une capacit\u00e9 de 20 litres de volume la piscine a la possibilit\u00e9 de recevoir une grande quantit\u00e9 de produits et les paniers servent \u00e0\u00a0 drainer l&#8217;exc\u00e8s d&#8217;eau.\u00a0<\/span><\/p>\n<p><span>De plus, le r<\/span><span>obinet de vidange sur le panneau avant permet une vidange rapide. <\/span><span>Le br\u00fbleur en acier inoxydable \u00e0 micro-trous assure une efficacit\u00e9 maximale. <\/span><\/p>\n<p><span>En outre, les robinets de s\u00e9curit\u00e9 sont utilis\u00e9s pour augmenter la s\u00e9curit\u00e9 et les thermocouples pour la surveillance de la flamme. <\/span><\/p>\n<p><span>Gr\u00e2ce au syst\u00e8me de veilleuse dans les br\u00fbleurs<\/span><span>, l&#8217;utilisation de l&#8217; appareil est facile et facile. <\/span><\/p>\n<p><span>La dur\u00e9e de vie des appareils de chauffage est maximis\u00e9e gr\u00e2ce \u00e0 des appareils de chauffage en acier inoxydable \u00e0 faible densit\u00e9 de puissance.<\/span><\/p>\n<p><span>La temp\u00e9rature de l&#8217;eau permet une augmentation rapide.<\/span><\/p>\n","protected":false},"excerpt":{"rendered":"<p>\u00a0La piscine est longue et facile \u00e0 nettoyer elle est soud\u00e9e \u00e0 la table sup\u00e9rieure par soudage \u00e0 la molette<\/p>\n","protected":false},"featured_media":7473,"comment_status":"open","ping_status":"closed","template":"","meta":[],"product_brand":[],"product_cat":[226,264,236],"product_tag":[],"class_list":{"0":"post-7472","1":"product","2":"type-product","3":"status-publish","4":"has-post-thumbnail","6":"product_cat-cuisson","7":"product_cat-cuiseur-a-pates","8":"product_cat-cuiseurs","10":"first","11":"instock","12":"shipping-taxable","13":"product-type-simple"},"_links":{"self":[{"href":"https:\/\/www.rgequip.com\/index.php?rest_route=\/wp\/v2\/product\/7472","targetHints":{"allow":["GET"]}}],"collection":[{"href":"https:\/\/www.rgequip.com\/index.php?rest_route=\/wp\/v2\/product"}],"about":[{"href":"https:\/\/www.rgequip.com\/index.php?rest_route=\/wp\/v2\/types\/product"}],"replies":[{"embeddable":true,"href":"https:\/\/www.rgequip.com\/index.php?rest_route=%2Fwp%2Fv2%2Fcomments&post=7472"}],"version-history":[{"count":1,"href":"https:\/\/www.rgequip.com\/index.php?rest_route=\/wp\/v2\/product\/7472\/revisions"}],"predecessor-version":[{"id":7475,"href":"https:\/\/www.rgequip.com\/index.php?rest_route=\/wp\/v2\/product\/7472\/revisions\/7475"}],"wp:featuredmedia":[{"embeddable":true,"href":"https:\/\/www.rgequip.com\/index.php?rest_route=\/wp\/v2\/media\/7473"}],"wp:attachment":[{"href":"https:\/\/www.rgequip.com\/index.php?rest_route=%2Fwp%2Fv2%2Fmedia&parent=7472"}],"wp:term":[{"taxonomy":"product_brand","embeddable":true,"href":"https:\/\/www.rgequip.com\/index.php?rest_route=%2Fwp%2Fv2%2Fproduct_brand&post=7472"},{"taxonomy":"product_cat","embeddable":true,"href":"https:\/\/www.rgequip.com\/index.php?rest_route=%2Fwp%2Fv2%2Fproduct_cat&post=7472"},{"taxonomy":"product_tag","embeddable":true,"href":"https:\/\/www.rgequip.com\/index.php?rest_route=%2Fwp%2Fv2%2Fproduct_tag&post=7472"}],"curies":[{"name":"wp","href":"https:\/\/api.w.org\/{rel}","templated":true}]}}