{"id":7456,"date":"2019-08-27T11:30:29","date_gmt":"2019-08-27T09:30:29","guid":{"rendered":"https:\/\/www.rgequip.com\/?post_type=product&#038;p=7456"},"modified":"2020-07-09T13:51:49","modified_gmt":"2020-07-09T11:51:49","slug":"grill-double-electrique-lisse","status":"publish","type":"product","link":"https:\/\/www.rgequip.com\/?product=grill-double-electrique-lisse","title":{"rendered":"Grill Double Electrique lisse"},"content":{"rendered":"<p>La conception des grills permet une restitution homog\u00e8ne de la chaleur sur toute la surface de cuisson. Sur les mod\u00e8les doubles (largeur 800 mm),chaque zone de cuisson est contr\u00f4l\u00e9e ind\u00e9pendamment par thermostat. Gr\u00e2ce \u00e0 son plan de travail en inox, ce grill professionnel sera d&#8217;une facilit\u00e9 d&#8217;utilisation incroyable pour son utilisateur. En plus d&#8217;\u00eatre simple \u00e0 utiliser, il sera \u00e9galement tr\u00e8s facile lors de l&#8217;entretien de ce dernier.\u00a0 Il poss\u00e8de aussi un contr\u00f4le thermostatique ainsi qu&#8217;un thermostat de s\u00e9curit\u00e9 \u00e0 red\u00e9marrage manuel. Ce grill vous permettra de cuire, de saisir et de maintenir au chaud des viandes, des l\u00e9gumes et du poisson,le r\u00e9glage de la temp\u00e9rature s&#8217;\u00e9l\u00e8ve de 50\u00b0 \u00e0 270\u00b0C. Afin de faciliter son utilisation, un voyant de tension et un voyant d&#8217;atteinte de la temp\u00e9rature sont pr\u00e9sents.\u00a0Cet\u00a0appareil professionnel est donc con\u00e7u pour les cuissons d\u00e9licates et est id\u00e9al pour les friteries, les\u00a0snacks\u00a0et les\u00a0restaurants.<\/p>\n","protected":false},"excerpt":{"rendered":"<p>La conception des grills permet une restitution homog\u00e8ne de la chaleur sur toute la surface de cuisson. Sur les mod\u00e8les<\/p>\n","protected":false},"featured_media":18163,"comment_status":"open","ping_status":"closed","template":"","meta":[],"product_brand":[],"product_cat":[226,227,238],"product_tag":[],"class_list":{"0":"post-7456","1":"product","2":"type-product","3":"status-publish","4":"has-post-thumbnail","6":"product_cat-cuisson","7":"product_cat-fourneaux","8":"product_cat-series-600-650","10":"first","11":"instock","12":"shipping-taxable","13":"product-type-simple"},"_links":{"self":[{"href":"https:\/\/www.rgequip.com\/index.php?rest_route=\/wp\/v2\/product\/7456","targetHints":{"allow":["GET"]}}],"collection":[{"href":"https:\/\/www.rgequip.com\/index.php?rest_route=\/wp\/v2\/product"}],"about":[{"href":"https:\/\/www.rgequip.com\/index.php?rest_route=\/wp\/v2\/types\/product"}],"replies":[{"embeddable":true,"href":"https:\/\/www.rgequip.com\/index.php?rest_route=%2Fwp%2Fv2%2Fcomments&post=7456"}],"version-history":[{"count":0,"href":"https:\/\/www.rgequip.com\/index.php?rest_route=\/wp\/v2\/product\/7456\/revisions"}],"wp:featuredmedia":[{"embeddable":true,"href":"https:\/\/www.rgequip.com\/index.php?rest_route=\/wp\/v2\/media\/18163"}],"wp:attachment":[{"href":"https:\/\/www.rgequip.com\/index.php?rest_route=%2Fwp%2Fv2%2Fmedia&parent=7456"}],"wp:term":[{"taxonomy":"product_brand","embeddable":true,"href":"https:\/\/www.rgequip.com\/index.php?rest_route=%2Fwp%2Fv2%2Fproduct_brand&post=7456"},{"taxonomy":"product_cat","embeddable":true,"href":"https:\/\/www.rgequip.com\/index.php?rest_route=%2Fwp%2Fv2%2Fproduct_cat&post=7456"},{"taxonomy":"product_tag","embeddable":true,"href":"https:\/\/www.rgequip.com\/index.php?rest_route=%2Fwp%2Fv2%2Fproduct_tag&post=7456"}],"curies":[{"name":"wp","href":"https:\/\/api.w.org\/{rel}","templated":true}]}}