{"id":7401,"date":"2019-08-26T13:48:40","date_gmt":"2019-08-26T11:48:40","guid":{"rendered":"https:\/\/www.rgequip.com\/?post_type=product&#038;p=7401"},"modified":"2019-08-26T16:25:09","modified_gmt":"2019-08-26T14:25:09","slug":"comptoir-caisse","status":"publish","type":"product","link":"https:\/\/www.rgequip.com\/?product=comptoir-caisse","title":{"rendered":"COMPTOIR CAISSE"},"content":{"rendered":"<p>Outil de valorisation et d&#8217;optimisation d&#8217;un point de vente. Son caract\u00e8re fonctionnel et esth\u00e9tique, s&#8217;adapte \u00e0 toutes les exigences en mati\u00e8re d&#8217;<a href=\"https:\/\/enseigne.ooreka.fr\/astuce\/voir\/751887\/agencement-magasin\" target=\"_blank\">agencement de magasin<\/a>\u00a0et de\u00a0<a href=\"https:\/\/enseigne.ooreka.fr\/astuce\/voir\/754777\/merchandising\" target=\"_blank\">merchandising<\/a>. Dot\u00e9 d&#8217;un plan de travail et supports pour sacs en acier inoxydable AISI 304 18\/10\u00a0 et d&#8217;un banc en acier \u00e9maill\u00e9. Le comptoir de vente s&#8217;adapte \u00e0 tous les besoins des commer\u00e7ants en fonction de l&#8217;espace de vente, des rangements, des mat\u00e9riaux, des accessoires pr\u00e9vus, etc.<\/p>\n<p>Dimensions (largeur \/ profondeur \/ hauteur): 1445 x 985 x 845 mm<\/p>\n","protected":false},"excerpt":{"rendered":"<p>Outil de valorisation et d&#8217;optimisation d&#8217;un point de vente. Son caract\u00e8re fonctionnel et esth\u00e9tique, s&#8217;adapte \u00e0 toutes les exigences en<\/p>\n","protected":false},"featured_media":7420,"comment_status":"open","ping_status":"closed","template":"","meta":[],"product_brand":[],"product_cat":[406,369,373,375],"product_tag":[],"class_list":{"0":"post-7401","1":"product","2":"type-product","3":"status-publish","4":"has-post-thumbnail","6":"product_cat-autres-inox","7":"product_cat-boulangerie","8":"product_cat-espaces-de-vente","9":"product_cat-patisserie-et-specialistes","11":"first","12":"instock","13":"shipping-taxable","14":"product-type-simple"},"_links":{"self":[{"href":"https:\/\/www.rgequip.com\/index.php?rest_route=\/wp\/v2\/product\/7401","targetHints":{"allow":["GET"]}}],"collection":[{"href":"https:\/\/www.rgequip.com\/index.php?rest_route=\/wp\/v2\/product"}],"about":[{"href":"https:\/\/www.rgequip.com\/index.php?rest_route=\/wp\/v2\/types\/product"}],"replies":[{"embeddable":true,"href":"https:\/\/www.rgequip.com\/index.php?rest_route=%2Fwp%2Fv2%2Fcomments&post=7401"}],"version-history":[{"count":0,"href":"https:\/\/www.rgequip.com\/index.php?rest_route=\/wp\/v2\/product\/7401\/revisions"}],"wp:featuredmedia":[{"embeddable":true,"href":"https:\/\/www.rgequip.com\/index.php?rest_route=\/wp\/v2\/media\/7420"}],"wp:attachment":[{"href":"https:\/\/www.rgequip.com\/index.php?rest_route=%2Fwp%2Fv2%2Fmedia&parent=7401"}],"wp:term":[{"taxonomy":"product_brand","embeddable":true,"href":"https:\/\/www.rgequip.com\/index.php?rest_route=%2Fwp%2Fv2%2Fproduct_brand&post=7401"},{"taxonomy":"product_cat","embeddable":true,"href":"https:\/\/www.rgequip.com\/index.php?rest_route=%2Fwp%2Fv2%2Fproduct_cat&post=7401"},{"taxonomy":"product_tag","embeddable":true,"href":"https:\/\/www.rgequip.com\/index.php?rest_route=%2Fwp%2Fv2%2Fproduct_tag&post=7401"}],"curies":[{"name":"wp","href":"https:\/\/api.w.org\/{rel}","templated":true}]}}