{"id":7111,"date":"2019-08-21T00:58:09","date_gmt":"2019-08-20T22:58:09","guid":{"rendered":"https:\/\/www.rgequip.com\/?post_type=product&#038;p=7111"},"modified":"2019-08-21T10:39:37","modified_gmt":"2019-08-21T08:39:37","slug":"petrin-a-pate-30kg-1-vitesse","status":"publish","type":"product","link":"https:\/\/www.rgequip.com\/?product=petrin-a-pate-30kg-1-vitesse","title":{"rendered":"P\u00e9trin \u00e0 p\u00e2te 30kg 1 vitesse"},"content":{"rendered":"<h2 id=\"DescriptionHeadliner\"><strong>Description<\/strong><\/h2>\n<p id=\"DescriptionParagraph\">La machine RGE HYM 500 t est con\u00e7ue pour le p\u00e9trissage de la p\u00e2te dans les entreprises de restauration et de commerce, dans les boulangeries et les p\u00e2tisseries.<br \/>\nLe bol et le fouet sont en acier inoxydable.<\/p>\n<h2 id=\"DescriptionHeadliner\"><strong>Caract\u00e9ristiques principales<\/strong><\/h2>\n<p id=\"DescriptionParagraph\">Capacit\u00e9 du bol 42 l<br \/>\nCharge de la p\u00e2te 30 kg<br \/>\nM\u00e9canisme de levage de la t\u00eate faisceau\u00a0puissant<br \/>\nTension 380 V<br \/>\nPuissance 1,1 kW<br \/>\nLargeur 570 mm<br \/>\nProfondeur 880 mm<br \/>\nHauteur 940 mm<br \/>\nPoids (avec emballage) 114 kg<br \/>\nPays d&#8217;origine Turquie<\/p>\n<h2 id=\"DescriptionHeadliner\"><strong>En option<\/strong><\/h2>\n<p id=\"DescriptionParagraph\">La taille du bol: \u00d8 500&#215;270 mm<br \/>\n30 kg de p\u00e2te: 18 kg de farine + 12 l d&#8217;eau<br \/>\nDimensions dans l&#8217;emballage: 660x890x1010 mm<\/p>\n","protected":false},"excerpt":{"rendered":"<p>Description La machine RGE HYM 500 t est con\u00e7ue pour le p\u00e9trissage de la p\u00e2te dans les entreprises de restauration<\/p>\n","protected":false},"featured_media":7112,"comment_status":"open","ping_status":"closed","template":"","meta":[],"product_brand":[],"product_cat":[369,376,370],"product_tag":[],"class_list":{"0":"post-7111","1":"product","2":"type-product","3":"status-publish","4":"has-post-thumbnail","6":"product_cat-boulangerie","7":"product_cat-petrins","8":"product_cat-production-de-pain","10":"first","11":"instock","12":"shipping-taxable","13":"product-type-simple"},"_links":{"self":[{"href":"https:\/\/www.rgequip.com\/index.php?rest_route=\/wp\/v2\/product\/7111","targetHints":{"allow":["GET"]}}],"collection":[{"href":"https:\/\/www.rgequip.com\/index.php?rest_route=\/wp\/v2\/product"}],"about":[{"href":"https:\/\/www.rgequip.com\/index.php?rest_route=\/wp\/v2\/types\/product"}],"replies":[{"embeddable":true,"href":"https:\/\/www.rgequip.com\/index.php?rest_route=%2Fwp%2Fv2%2Fcomments&post=7111"}],"version-history":[{"count":1,"href":"https:\/\/www.rgequip.com\/index.php?rest_route=\/wp\/v2\/product\/7111\/revisions"}],"predecessor-version":[{"id":7148,"href":"https:\/\/www.rgequip.com\/index.php?rest_route=\/wp\/v2\/product\/7111\/revisions\/7148"}],"wp:featuredmedia":[{"embeddable":true,"href":"https:\/\/www.rgequip.com\/index.php?rest_route=\/wp\/v2\/media\/7112"}],"wp:attachment":[{"href":"https:\/\/www.rgequip.com\/index.php?rest_route=%2Fwp%2Fv2%2Fmedia&parent=7111"}],"wp:term":[{"taxonomy":"product_brand","embeddable":true,"href":"https:\/\/www.rgequip.com\/index.php?rest_route=%2Fwp%2Fv2%2Fproduct_brand&post=7111"},{"taxonomy":"product_cat","embeddable":true,"href":"https:\/\/www.rgequip.com\/index.php?rest_route=%2Fwp%2Fv2%2Fproduct_cat&post=7111"},{"taxonomy":"product_tag","embeddable":true,"href":"https:\/\/www.rgequip.com\/index.php?rest_route=%2Fwp%2Fv2%2Fproduct_tag&post=7111"}],"curies":[{"name":"wp","href":"https:\/\/api.w.org\/{rel}","templated":true}]}}