{"id":6851,"date":"2019-08-16T18:02:01","date_gmt":"2019-08-16T16:02:01","guid":{"rendered":"https:\/\/www.rgequip.com\/?post_type=product&#038;p=6851"},"modified":"2019-08-16T18:02:01","modified_gmt":"2019-08-16T16:02:01","slug":"refroidisseur-deau-240-litres","status":"publish","type":"product","link":"https:\/\/www.rgequip.com\/?product=refroidisseur-deau-240-litres","title":{"rendered":"Refroidisseur d&#8217;eau 240 litres"},"content":{"rendered":"<h3>MONTAGE STANDARD<\/h3>\n<p>Fabriqu\u00e9 en acier inoxydable de qualit\u00e9 sup\u00e9rieure, diff\u00e9rents mod\u00e8les pour r\u00e9pondre aux exigences des clients, permettent d&#8217;abaisser la temp\u00e9rature normale \u00e0 2 \u00b0 C, une vitesse de r\u00e9frig\u00e9ration rapide, fiable. Aussi, il est con\u00e7u pour une longue dur\u00e9e de vie.<\/p>\n<ul>\n<li><span><span>Refroidisseur d&#8217;eau professionnel d&#8217;une capacit\u00e9 de 240l.<\/span><\/span><\/li>\n<li>Compresseurs de haute qualit\u00e9<\/li>\n<li>Panneau de commande num\u00e9rique<\/li>\n<li>Syst\u00e8me de p\u00e2te \u00e0 eau<\/li>\n<li>Serpentins de refroidissement en acier inoxydable<\/li>\n<li>Fabriqu\u00e9 \u00e0 l&#8217;int\u00e9rieur en ABS thermoform\u00e9.<\/li>\n<li>Enfin, Faible consommation d&#8217;\u00e9nergie et faible bruit.<\/li>\n<\/ul>\n","protected":false},"excerpt":{"rendered":"<p>MONTAGE STANDARD Fabriqu\u00e9 en acier inoxydable de qualit\u00e9 sup\u00e9rieure, diff\u00e9rents mod\u00e8les pour r\u00e9pondre aux exigences des clients, permettent d&#8217;abaisser la<\/p>\n","protected":false},"featured_media":6852,"comment_status":"open","ping_status":"closed","template":"","meta":[],"product_brand":[],"product_cat":[369,374,294,273],"product_tag":[],"class_list":{"0":"post-6851","1":"product","2":"type-product","3":"status-publish","4":"has-post-thumbnail","6":"product_cat-boulangerie","7":"product_cat-autres","8":"product_cat-cellule-refroidissement","9":"product_cat-congelateurs","11":"first","12":"instock","13":"shipping-taxable","14":"product-type-simple"},"_links":{"self":[{"href":"https:\/\/www.rgequip.com\/index.php?rest_route=\/wp\/v2\/product\/6851","targetHints":{"allow":["GET"]}}],"collection":[{"href":"https:\/\/www.rgequip.com\/index.php?rest_route=\/wp\/v2\/product"}],"about":[{"href":"https:\/\/www.rgequip.com\/index.php?rest_route=\/wp\/v2\/types\/product"}],"replies":[{"embeddable":true,"href":"https:\/\/www.rgequip.com\/index.php?rest_route=%2Fwp%2Fv2%2Fcomments&post=6851"}],"version-history":[{"count":0,"href":"https:\/\/www.rgequip.com\/index.php?rest_route=\/wp\/v2\/product\/6851\/revisions"}],"wp:featuredmedia":[{"embeddable":true,"href":"https:\/\/www.rgequip.com\/index.php?rest_route=\/wp\/v2\/media\/6852"}],"wp:attachment":[{"href":"https:\/\/www.rgequip.com\/index.php?rest_route=%2Fwp%2Fv2%2Fmedia&parent=6851"}],"wp:term":[{"taxonomy":"product_brand","embeddable":true,"href":"https:\/\/www.rgequip.com\/index.php?rest_route=%2Fwp%2Fv2%2Fproduct_brand&post=6851"},{"taxonomy":"product_cat","embeddable":true,"href":"https:\/\/www.rgequip.com\/index.php?rest_route=%2Fwp%2Fv2%2Fproduct_cat&post=6851"},{"taxonomy":"product_tag","embeddable":true,"href":"https:\/\/www.rgequip.com\/index.php?rest_route=%2Fwp%2Fv2%2Fproduct_tag&post=6851"}],"curies":[{"name":"wp","href":"https:\/\/api.w.org\/{rel}","templated":true}]}}