{"id":6849,"date":"2019-08-16T17:30:19","date_gmt":"2019-08-16T15:30:19","guid":{"rendered":"https:\/\/www.rgequip.com\/?post_type=product&#038;p=6849"},"modified":"2019-08-16T17:42:47","modified_gmt":"2019-08-16T15:42:47","slug":"batteur-melangeur-3-vitesses-30-litres-380-v","status":"publish","type":"product","link":"https:\/\/www.rgequip.com\/?product=batteur-melangeur-3-vitesses-30-litres-380-v","title":{"rendered":"Batteur m\u00e9langeur 3 vitesses, 30 litres 380 V"},"content":{"rendered":"<h2>Batteur m\u00e9langeur plan\u00e9taire professionnel<\/h2>\n<p>Le batteur m\u00e9langeur plan\u00e9taire professionnel est un batteur m\u00e9langeur qui poss\u00e8de des instruments interchangeables. Les caract\u00e9ristiques communes des batteurs m\u00e9langeurs est qu&#8217;ils poss\u00e8dent tous\u00a0un crochet,\u00a0une palette\u00a0ainsi qu&#8217;un fouet. Ils sont \u00e9galement dot\u00e9 d&#8217;une cuve.<\/p>\n<ul>\n<li>Capacit\u00e9 d&#8217;environ 30 lt<\/li>\n<li>3 vitesses diff\u00e9rentes<\/li>\n<li>3 appareils (fouetter, m\u00e9langer, p\u00e9trir)<\/li>\n<li>Le bol et tous les appareils sont en acier inoxydable<\/li>\n<li>Bol d\u00e9tachable facile, monte et descend<\/li>\n<li>30 minutes timer<\/li>\n<li>Dimension du bol: \u00f8360mm h: 365mm<\/li>\n<li>1.1-1.5-1.85kw, 380V<\/li>\n<li>Dimensions de la machine: 55x80x109cm<\/li>\n<li>Dimension d&#8217;emballage: 74x99x128cm &#8211; 236kg<\/li>\n<\/ul>\n","protected":false},"excerpt":{"rendered":"<p><strong>Batteur-m\u00e9langeur professionnel pour la pr\u00e9paration de p\u00e2tes \u00e0 base de farine (pain, g\u00e2teau, pizza, croissant, biscuits, etc.), de blancs d&#8217;oeuf (souffl\u00e9s, meringue, etc.), de sauces (mayonnaise, etc.) et m\u00e9langes (cr\u00e8mes, g\u00e9noises, viandes, etc.).<\/strong><\/p>\n","protected":false},"featured_media":6850,"comment_status":"open","ping_status":"closed","template":"","meta":[],"product_brand":[],"product_cat":[369,390,375],"product_tag":[],"class_list":{"0":"post-6849","1":"product","2":"type-product","3":"status-publish","4":"has-post-thumbnail","6":"product_cat-boulangerie","7":"product_cat-batteurs-melangeurs","8":"product_cat-patisserie-et-specialistes","10":"first","11":"instock","12":"shipping-taxable","13":"product-type-simple"},"_links":{"self":[{"href":"https:\/\/www.rgequip.com\/index.php?rest_route=\/wp\/v2\/product\/6849","targetHints":{"allow":["GET"]}}],"collection":[{"href":"https:\/\/www.rgequip.com\/index.php?rest_route=\/wp\/v2\/product"}],"about":[{"href":"https:\/\/www.rgequip.com\/index.php?rest_route=\/wp\/v2\/types\/product"}],"replies":[{"embeddable":true,"href":"https:\/\/www.rgequip.com\/index.php?rest_route=%2Fwp%2Fv2%2Fcomments&post=6849"}],"version-history":[{"count":0,"href":"https:\/\/www.rgequip.com\/index.php?rest_route=\/wp\/v2\/product\/6849\/revisions"}],"wp:featuredmedia":[{"embeddable":true,"href":"https:\/\/www.rgequip.com\/index.php?rest_route=\/wp\/v2\/media\/6850"}],"wp:attachment":[{"href":"https:\/\/www.rgequip.com\/index.php?rest_route=%2Fwp%2Fv2%2Fmedia&parent=6849"}],"wp:term":[{"taxonomy":"product_brand","embeddable":true,"href":"https:\/\/www.rgequip.com\/index.php?rest_route=%2Fwp%2Fv2%2Fproduct_brand&post=6849"},{"taxonomy":"product_cat","embeddable":true,"href":"https:\/\/www.rgequip.com\/index.php?rest_route=%2Fwp%2Fv2%2Fproduct_cat&post=6849"},{"taxonomy":"product_tag","embeddable":true,"href":"https:\/\/www.rgequip.com\/index.php?rest_route=%2Fwp%2Fv2%2Fproduct_tag&post=6849"}],"curies":[{"name":"wp","href":"https:\/\/api.w.org\/{rel}","templated":true}]}}