{"id":5824,"date":"2019-07-26T19:12:42","date_gmt":"2019-07-26T17:12:42","guid":{"rendered":"https:\/\/www.rgequip.com\/?post_type=product&#038;p=5824"},"modified":"2019-07-26T19:16:29","modified_gmt":"2019-07-26T17:16:29","slug":"machine-a-cafe-modele-appia-ii","status":"publish","type":"product","link":"https:\/\/www.rgequip.com\/?product=machine-a-cafe-modele-appia-ii","title":{"rendered":"Machine \u00e0 caf\u00e9 &#8211; Mod\u00e8le APPIA II"},"content":{"rendered":"<h2>Pr\u00e9sentation de la\u00a0Nuova Simonelli Appia II Compact &#8211; 2 groupes<\/h2>\n<p>&nbsp;<\/p>\n<p>Pourquoi renoncer au maximum de la technologie \u00e0 cause du manque d\u2019espace disponible dans un local ? Avec Appia II Compact,\u00a0<strong>il vous sera possible de tout avoir dans un espace r\u00e9duit<\/strong>.<\/p>\n<p>La nouvelle ligne de Appia propose un version con\u00e7ue et r\u00e9alis\u00e9e pour les barmans qui ne veulent pas renoncer \u00e0 pr\u00e9parer\u00a0<strong>d\u2019excellents caf\u00e9s et cappuccinos<\/strong>, tout en disposant de petits espaces.<\/p>\n<p>Gr\u00e2ce \u00e0\u00a0<strong>Appia II Compact<\/strong>, le meilleur de la technologie est\u00a0<strong>concentr\u00e9 dans un tout petit espace<\/strong>\u00a0afin de pouvoir offrir des\u00a0<strong>performances \u00e9lev\u00e9es et une fiabilit\u00e9 optimale<\/strong><\/p>\n<div><\/div>\n<p>&nbsp;<\/p>\n<div class=\"col-xs-12\">\n<div class=\"row\">\n<div class=\"col-xs-12 col-sm-2\">\n<p><img decoding=\"async\" src=\"https:\/\/www.maxicoffee.com\/images\/nuovasimonelli-appia-cafe.jpg.pagespeed.ce.T-lhi6T0Pl.jpg\" alt=\"\" \/><\/p>\n<\/div>\n<div class=\"col-xs-12 col-sm-10\">\n<p><strong>Syst\u00e8me SIS<\/strong>\u00a0: r\u00e9ussir \u00e0 obtenir dans la tasse toute la cr\u00e8me contenue dans le caf\u00e9 repr\u00e9sente un d\u00e9fi que Appia a gagn\u00e9 gr\u00e2ce au syst\u00e8me SIS (Soft infusion System) qui garantit une infusion moelleuse afin de r\u00e9aliser\u00a0<strong>des extractions toujours parfaites<\/strong>\u00a0et de compenser les \u00e9ventuelles erreurs de pressage du caf\u00e9.<\/p>\n<\/div>\n<\/div>\n<\/div>\n<div class=\"col-xs-12\">\n<div class=\"row\">\n<div class=\"col-xs-12 col-sm-2\">\n<p><img decoding=\"async\" src=\"https:\/\/www.maxicoffee.com\/images\/nuovasimonnelli-appia-1-groupe-panneau.jpg.pagespeed.ce.xD7MaTWfO8.jpg\" alt=\"\" \/><\/p>\n<\/div>\n<div class=\"col-xs-12 col-sm-10\">\n<p>Enti\u00e8rement r\u00e9nov\u00e9, le\u00a0<strong>nouveau panneau de commande<\/strong>\u00a0pr\u00e9sente des touches plus ergonomiques, mais surtout plus r\u00e9actives et sensibles. D\u2019autres interventions techniques rendent le clavier de Appia II encore plus r\u00e9sistant \u00e0 l\u2019usure.<\/p>\n<\/div>\n<\/div>\n<\/div>\n<div class=\"col-xs-12\">\n<div class=\"row\">\n<div class=\"col-xs-12 col-sm-2\">\n<p><img decoding=\"async\" src=\"https:\/\/www.maxicoffee.com\/images\/nuovasimonelli-appia-reverse.jpg.pagespeed.ce.Qf3lcCqCtj.jpg\" alt=\"\" \/><\/p>\n<\/div>\n<div class=\"col-xs-12 col-sm-10\">\n<p>Apr\u00e8s l\u2019exp\u00e9rience positive de Aurelia II, la machine officielle des Championnats mondiaux des barmans, Nuova Simonelli a introduit aussi sur Appia II le \u201c<strong>Reverse mirror<\/strong>\u201d qui permet au barman de\u00a0<strong>surveiller le d\u00e9bit de caf\u00e9 depuis le porte-filtre\u00a0<\/strong>sans devoir se pencher tout en v\u00e9rifiant, \u00e0 tout moment, le nettoyage des douchettes.<\/p>\n<\/div>\n<\/div>\n<\/div>\n<div class=\"col-xs-12\">\n<div class=\"row\">\n<div class=\"col-xs-12 col-sm-2\">\n<p><img decoding=\"async\" src=\"https:\/\/www.maxicoffee.com\/images\/nuovasimonelli-appia-chauffetasse.jpg.pagespeed.ce.2tOFMqFJyy.jpg\" alt=\"\" \/><\/p>\n<\/div>\n<div class=\"col-xs-12 col-sm-10\">\n<p>Un autre \u00e9l\u00e9ment \u00e9tudi\u00e9 pour le confort du barman est le\u00a0<strong>chauffe-tasses<\/strong>\u00a0qui, outre augmenter la capacit\u00e9,\u00a0<strong>permet d\u2019acc\u00e9l\u00e9rer le travail de l\u2019op\u00e9rateur<\/strong>.<\/p>\n<p>&nbsp;<\/p>\n<\/div>\n<\/div>\n<\/div>\n","protected":false},"excerpt":{"rendered":"<p>Pr\u00e9sentation de la\u00a0Nuova Simonelli Appia II Compact &#8211; 2 groupes &nbsp; Pourquoi renoncer au maximum de la technologie \u00e0 cause<\/p>\n","protected":false},"featured_media":5825,"comment_status":"open","ping_status":"closed","template":"","meta":[],"product_brand":[],"product_cat":[314,315,316],"product_tag":[],"class_list":{"0":"post-5824","1":"product","2":"type-product","3":"status-publish","4":"has-post-thumbnail","6":"product_cat-cafe-bar","7":"product_cat-cafe","8":"product_cat-machine-a-cafe","10":"first","11":"instock","12":"shipping-taxable","13":"product-type-simple"},"_links":{"self":[{"href":"https:\/\/www.rgequip.com\/index.php?rest_route=\/wp\/v2\/product\/5824","targetHints":{"allow":["GET"]}}],"collection":[{"href":"https:\/\/www.rgequip.com\/index.php?rest_route=\/wp\/v2\/product"}],"about":[{"href":"https:\/\/www.rgequip.com\/index.php?rest_route=\/wp\/v2\/types\/product"}],"replies":[{"embeddable":true,"href":"https:\/\/www.rgequip.com\/index.php?rest_route=%2Fwp%2Fv2%2Fcomments&post=5824"}],"version-history":[{"count":0,"href":"https:\/\/www.rgequip.com\/index.php?rest_route=\/wp\/v2\/product\/5824\/revisions"}],"wp:featuredmedia":[{"embeddable":true,"href":"https:\/\/www.rgequip.com\/index.php?rest_route=\/wp\/v2\/media\/5825"}],"wp:attachment":[{"href":"https:\/\/www.rgequip.com\/index.php?rest_route=%2Fwp%2Fv2%2Fmedia&parent=5824"}],"wp:term":[{"taxonomy":"product_brand","embeddable":true,"href":"https:\/\/www.rgequip.com\/index.php?rest_route=%2Fwp%2Fv2%2Fproduct_brand&post=5824"},{"taxonomy":"product_cat","embeddable":true,"href":"https:\/\/www.rgequip.com\/index.php?rest_route=%2Fwp%2Fv2%2Fproduct_cat&post=5824"},{"taxonomy":"product_tag","embeddable":true,"href":"https:\/\/www.rgequip.com\/index.php?rest_route=%2Fwp%2Fv2%2Fproduct_tag&post=5824"}],"curies":[{"name":"wp","href":"https:\/\/api.w.org\/{rel}","templated":true}]}}