{"id":5628,"date":"2019-07-23T12:22:20","date_gmt":"2019-07-23T10:22:20","guid":{"rendered":"http:\/\/localhost\/rge\/?post_type=product&#038;p=5628"},"modified":"2019-08-13T13:36:22","modified_gmt":"2019-08-13T11:36:22","slug":"armoire-refrigeree-positive-2-portes-superposables","status":"publish","type":"product","link":"https:\/\/www.rgequip.com\/?product=armoire-refrigeree-positive-2-portes-superposables","title":{"rendered":"Armoire Refriger\u00e9e positive 2 portes superposables"},"content":{"rendered":"<ul>\n<li>R\u00e9frig\u00e9rateur (armoire positive) de taille GN 2\/1 avec double porte vitr\u00e9e<\/li>\n<li>cette <a href=\"https:\/\/www.rgequip.com\/product-category\/froids\/armoires\/a-positives\/\">armoire positive<\/a> poss\u00e8de un panneau de commande num\u00e9rique <a href=\"https:\/\/fr.wikipedia.org\/wiki\/Analyse_des_dangers_et_points_critiques_pour_leur_ma%C3%AEtrise\" target=\"_blank\">HACCP<\/a><\/li>\n<li>Acier inoxydable de qualit\u00e9 304<\/li>\n<li>Temp\u00e9rature de fonctionnement -2 \/ + 8 \u00b0 C.<\/li>\n<li>Le condenseur sans nettoyage garantit des performances \u00e9lev\u00e9es \u00e0 tout moment.<\/li>\n<li>Augmentation minimale de la temp\u00e9rature de la capacit\u00e9 interne maximale pendant le d\u00e9givrage.<\/li>\n<li>R\u00e9partition de l&#8217;air la plus efficace \u00e0 l&#8217;int\u00e9rieur avec un canal d&#8217;air sp\u00e9cialement con\u00e7u.<\/li>\n<li>Les gaines int\u00e9rieures embouties respectent les normes d&#8217;hygi\u00e8ne les plus strictes et sont en acier inoxydable.<\/li>\n<li>Les doublures int\u00e9rieures aux coins arrondis optimisent l&#8217;hygi\u00e8ne et facilitent le nettoyage.<\/li>\n<li>Jambes de type marin ou roues pivotantes en option<\/li>\n<li>Aussi, un syst\u00e8me de r\u00e9frig\u00e9ration monobloc \u00e0 haute efficacit\u00e9 \u00e9nerg\u00e9tique<\/li>\n<li>De m\u00eame, un interrupteur de coupure automatique du ventilateur et voyant \u00e0 DEL interne<\/li>\n<li>Enfin, large joint amovible magn\u00e9tique avec une zone \u00e0 triple induction fournissant une \u00e9tanch\u00e9it\u00e9 efficace r\u00e9duisant les pertes de chaleur.<\/li>\n<\/ul>\n","protected":false},"excerpt":{"rendered":"<p>R\u00e9frig\u00e9rateur (armoire positive) de taille GN 2\/1 avec double porte vitr\u00e9e cette armoire positive poss\u00e8de un panneau de commande num\u00e9rique<\/p>\n","protected":false},"featured_media":6682,"comment_status":"open","ping_status":"closed","template":"","meta":[],"product_brand":[],"product_cat":[278,269,268],"product_tag":[],"class_list":{"0":"post-5628","1":"product","2":"type-product","3":"status-publish","4":"has-post-thumbnail","6":"product_cat-a-positives","7":"product_cat-armoires","8":"product_cat-froids","10":"first","11":"instock","12":"shipping-taxable","13":"product-type-simple"},"_links":{"self":[{"href":"https:\/\/www.rgequip.com\/index.php?rest_route=\/wp\/v2\/product\/5628","targetHints":{"allow":["GET"]}}],"collection":[{"href":"https:\/\/www.rgequip.com\/index.php?rest_route=\/wp\/v2\/product"}],"about":[{"href":"https:\/\/www.rgequip.com\/index.php?rest_route=\/wp\/v2\/types\/product"}],"replies":[{"embeddable":true,"href":"https:\/\/www.rgequip.com\/index.php?rest_route=%2Fwp%2Fv2%2Fcomments&post=5628"}],"version-history":[{"count":1,"href":"https:\/\/www.rgequip.com\/index.php?rest_route=\/wp\/v2\/product\/5628\/revisions"}],"predecessor-version":[{"id":6683,"href":"https:\/\/www.rgequip.com\/index.php?rest_route=\/wp\/v2\/product\/5628\/revisions\/6683"}],"wp:featuredmedia":[{"embeddable":true,"href":"https:\/\/www.rgequip.com\/index.php?rest_route=\/wp\/v2\/media\/6682"}],"wp:attachment":[{"href":"https:\/\/www.rgequip.com\/index.php?rest_route=%2Fwp%2Fv2%2Fmedia&parent=5628"}],"wp:term":[{"taxonomy":"product_brand","embeddable":true,"href":"https:\/\/www.rgequip.com\/index.php?rest_route=%2Fwp%2Fv2%2Fproduct_brand&post=5628"},{"taxonomy":"product_cat","embeddable":true,"href":"https:\/\/www.rgequip.com\/index.php?rest_route=%2Fwp%2Fv2%2Fproduct_cat&post=5628"},{"taxonomy":"product_tag","embeddable":true,"href":"https:\/\/www.rgequip.com\/index.php?rest_route=%2Fwp%2Fv2%2Fproduct_tag&post=5628"}],"curies":[{"name":"wp","href":"https:\/\/api.w.org\/{rel}","templated":true}]}}