{"id":5591,"date":"2019-07-19T14:42:45","date_gmt":"2019-07-19T12:42:45","guid":{"rendered":"http:\/\/localhost\/rge\/?post_type=product&#038;p=5591"},"modified":"2019-08-13T12:52:32","modified_gmt":"2019-08-13T10:52:32","slug":"rotissoire-4-broches","status":"publish","type":"product","link":"https:\/\/www.rgequip.com\/?product=rotissoire-4-broches","title":{"rendered":"Rotissoire 4 broches"},"content":{"rendered":"<ul>\n<li>R\u00f4tissoire professionnel\u00a0\u00a0en acier inox AISI 304<\/li>\n<li>Espacement entre les broches de 14cm<\/li>\n<li>R\u00f4tissoire professionnel Capacit\u00e9 5\/6 poulets par broches<\/li>\n<li>Des broches livr\u00e9es de s\u00e9rie avec 2 pics terminaux et 2 interm\u00e9diaires.<\/li>\n<li>Chauffage gaz par radiants c\u00e9ramiques, 1 source de chaleur par broche, r\u00e9gulation de chaque broche ind\u00e9pendante. Aussi, il comporte un thermocouple de s\u00e9curit\u00e9, d\u00e9flecteurs de chaleur d\u00e9montables, facilite l\u2019entretien.<\/li>\n<li>De m\u00eame, tous nos mod\u00e8les comportent en fa\u00e7ade de vitres &#8220;s\u00e9curit\u00e9&#8221;, fermeture par aimants, vitre droite &#8220;courb\u00e9e&#8221;, vue panoramique, poign\u00e9es athermiques.<\/li>\n<li>Enfin, Cuvette de r\u00e9colte graisses extractible &#8220;embouti&#8221;.<\/li>\n<\/ul>\n","protected":false},"excerpt":{"rendered":"<p>R\u00f4tissoire professionnel\u00a0\u00a0en acier inox AISI 304 Espacement entre les broches de 14cm R\u00f4tissoire professionnel Capacit\u00e9 5\/6 poulets par broches Des<\/p>\n","protected":false},"featured_media":5594,"comment_status":"open","ping_status":"closed","template":"","meta":[],"product_brand":[],"product_cat":[226,260,235],"product_tag":[],"class_list":{"0":"post-5591","1":"product","2":"type-product","3":"status-publish","4":"has-post-thumbnail","6":"product_cat-cuisson","7":"product_cat-rotissoire","8":"product_cat-snacking","10":"first","11":"instock","12":"shipping-taxable","13":"product-type-simple"},"_links":{"self":[{"href":"https:\/\/www.rgequip.com\/index.php?rest_route=\/wp\/v2\/product\/5591","targetHints":{"allow":["GET"]}}],"collection":[{"href":"https:\/\/www.rgequip.com\/index.php?rest_route=\/wp\/v2\/product"}],"about":[{"href":"https:\/\/www.rgequip.com\/index.php?rest_route=\/wp\/v2\/types\/product"}],"replies":[{"embeddable":true,"href":"https:\/\/www.rgequip.com\/index.php?rest_route=%2Fwp%2Fv2%2Fcomments&post=5591"}],"version-history":[{"count":1,"href":"https:\/\/www.rgequip.com\/index.php?rest_route=\/wp\/v2\/product\/5591\/revisions"}],"predecessor-version":[{"id":6676,"href":"https:\/\/www.rgequip.com\/index.php?rest_route=\/wp\/v2\/product\/5591\/revisions\/6676"}],"wp:featuredmedia":[{"embeddable":true,"href":"https:\/\/www.rgequip.com\/index.php?rest_route=\/wp\/v2\/media\/5594"}],"wp:attachment":[{"href":"https:\/\/www.rgequip.com\/index.php?rest_route=%2Fwp%2Fv2%2Fmedia&parent=5591"}],"wp:term":[{"taxonomy":"product_brand","embeddable":true,"href":"https:\/\/www.rgequip.com\/index.php?rest_route=%2Fwp%2Fv2%2Fproduct_brand&post=5591"},{"taxonomy":"product_cat","embeddable":true,"href":"https:\/\/www.rgequip.com\/index.php?rest_route=%2Fwp%2Fv2%2Fproduct_cat&post=5591"},{"taxonomy":"product_tag","embeddable":true,"href":"https:\/\/www.rgequip.com\/index.php?rest_route=%2Fwp%2Fv2%2Fproduct_tag&post=5591"}],"curies":[{"name":"wp","href":"https:\/\/api.w.org\/{rel}","templated":true}]}}