{"id":5572,"date":"2019-07-19T11:59:03","date_gmt":"2019-07-19T09:59:03","guid":{"rendered":"http:\/\/localhost\/rge\/?post_type=product&#038;p=5572"},"modified":"2019-08-05T18:14:02","modified_gmt":"2019-08-05T16:14:02","slug":"friteuse-electrique-22","status":"publish","type":"product","link":"https:\/\/www.rgequip.com\/?product=friteuse-electrique-22","title":{"rendered":"Friteuse \u00e9lectrique 22"},"content":{"rendered":"<ul>\n<li>Panneaux externes durables en acier inoxydable<\/li>\n<li>R\u00e9servoir de <a href=\"https:\/\/fr.wikipedia.org\/wiki\/Friteuse\" target=\"_blank\">friteuse<\/a> monobloc en acier inoxydable AISI 304 \u00e0 coins arrondis pour faciliter le nettoyage et une meilleure hygi\u00e8ne<\/li>\n<li>Capacit\u00e9 du r\u00e9servoir de 22 litres<\/li>\n<li>\u00c9videment pour expansion d&#8217;huile incorpor\u00e9 dans le haut<\/li>\n<li>Soudage robotis\u00e9 du r\u00e9servoir jusqu&#8217;au sommet<\/li>\n<li>R\u00e9gulation thermostatique de la temp\u00e9rature de l&#8217;huile jusqu&#8217;\u00e0 190\u00b0C maximum<\/li>\n<li>Fourni avec 2 demi-paniers par r\u00e9servoir<\/li>\n<li>Thermostat de s\u00e9curit\u00e9 avec r\u00e9armement manuel<\/li>\n<li>Br\u00fbleurs en acier inoxydable et allumage par \u00e9tincelle piezzo sur les mod\u00e8les \u00e0 gaz<\/li>\n<li>\u00c9l\u00e9ments chauffants blind\u00e9s \u00e0 faible densit\u00e9 de puissance garantissant Dur\u00e9e de vie optimale de l&#8217;huile<\/li>\n<li>L&#8217;\u00e9l\u00e9ment chauffant peut pivoter de 90\u00b0 pour faciliter le nettoyage sur les mod\u00e8les \u00e9lectriques<\/li>\n<li>Vidange facile avec un tuyau de vidange \u00e0 al\u00e9sage large situ\u00e9 sous le r\u00e9servoir<\/li>\n<\/ul>\n","protected":false},"excerpt":{"rendered":"<p>Panneaux externes durables en acier inoxydable R\u00e9servoir de friteuse monobloc en acier inoxydable AISI 304 \u00e0 coins arrondis pour faciliter<\/p>\n","protected":false},"featured_media":5573,"comment_status":"open","ping_status":"closed","template":"","meta":[],"product_brand":[],"product_cat":[226,237],"product_tag":[],"class_list":{"0":"post-5572","1":"product","2":"type-product","3":"status-publish","4":"has-post-thumbnail","6":"product_cat-cuisson","7":"product_cat-series-700-900","9":"first","10":"instock","11":"shipping-taxable","12":"product-type-simple"},"_links":{"self":[{"href":"https:\/\/www.rgequip.com\/index.php?rest_route=\/wp\/v2\/product\/5572","targetHints":{"allow":["GET"]}}],"collection":[{"href":"https:\/\/www.rgequip.com\/index.php?rest_route=\/wp\/v2\/product"}],"about":[{"href":"https:\/\/www.rgequip.com\/index.php?rest_route=\/wp\/v2\/types\/product"}],"replies":[{"embeddable":true,"href":"https:\/\/www.rgequip.com\/index.php?rest_route=%2Fwp%2Fv2%2Fcomments&post=5572"}],"version-history":[{"count":1,"href":"https:\/\/www.rgequip.com\/index.php?rest_route=\/wp\/v2\/product\/5572\/revisions"}],"predecessor-version":[{"id":6308,"href":"https:\/\/www.rgequip.com\/index.php?rest_route=\/wp\/v2\/product\/5572\/revisions\/6308"}],"wp:featuredmedia":[{"embeddable":true,"href":"https:\/\/www.rgequip.com\/index.php?rest_route=\/wp\/v2\/media\/5573"}],"wp:attachment":[{"href":"https:\/\/www.rgequip.com\/index.php?rest_route=%2Fwp%2Fv2%2Fmedia&parent=5572"}],"wp:term":[{"taxonomy":"product_brand","embeddable":true,"href":"https:\/\/www.rgequip.com\/index.php?rest_route=%2Fwp%2Fv2%2Fproduct_brand&post=5572"},{"taxonomy":"product_cat","embeddable":true,"href":"https:\/\/www.rgequip.com\/index.php?rest_route=%2Fwp%2Fv2%2Fproduct_cat&post=5572"},{"taxonomy":"product_tag","embeddable":true,"href":"https:\/\/www.rgequip.com\/index.php?rest_route=%2Fwp%2Fv2%2Fproduct_tag&post=5572"}],"curies":[{"name":"wp","href":"https:\/\/api.w.org\/{rel}","templated":true}]}}