{"id":5498,"date":"2019-07-18T14:57:24","date_gmt":"2019-07-18T12:57:24","guid":{"rendered":"http:\/\/localhost\/rge\/?post_type=product&#038;p=5498"},"modified":"2019-08-02T14:32:17","modified_gmt":"2019-08-02T12:32:17","slug":"marmite-cylindrique-electrique-100-lt-chaleur-indirecte","status":"publish","type":"product","link":"https:\/\/www.rgequip.com\/?product=marmite-cylindrique-electrique-100-lt-chaleur-indirecte","title":{"rendered":"Marmite cylindrique \u00e9lectrique 100 lt chaleur indirecte"},"content":{"rendered":"<ul>\n<li>Les bouilloires rondes ou rectangulaires conviennent pour cuire des saut\u00e9s ou pocher toutes sortes de produits alimentaires.<\/li>\n<li>Monobloc bien jusqu&#8217;\u00e0 250 litres pour la facilit\u00e9 de nettoyage et de durabilit\u00e9. De m\u00eame, Le couvercle \u00e0 double peau qui augmente l&#8217;isolation du r\u00e9cipient de cuisson est dot\u00e9 d&#8217;un m\u00e9canisme \u00e0 charni\u00e8re. Et contrebalanc\u00e9 pour une ouverture-fermeture facile.<\/li>\n<li>Le couvercle fermement ajust\u00e9 r\u00e9duit le temps de cuisson et r\u00e9duit les co\u00fbts d&#8217;\u00e9nergie.<\/li>\n<li>Les marmites indirectes fournissent une base chauff\u00e9e uniforme et des puits lat\u00e9raux de la bouilloire. C&#8217;est gr\u00e2ce \u00e0 un syst\u00e8me de chauffage indirect utilisant la vapeur satur\u00e9e g\u00e9n\u00e9r\u00e9e de mani\u00e8re int\u00e9gr\u00e9e \u00e0 une temp\u00e9rature de 110 \u00b0 C dans la chemise.<\/li>\n<li>Mat\u00e9riau d&#8217;isolation suppl\u00e9mentaire sur tout le r\u00e9cipient de cuisson pour minimiser les co\u00fbts \u00e9nerg\u00e9tiques.<\/li>\n<li>R\u00e9gulation de l&#8217;\u00e9nergie via un bouton de commande.<\/li>\n<li>Le robinet de vidange de grande capacit\u00e9 permet de d\u00e9charger facilement les aliments.<\/li>\n<li>La soupape de s\u00e9curit\u00e9 \u00e9vite la surpression de vapeur dans la chemise sur les mod\u00e8les \u00e0 chauffage indirect.<\/li>\n<li>Le manom\u00e8tre permet de contr\u00f4ler correctement le fonctionnement du navire.<\/li>\n<li>Une valve externe permet d&#8217;\u00e9vacuer manuellement l&#8217;exc\u00e8s d&#8217;air accumul\u00e9 dans la chemise pendant la phase de chauffage<\/li>\n<li>Sur les mod\u00e8les \u00e0 gaz gr\u00e2ce au syst\u00e8me d&#8217;allumage \u00e9lectronique qui augmente le confort.<\/li>\n<li>l&#8217;utilisateur peut suivre visuellement tout type de statut de fonctionnement gr\u00e2ce \u00e0 des indicateurs situ\u00e9s sur le panneau avant.<\/li>\n<li>La marmite poss\u00e8de des \u00e9lectrovannes pour eau chaude \/ froide et d&#8217;un bec chrom\u00e9 situ\u00e9 en haut pour le remplissage du r\u00e9cipient.<\/li>\n<li>Enfin, sur les mod\u00e8les \u00e9lectriques, les \u00e9l\u00e9ments chauffants blind\u00e9s INCOLOY avec un thermostat de s\u00e9curit\u00e9 plac\u00e9 dans la base de la cavit\u00e9 de la gaine prot\u00e8gent le bateau contre le faible niveau d&#8217;eau.<\/li>\n<\/ul>\n","protected":false},"excerpt":{"rendered":"<p>Les bouilloires rondes ou rectangulaires conviennent pour cuire des saut\u00e9s ou pocher toutes sortes de produits alimentaires. Monobloc bien jusqu&#8217;\u00e0<\/p>\n","protected":false},"featured_media":5512,"comment_status":"open","ping_status":"closed","template":"","meta":[],"product_brand":[],"product_cat":[239,226,227],"product_tag":[],"class_list":{"0":"post-5498","1":"product","2":"type-product","3":"status-publish","4":"has-post-thumbnail","6":"product_cat-braise-marmite","7":"product_cat-cuisson","8":"product_cat-fourneaux","10":"first","11":"instock","12":"shipping-taxable","13":"product-type-simple"},"_links":{"self":[{"href":"https:\/\/www.rgequip.com\/index.php?rest_route=\/wp\/v2\/product\/5498","targetHints":{"allow":["GET"]}}],"collection":[{"href":"https:\/\/www.rgequip.com\/index.php?rest_route=\/wp\/v2\/product"}],"about":[{"href":"https:\/\/www.rgequip.com\/index.php?rest_route=\/wp\/v2\/types\/product"}],"replies":[{"embeddable":true,"href":"https:\/\/www.rgequip.com\/index.php?rest_route=%2Fwp%2Fv2%2Fcomments&post=5498"}],"version-history":[{"count":1,"href":"https:\/\/www.rgequip.com\/index.php?rest_route=\/wp\/v2\/product\/5498\/revisions"}],"predecessor-version":[{"id":6161,"href":"https:\/\/www.rgequip.com\/index.php?rest_route=\/wp\/v2\/product\/5498\/revisions\/6161"}],"wp:featuredmedia":[{"embeddable":true,"href":"https:\/\/www.rgequip.com\/index.php?rest_route=\/wp\/v2\/media\/5512"}],"wp:attachment":[{"href":"https:\/\/www.rgequip.com\/index.php?rest_route=%2Fwp%2Fv2%2Fmedia&parent=5498"}],"wp:term":[{"taxonomy":"product_brand","embeddable":true,"href":"https:\/\/www.rgequip.com\/index.php?rest_route=%2Fwp%2Fv2%2Fproduct_brand&post=5498"},{"taxonomy":"product_cat","embeddable":true,"href":"https:\/\/www.rgequip.com\/index.php?rest_route=%2Fwp%2Fv2%2Fproduct_cat&post=5498"},{"taxonomy":"product_tag","embeddable":true,"href":"https:\/\/www.rgequip.com\/index.php?rest_route=%2Fwp%2Fv2%2Fproduct_tag&post=5498"}],"curies":[{"name":"wp","href":"https:\/\/api.w.org\/{rel}","templated":true}]}}