{"id":18859,"date":"2021-04-05T13:41:33","date_gmt":"2021-04-05T11:41:33","guid":{"rendered":"https:\/\/www.rgequip.com\/?post_type=product&#038;p=18859"},"modified":"2021-04-05T13:41:33","modified_gmt":"2021-04-05T11:41:33","slug":"table-dentree-pour-lave-vaisselledroite750x900x870-mm","status":"publish","type":"product","link":"https:\/\/www.rgequip.com\/?product=table-dentree-pour-lave-vaisselledroite750x900x870-mm","title":{"rendered":"TABLE D&#8217;ENTR\u00c9E POUR LAVE-VAISSELLE(DROITE)750x900x870 mm"},"content":{"rendered":"<p>La construction du produit est en acier inoxydable<br \/>\nComptoir d&#8217;\u00a0entr\u00e9e du lave-vaisselle \u00e0 entr\u00e9e gauche\u00a0* 1 pi\u00e8ce d&#8217;\u00e9vier monobloc press\u00e9 press\u00e9 de 500x500x300 mm soud\u00e9 \u00e0 la table sup\u00e9rieure<br \/>\n* Pieds de banc Profil de bo\u00eete 40&#215;40<br \/>\n* Tablette de base de grille en acier inoxydable *<br \/>\nPieds de rotule en plastique r\u00e9glables<\/p>\n","protected":false},"excerpt":{"rendered":"<p>* Construction du produit est fabriqu\u00e9 en acier inoxydable<br \/>\n* entr\u00e9e droite comptoirs d&#8217;entr\u00e9e de la\u00a0machine \u00e0\u00a0vaisselle<br \/>\n* Plan de travail de 1 unit\u00e9 500x500x300 mm hauteur<\/p>\n<p>Proc\u00e9d\u00e9 de soudage de joint d&#8217;\u0153il de dissipateur monobloc avec induites<br \/>\n* pieds de la\u00a0machine 40&#215;40 profil\u00e9 en caisson<br \/>\n* balle en\u00a0plastique r\u00e9glable socle commun<\/p>\n","protected":false},"featured_media":18860,"comment_status":"open","ping_status":"closed","template":"","meta":[],"product_brand":[],"product_cat":[406,393,392,411],"product_tag":[],"class_list":{"0":"post-18859","1":"product","2":"type-product","3":"status-publish","4":"has-post-thumbnail","6":"product_cat-autres-inox","7":"product_cat-lavage","8":"product_cat-laverie-hygiene","9":"product_cat-tables-inox","11":"first","12":"instock","13":"shipping-taxable","14":"product-type-simple"},"_links":{"self":[{"href":"https:\/\/www.rgequip.com\/index.php?rest_route=\/wp\/v2\/product\/18859","targetHints":{"allow":["GET"]}}],"collection":[{"href":"https:\/\/www.rgequip.com\/index.php?rest_route=\/wp\/v2\/product"}],"about":[{"href":"https:\/\/www.rgequip.com\/index.php?rest_route=\/wp\/v2\/types\/product"}],"replies":[{"embeddable":true,"href":"https:\/\/www.rgequip.com\/index.php?rest_route=%2Fwp%2Fv2%2Fcomments&post=18859"}],"version-history":[{"count":0,"href":"https:\/\/www.rgequip.com\/index.php?rest_route=\/wp\/v2\/product\/18859\/revisions"}],"wp:featuredmedia":[{"embeddable":true,"href":"https:\/\/www.rgequip.com\/index.php?rest_route=\/wp\/v2\/media\/18860"}],"wp:attachment":[{"href":"https:\/\/www.rgequip.com\/index.php?rest_route=%2Fwp%2Fv2%2Fmedia&parent=18859"}],"wp:term":[{"taxonomy":"product_brand","embeddable":true,"href":"https:\/\/www.rgequip.com\/index.php?rest_route=%2Fwp%2Fv2%2Fproduct_brand&post=18859"},{"taxonomy":"product_cat","embeddable":true,"href":"https:\/\/www.rgequip.com\/index.php?rest_route=%2Fwp%2Fv2%2Fproduct_cat&post=18859"},{"taxonomy":"product_tag","embeddable":true,"href":"https:\/\/www.rgequip.com\/index.php?rest_route=%2Fwp%2Fv2%2Fproduct_tag&post=18859"}],"curies":[{"name":"wp","href":"https:\/\/api.w.org\/{rel}","templated":true}]}}