{"id":18827,"date":"2021-03-30T14:21:42","date_gmt":"2021-03-30T12:21:42","guid":{"rendered":"https:\/\/www.rgequip.com\/?post_type=product&#038;p=18827"},"modified":"2021-03-30T14:21:42","modified_gmt":"2021-03-30T12:21:42","slug":"bac-gastronorme-gn-1-1-65-mm","status":"publish","type":"product","link":"https:\/\/www.rgequip.com\/?product=bac-gastronorme-gn-1-1-65-mm","title":{"rendered":"BAC GASTRONORME GN 1\/1-65 mm"},"content":{"rendered":"<p><strong>bacs gastros\u00a0GN 1\/1\u00a0professionnels<\/strong>\u00a0 profondeur 65 mm en inox 18\/10<\/p>\n<p>Bacs gastronormes inox GN 1\/1 sont parfaits pour le stockage, pr\u00e9sentation, service, transport, bain-marie liaison chaude ou froide, cuisson, conservation, r\u00e9chauffage, manutention, surg\u00e9lation, cong\u00e9lation, remise en temp\u00e9rature, refroidissement rapide.<\/p>\n<h3>Description\u00a0bac inox gastronorm GN 1\/1 :<\/h3>\n<ul>\n<li>Construction en acier inoxydable<\/li>\n<li>Dimensions : 325 x 530 mm<\/li>\n<li>Profondeur : 65 mm<\/li>\n<\/ul>\n<p>Capacit\u00e9 : 7.4 litres<\/p>\n","protected":false},"excerpt":{"rendered":"<p><strong>0311.11065.10<\/strong><\/p>\n<p><strong>BAC GN 1\/1 H 65 mm<\/strong><\/p>\n<p>Dim\u00a0: 530*325*65 mm<\/p>\n<p>Cap\u00a0:\u00a0 \u00a07,4 L<\/p>\n","protected":false},"featured_media":18825,"comment_status":"open","ping_status":"closed","template":"","meta":[],"product_brand":[],"product_cat":[340,345,338,337],"product_tag":[],"class_list":{"0":"post-18827","1":"product","2":"type-product","3":"status-publish","4":"has-post-thumbnail","6":"product_cat-accessoires-preparation","7":"product_cat-bacs-gastronomes","8":"product_cat-plaques-bacs","9":"product_cat-preparation","11":"first","12":"instock","13":"shipping-taxable","14":"product-type-simple"},"_links":{"self":[{"href":"https:\/\/www.rgequip.com\/index.php?rest_route=\/wp\/v2\/product\/18827","targetHints":{"allow":["GET"]}}],"collection":[{"href":"https:\/\/www.rgequip.com\/index.php?rest_route=\/wp\/v2\/product"}],"about":[{"href":"https:\/\/www.rgequip.com\/index.php?rest_route=\/wp\/v2\/types\/product"}],"replies":[{"embeddable":true,"href":"https:\/\/www.rgequip.com\/index.php?rest_route=%2Fwp%2Fv2%2Fcomments&post=18827"}],"version-history":[{"count":0,"href":"https:\/\/www.rgequip.com\/index.php?rest_route=\/wp\/v2\/product\/18827\/revisions"}],"wp:featuredmedia":[{"embeddable":true,"href":"https:\/\/www.rgequip.com\/index.php?rest_route=\/wp\/v2\/media\/18825"}],"wp:attachment":[{"href":"https:\/\/www.rgequip.com\/index.php?rest_route=%2Fwp%2Fv2%2Fmedia&parent=18827"}],"wp:term":[{"taxonomy":"product_brand","embeddable":true,"href":"https:\/\/www.rgequip.com\/index.php?rest_route=%2Fwp%2Fv2%2Fproduct_brand&post=18827"},{"taxonomy":"product_cat","embeddable":true,"href":"https:\/\/www.rgequip.com\/index.php?rest_route=%2Fwp%2Fv2%2Fproduct_cat&post=18827"},{"taxonomy":"product_tag","embeddable":true,"href":"https:\/\/www.rgequip.com\/index.php?rest_route=%2Fwp%2Fv2%2Fproduct_tag&post=18827"}],"curies":[{"name":"wp","href":"https:\/\/api.w.org\/{rel}","templated":true}]}}