{"id":18821,"date":"2021-03-30T13:47:32","date_gmt":"2021-03-30T11:47:32","guid":{"rendered":"https:\/\/www.rgequip.com\/?post_type=product&#038;p=18821"},"modified":"2021-03-30T13:47:32","modified_gmt":"2021-03-30T11:47:32","slug":"casserole-haute-inox-finition-brillante-24x15-cm","status":"publish","type":"product","link":"https:\/\/www.rgequip.com\/?product=casserole-haute-inox-finition-brillante-24x15-cm","title":{"rendered":"CASSEROLE HAUTE INOX FINITION BRILLANTE 24&#215;15 Cm"},"content":{"rendered":"<p>Casserole haute inox dite Russe<strong>. Inox de haute qualit\u00e9<\/strong>.<\/p>\n<p>Conception particuli\u00e8rement robuste, paroi \u00e9paisseur jusqu&#8217;\u00e0 1,2 mm.<\/p>\n<p><strong>Fond aluminium capsul\u00e9 pour une meilleure diffusion de la chaleur, adapt\u00e9 pour cuissons tous feux, induction et vitroc\u00e9ramique.<\/strong><\/p>\n<p>Poign\u00e9e froide renforc\u00e9e sur plaquette avec soudures multipoints.<\/p>\n<p>Versage s\u00fbr sans \u00e9gouttement gr\u00e2ce au bord verseur anti goutte. Passe au four et au lave-vaisselle.<\/p>\n","protected":false},"excerpt":{"rendered":"<p><strong>0143.02415.41<\/strong><\/p>\n<p><strong>CASSEROLE HAUTE INOX FINITION BRILLANTE<\/strong><\/p>\n<p>Dim\u00a0: 240*150 mm<\/p>\n<p>Cap\u00a0:\u00a0 \u00a06 L<\/p>\n<p>&#8211; Base en induction<\/p>\n","protected":false},"featured_media":18820,"comment_status":"open","ping_status":"closed","template":"","meta":[],"product_brand":[],"product_cat":[337,340,353],"product_tag":[],"class_list":{"0":"post-18821","1":"product","2":"type-product","3":"status-publish","4":"has-post-thumbnail","6":"product_cat-preparation","7":"product_cat-accessoires-preparation","8":"product_cat-casseroles","10":"first","11":"instock","12":"shipping-taxable","13":"product-type-simple"},"_links":{"self":[{"href":"https:\/\/www.rgequip.com\/index.php?rest_route=\/wp\/v2\/product\/18821","targetHints":{"allow":["GET"]}}],"collection":[{"href":"https:\/\/www.rgequip.com\/index.php?rest_route=\/wp\/v2\/product"}],"about":[{"href":"https:\/\/www.rgequip.com\/index.php?rest_route=\/wp\/v2\/types\/product"}],"replies":[{"embeddable":true,"href":"https:\/\/www.rgequip.com\/index.php?rest_route=%2Fwp%2Fv2%2Fcomments&post=18821"}],"version-history":[{"count":0,"href":"https:\/\/www.rgequip.com\/index.php?rest_route=\/wp\/v2\/product\/18821\/revisions"}],"wp:featuredmedia":[{"embeddable":true,"href":"https:\/\/www.rgequip.com\/index.php?rest_route=\/wp\/v2\/media\/18820"}],"wp:attachment":[{"href":"https:\/\/www.rgequip.com\/index.php?rest_route=%2Fwp%2Fv2%2Fmedia&parent=18821"}],"wp:term":[{"taxonomy":"product_brand","embeddable":true,"href":"https:\/\/www.rgequip.com\/index.php?rest_route=%2Fwp%2Fv2%2Fproduct_brand&post=18821"},{"taxonomy":"product_cat","embeddable":true,"href":"https:\/\/www.rgequip.com\/index.php?rest_route=%2Fwp%2Fv2%2Fproduct_cat&post=18821"},{"taxonomy":"product_tag","embeddable":true,"href":"https:\/\/www.rgequip.com\/index.php?rest_route=%2Fwp%2Fv2%2Fproduct_tag&post=18821"}],"curies":[{"name":"wp","href":"https:\/\/api.w.org\/{rel}","templated":true}]}}