{"id":18794,"date":"2021-03-26T13:58:13","date_gmt":"2021-03-26T12:58:13","guid":{"rendered":"https:\/\/www.rgequip.com\/?post_type=product&#038;p=18794"},"modified":"2021-03-26T13:58:14","modified_gmt":"2021-03-26T12:58:14","slug":"four-a-micro-onde-samsung","status":"publish","type":"product","link":"https:\/\/www.rgequip.com\/?product=four-a-micro-onde-samsung","title":{"rendered":"Four \u00e0 micro-onde SAMSUNG"},"content":{"rendered":"<p><span>Four \u00e0 micro-ondes SAMSUNG, 1050 W, 26 l, commande m\u00e9canique, CM1099A \/ XEU<\/span><\/p>\n<p><span> &#8211; Bo\u00eetier en acier inoxydable, porte en verre, avec une charni\u00e8re \u00e0 gauche<\/span><br \/>\n<span>&#8211; Commande m\u00e9canique avec 2 boutons: heure et puissance<\/span><br \/>\n<span>&#8211; 1 magn\u00e9tron situ\u00e9 sur la paroi droite de la chambre<\/span><br \/>\n<span>&#8211; 4 niveaux de puissance de chauffage: 1050\/735\/525\/315 W<\/span><br \/>\n<span>&#8211; 1 niveau de puissance de d\u00e9givrage: 158 W<\/span><br \/>\n<span>&#8211; De m\u00eame, la minuterie peut \u00eatre r\u00e9gl\u00e9e jusqu&#8217;\u00e0 35 minutes<\/span><br \/>\n<span>&#8211; Enfin, il poss\u00e8de une puissance de sortie 1100 W<\/span><\/p>\n","protected":false},"excerpt":{"rendered":"<p>Four \u00e0 micro-ondes SAMSUNG, 1050 W, 26 l, commande m\u00e9canique, CM1099A \/ XEU &#8211; Bo\u00eetier en acier inoxydable, porte en<\/p>\n","protected":false},"featured_media":18795,"comment_status":"open","ping_status":"closed","template":"","meta":[],"product_brand":[],"product_cat":[229,226,244],"product_tag":[],"class_list":{"0":"post-18794","1":"product","2":"type-product","3":"status-publish","4":"has-post-thumbnail","6":"product_cat-fours","7":"product_cat-cuisson","8":"product_cat-f-micro-ondes","10":"first","11":"instock","12":"shipping-taxable","13":"product-type-simple"},"_links":{"self":[{"href":"https:\/\/www.rgequip.com\/index.php?rest_route=\/wp\/v2\/product\/18794","targetHints":{"allow":["GET"]}}],"collection":[{"href":"https:\/\/www.rgequip.com\/index.php?rest_route=\/wp\/v2\/product"}],"about":[{"href":"https:\/\/www.rgequip.com\/index.php?rest_route=\/wp\/v2\/types\/product"}],"replies":[{"embeddable":true,"href":"https:\/\/www.rgequip.com\/index.php?rest_route=%2Fwp%2Fv2%2Fcomments&post=18794"}],"version-history":[{"count":0,"href":"https:\/\/www.rgequip.com\/index.php?rest_route=\/wp\/v2\/product\/18794\/revisions"}],"wp:featuredmedia":[{"embeddable":true,"href":"https:\/\/www.rgequip.com\/index.php?rest_route=\/wp\/v2\/media\/18795"}],"wp:attachment":[{"href":"https:\/\/www.rgequip.com\/index.php?rest_route=%2Fwp%2Fv2%2Fmedia&parent=18794"}],"wp:term":[{"taxonomy":"product_brand","embeddable":true,"href":"https:\/\/www.rgequip.com\/index.php?rest_route=%2Fwp%2Fv2%2Fproduct_brand&post=18794"},{"taxonomy":"product_cat","embeddable":true,"href":"https:\/\/www.rgequip.com\/index.php?rest_route=%2Fwp%2Fv2%2Fproduct_cat&post=18794"},{"taxonomy":"product_tag","embeddable":true,"href":"https:\/\/www.rgequip.com\/index.php?rest_route=%2Fwp%2Fv2%2Fproduct_tag&post=18794"}],"curies":[{"name":"wp","href":"https:\/\/api.w.org\/{rel}","templated":true}]}}