{"id":18741,"date":"2021-03-10T13:50:37","date_gmt":"2021-03-10T12:50:37","guid":{"rendered":"https:\/\/www.rgequip.com\/?post_type=product&#038;p=18741"},"modified":"2021-03-10T13:50:37","modified_gmt":"2021-03-10T12:50:37","slug":"plaque-de-cuisson-a-induction-double","status":"publish","type":"product","link":"https:\/\/www.rgequip.com\/?product=plaque-de-cuisson-a-induction-double","title":{"rendered":"Plaque de cuisson \u00e0 induction double"},"content":{"rendered":"<h3>R\u00e9sum\u00e9<\/h3>\n<p>Programmation num\u00e9rique de la puissance, de la temp\u00e9rature et le minuteur par des commandes tactiles. La temp\u00e9rature peut \u00eatre r\u00e9gl\u00e9 de 35 \u00e0 240\u00b0C. Avec fonction minuteur pour 0-180 minutes.<br \/>\nStructure en inox avec une surface en vitroc\u00e9ramique et panneau de commandes.<br \/>\n\u00c9quip\u00e9 avec des composants de haute qualit\u00e9 \u00e0 l\u2019int\u00e9rieur. Avec filtre \u00e0 graisse facile \u00e0 nettoyer et ventilation.<br \/>\n\u00c9quip\u00e9 avec une protection contre la surchauffe. La plaque de cuisson devant peut fournir une puissance de 1700 W, celle de derri\u00e8re peut fournir une puissance de 1800 W.<br \/>\nConvient pour casseroles et po\u00eales avec un diam\u00e8tre de fond entre 120 et 260 mm.<\/p>\n","protected":false},"excerpt":{"rendered":"<p>R\u00e9sum\u00e9 Programmation num\u00e9rique de la puissance, de la temp\u00e9rature et le minuteur par des commandes tactiles. La temp\u00e9rature peut \u00eatre<\/p>\n","protected":false},"featured_media":18742,"comment_status":"open","ping_status":"closed","template":"","meta":[],"product_brand":[],"product_cat":[226,242,228],"product_tag":[],"class_list":{"0":"post-18741","1":"product","2":"type-product","3":"status-publish","4":"has-post-thumbnail","6":"product_cat-cuisson","7":"product_cat-plaque-induction","8":"product_cat-rechauds","10":"first","11":"instock","12":"shipping-taxable","13":"product-type-simple"},"_links":{"self":[{"href":"https:\/\/www.rgequip.com\/index.php?rest_route=\/wp\/v2\/product\/18741","targetHints":{"allow":["GET"]}}],"collection":[{"href":"https:\/\/www.rgequip.com\/index.php?rest_route=\/wp\/v2\/product"}],"about":[{"href":"https:\/\/www.rgequip.com\/index.php?rest_route=\/wp\/v2\/types\/product"}],"replies":[{"embeddable":true,"href":"https:\/\/www.rgequip.com\/index.php?rest_route=%2Fwp%2Fv2%2Fcomments&post=18741"}],"version-history":[{"count":0,"href":"https:\/\/www.rgequip.com\/index.php?rest_route=\/wp\/v2\/product\/18741\/revisions"}],"wp:featuredmedia":[{"embeddable":true,"href":"https:\/\/www.rgequip.com\/index.php?rest_route=\/wp\/v2\/media\/18742"}],"wp:attachment":[{"href":"https:\/\/www.rgequip.com\/index.php?rest_route=%2Fwp%2Fv2%2Fmedia&parent=18741"}],"wp:term":[{"taxonomy":"product_brand","embeddable":true,"href":"https:\/\/www.rgequip.com\/index.php?rest_route=%2Fwp%2Fv2%2Fproduct_brand&post=18741"},{"taxonomy":"product_cat","embeddable":true,"href":"https:\/\/www.rgequip.com\/index.php?rest_route=%2Fwp%2Fv2%2Fproduct_cat&post=18741"},{"taxonomy":"product_tag","embeddable":true,"href":"https:\/\/www.rgequip.com\/index.php?rest_route=%2Fwp%2Fv2%2Fproduct_tag&post=18741"}],"curies":[{"name":"wp","href":"https:\/\/api.w.org\/{rel}","templated":true}]}}