{"id":18649,"date":"2020-09-16T15:27:12","date_gmt":"2020-09-16T13:27:12","guid":{"rendered":"https:\/\/www.rgequip.com\/?post_type=product&#038;p=18649"},"modified":"2020-09-17T10:26:32","modified_gmt":"2020-09-17T08:26:32","slug":"buffet-refrigere-premier-ligne-froid","status":"publish","type":"product","link":"https:\/\/www.rgequip.com\/?product=buffet-refrigere-premier-ligne-froid","title":{"rendered":"Buffet R\u00e9frig\u00e9r\u00e9 Premier 04 Bacs GN1\/1"},"content":{"rendered":"<h2>Descriptif<\/h2>\n<div>Capacit\u00e9 de 4 bacs gn1\/1-150 (bacs non fournis)<\/div>\n<div>Temp\u00e9rature de fonctionnement : 0\u00b0c\/+10\u00b0c<\/div>\n<div>Eclairage sous cloche led &#8211; cloche fixe<\/div>\n<div>Tablette de dressage en granit 20 mm<\/div>\n<div>4 roues pivotantes dont 2 a freins<\/div>\n<div>R\u00e9gulation par thermostat Electronique<\/div>\n","protected":false},"excerpt":{"rendered":"<p>Descriptif Capacit\u00e9 de 4 bacs gn1\/1-150 (bacs non fournis) Temp\u00e9rature de fonctionnement : 0\u00b0c\/+10\u00b0c Eclairage sous cloche led &#8211; cloche<\/p>\n","protected":false},"featured_media":18650,"comment_status":"open","ping_status":"closed","template":"","meta":[],"product_brand":[],"product_cat":[226,246,230,268,282,270],"product_tag":[],"class_list":{"0":"post-18649","1":"product","2":"type-product","3":"status-publish","4":"has-post-thumbnail","6":"product_cat-cuisson","7":"product_cat-buffet-central","8":"product_cat-buffets","9":"product_cat-froids","10":"product_cat-saladette","11":"product_cat-tables","13":"first","14":"instock","15":"shipping-taxable","16":"product-type-simple"},"_links":{"self":[{"href":"https:\/\/www.rgequip.com\/index.php?rest_route=\/wp\/v2\/product\/18649","targetHints":{"allow":["GET"]}}],"collection":[{"href":"https:\/\/www.rgequip.com\/index.php?rest_route=\/wp\/v2\/product"}],"about":[{"href":"https:\/\/www.rgequip.com\/index.php?rest_route=\/wp\/v2\/types\/product"}],"replies":[{"embeddable":true,"href":"https:\/\/www.rgequip.com\/index.php?rest_route=%2Fwp%2Fv2%2Fcomments&post=18649"}],"version-history":[{"count":1,"href":"https:\/\/www.rgequip.com\/index.php?rest_route=\/wp\/v2\/product\/18649\/revisions"}],"predecessor-version":[{"id":18699,"href":"https:\/\/www.rgequip.com\/index.php?rest_route=\/wp\/v2\/product\/18649\/revisions\/18699"}],"wp:featuredmedia":[{"embeddable":true,"href":"https:\/\/www.rgequip.com\/index.php?rest_route=\/wp\/v2\/media\/18650"}],"wp:attachment":[{"href":"https:\/\/www.rgequip.com\/index.php?rest_route=%2Fwp%2Fv2%2Fmedia&parent=18649"}],"wp:term":[{"taxonomy":"product_brand","embeddable":true,"href":"https:\/\/www.rgequip.com\/index.php?rest_route=%2Fwp%2Fv2%2Fproduct_brand&post=18649"},{"taxonomy":"product_cat","embeddable":true,"href":"https:\/\/www.rgequip.com\/index.php?rest_route=%2Fwp%2Fv2%2Fproduct_cat&post=18649"},{"taxonomy":"product_tag","embeddable":true,"href":"https:\/\/www.rgequip.com\/index.php?rest_route=%2Fwp%2Fv2%2Fproduct_tag&post=18649"}],"curies":[{"name":"wp","href":"https:\/\/api.w.org\/{rel}","templated":true}]}}