{"id":18576,"date":"2020-09-14T15:35:43","date_gmt":"2020-09-14T13:35:43","guid":{"rendered":"https:\/\/www.rgequip.com\/?post_type=product&#038;p=18576"},"modified":"2021-03-10T10:04:50","modified_gmt":"2021-03-10T09:04:50","slug":"table-de-buffet-ronde-polyethylene-blanche","status":"publish","type":"product","link":"https:\/\/www.rgequip.com\/?product=table-de-buffet-ronde-polyethylene-blanche","title":{"rendered":"Table De Buffet Ronde Poly\u00e9thyl\u00e8ne  Blanche"},"content":{"rendered":"<h2 class=\"product-description-header\">R\u00e9sum\u00e9<\/h2>\n<div class=\"product attribute description\">\n<div class=\"value\">Mobilier pliable facile \u00e0 stocker et \u00e0 transporter pour une utilisation \u00e0 l&#8217;int\u00e9rieur comme \u00e0 l&#8217;ext\u00e9rieur.<\/div>\n<div class=\"value\">En plus,Id\u00e9al pour des salons, manifestations, restauration ambulante ou traiteurs, location etc.<\/div>\n<div class=\"value\">Plateau de la table fait en poly\u00e9thyl\u00e8ne HDPE, support fait en m\u00e9tal avec une couche de peinture en poudre.<\/div>\n<div class=\"value\">Facile \u00e0 nettoyer et r\u00e9sistant aux salissures.<\/div>\n<\/div>\n","protected":false},"excerpt":{"rendered":"<p>R\u00e9sum\u00e9 Mobilier pliable facile \u00e0 stocker et \u00e0 transporter pour une utilisation \u00e0 l&#8217;int\u00e9rieur comme \u00e0 l&#8217;ext\u00e9rieur. En plus,Id\u00e9al pour<\/p>\n","protected":false},"featured_media":18578,"comment_status":"open","ping_status":"closed","template":"","meta":[],"product_brand":[],"product_cat":[406,369,314,373],"product_tag":[],"class_list":{"0":"post-18576","1":"product","2":"type-product","3":"status-publish","4":"has-post-thumbnail","6":"product_cat-autres-inox","7":"product_cat-boulangerie","8":"product_cat-cafe-bar","9":"product_cat-espaces-de-vente","11":"first","12":"instock","13":"shipping-taxable","14":"product-type-simple"},"_links":{"self":[{"href":"https:\/\/www.rgequip.com\/index.php?rest_route=\/wp\/v2\/product\/18576","targetHints":{"allow":["GET"]}}],"collection":[{"href":"https:\/\/www.rgequip.com\/index.php?rest_route=\/wp\/v2\/product"}],"about":[{"href":"https:\/\/www.rgequip.com\/index.php?rest_route=\/wp\/v2\/types\/product"}],"replies":[{"embeddable":true,"href":"https:\/\/www.rgequip.com\/index.php?rest_route=%2Fwp%2Fv2%2Fcomments&post=18576"}],"version-history":[{"count":0,"href":"https:\/\/www.rgequip.com\/index.php?rest_route=\/wp\/v2\/product\/18576\/revisions"}],"wp:featuredmedia":[{"embeddable":true,"href":"https:\/\/www.rgequip.com\/index.php?rest_route=\/wp\/v2\/media\/18578"}],"wp:attachment":[{"href":"https:\/\/www.rgequip.com\/index.php?rest_route=%2Fwp%2Fv2%2Fmedia&parent=18576"}],"wp:term":[{"taxonomy":"product_brand","embeddable":true,"href":"https:\/\/www.rgequip.com\/index.php?rest_route=%2Fwp%2Fv2%2Fproduct_brand&post=18576"},{"taxonomy":"product_cat","embeddable":true,"href":"https:\/\/www.rgequip.com\/index.php?rest_route=%2Fwp%2Fv2%2Fproduct_cat&post=18576"},{"taxonomy":"product_tag","embeddable":true,"href":"https:\/\/www.rgequip.com\/index.php?rest_route=%2Fwp%2Fv2%2Fproduct_tag&post=18576"}],"curies":[{"name":"wp","href":"https:\/\/api.w.org\/{rel}","templated":true}]}}