{"id":18440,"date":"2020-09-04T18:23:52","date_gmt":"2020-09-04T16:23:52","guid":{"rendered":"https:\/\/www.rgequip.com\/?post_type=product&#038;p=18440"},"modified":"2020-09-04T18:23:52","modified_gmt":"2020-09-04T16:23:52","slug":"thermometre-pour-refrigerateur","status":"publish","type":"product","link":"https:\/\/www.rgequip.com\/?product=thermometre-pour-refrigerateur","title":{"rendered":"THERMOM\u00c8TRE POUR R\u00c9FRIG\u00c9RATEUR"},"content":{"rendered":"<h2 class=\"product-description-header\">r\u00e9sum\u00e9<\/h2>\n<div class=\"product attribute description\">\n<div class=\"value\">Avec crochet. Plage de temp\u00e9ratures de -40 \u00b0C \u00e0 40 \u00b0C. Graduation 1\u00b0C.<\/div>\n<\/div>\n","protected":false},"excerpt":{"rendered":"<p>r\u00e9sum\u00e9 Avec crochet. Plage de temp\u00e9ratures de -40 \u00b0C \u00e0 40 \u00b0C. Graduation 1\u00b0C.<\/p>\n","protected":false},"featured_media":18441,"comment_status":"open","ping_status":"closed","template":"","meta":[],"product_brand":[],"product_cat":[337,341,358],"product_tag":[],"class_list":{"0":"post-18440","1":"product","2":"type-product","3":"status-publish","4":"has-post-thumbnail","6":"product_cat-preparation","7":"product_cat-poids-mesures","8":"product_cat-thermometres","10":"first","11":"instock","12":"shipping-taxable","13":"product-type-simple"},"_links":{"self":[{"href":"https:\/\/www.rgequip.com\/index.php?rest_route=\/wp\/v2\/product\/18440","targetHints":{"allow":["GET"]}}],"collection":[{"href":"https:\/\/www.rgequip.com\/index.php?rest_route=\/wp\/v2\/product"}],"about":[{"href":"https:\/\/www.rgequip.com\/index.php?rest_route=\/wp\/v2\/types\/product"}],"replies":[{"embeddable":true,"href":"https:\/\/www.rgequip.com\/index.php?rest_route=%2Fwp%2Fv2%2Fcomments&post=18440"}],"version-history":[{"count":0,"href":"https:\/\/www.rgequip.com\/index.php?rest_route=\/wp\/v2\/product\/18440\/revisions"}],"wp:featuredmedia":[{"embeddable":true,"href":"https:\/\/www.rgequip.com\/index.php?rest_route=\/wp\/v2\/media\/18441"}],"wp:attachment":[{"href":"https:\/\/www.rgequip.com\/index.php?rest_route=%2Fwp%2Fv2%2Fmedia&parent=18440"}],"wp:term":[{"taxonomy":"product_brand","embeddable":true,"href":"https:\/\/www.rgequip.com\/index.php?rest_route=%2Fwp%2Fv2%2Fproduct_brand&post=18440"},{"taxonomy":"product_cat","embeddable":true,"href":"https:\/\/www.rgequip.com\/index.php?rest_route=%2Fwp%2Fv2%2Fproduct_cat&post=18440"},{"taxonomy":"product_tag","embeddable":true,"href":"https:\/\/www.rgequip.com\/index.php?rest_route=%2Fwp%2Fv2%2Fproduct_tag&post=18440"}],"curies":[{"name":"wp","href":"https:\/\/api.w.org\/{rel}","templated":true}]}}