{"id":18303,"date":"2020-07-10T17:46:26","date_gmt":"2020-07-10T15:46:26","guid":{"rendered":"https:\/\/www.rgequip.com\/?post_type=product&#038;p=18303"},"modified":"2020-07-10T17:46:26","modified_gmt":"2020-07-10T15:46:26","slug":"panier-pour-assiettes","status":"publish","type":"product","link":"https:\/\/www.rgequip.com\/?product=panier-pour-assiettes","title":{"rendered":"Panier pour assi\u00e8ttes"},"content":{"rendered":"<p>Un panier pour assiettes, con\u00e7u pour le placement et le lavage ult\u00e9rieur des assiettes dans les lave-vaisselle.<\/p>\n<p>Les dimensions standard du panier (500 * 500) permet une utilisation dans la plupart des lave-vaisselle du march\u00e9.<\/p>\n","protected":false},"excerpt":{"rendered":"<p>Un panier pour assiettes, con\u00e7u pour le placement et le lavage ult\u00e9rieur des assiettes dans les lave-vaisselle. Les dimensions standard<\/p>\n","protected":false},"featured_media":18304,"comment_status":"open","ping_status":"closed","template":"","meta":[],"product_brand":[],"product_cat":[392,398,393],"product_tag":[],"class_list":{"0":"post-18303","1":"product","2":"type-product","3":"status-publish","4":"has-post-thumbnail","6":"product_cat-laverie-hygiene","7":"product_cat-casier-de-lavage","8":"product_cat-lavage","10":"first","11":"instock","12":"shipping-taxable","13":"product-type-simple"},"_links":{"self":[{"href":"https:\/\/www.rgequip.com\/index.php?rest_route=\/wp\/v2\/product\/18303","targetHints":{"allow":["GET"]}}],"collection":[{"href":"https:\/\/www.rgequip.com\/index.php?rest_route=\/wp\/v2\/product"}],"about":[{"href":"https:\/\/www.rgequip.com\/index.php?rest_route=\/wp\/v2\/types\/product"}],"replies":[{"embeddable":true,"href":"https:\/\/www.rgequip.com\/index.php?rest_route=%2Fwp%2Fv2%2Fcomments&post=18303"}],"version-history":[{"count":0,"href":"https:\/\/www.rgequip.com\/index.php?rest_route=\/wp\/v2\/product\/18303\/revisions"}],"wp:featuredmedia":[{"embeddable":true,"href":"https:\/\/www.rgequip.com\/index.php?rest_route=\/wp\/v2\/media\/18304"}],"wp:attachment":[{"href":"https:\/\/www.rgequip.com\/index.php?rest_route=%2Fwp%2Fv2%2Fmedia&parent=18303"}],"wp:term":[{"taxonomy":"product_brand","embeddable":true,"href":"https:\/\/www.rgequip.com\/index.php?rest_route=%2Fwp%2Fv2%2Fproduct_brand&post=18303"},{"taxonomy":"product_cat","embeddable":true,"href":"https:\/\/www.rgequip.com\/index.php?rest_route=%2Fwp%2Fv2%2Fproduct_cat&post=18303"},{"taxonomy":"product_tag","embeddable":true,"href":"https:\/\/www.rgequip.com\/index.php?rest_route=%2Fwp%2Fv2%2Fproduct_tag&post=18303"}],"curies":[{"name":"wp","href":"https:\/\/api.w.org\/{rel}","templated":true}]}}